000
CXUS56 KMTR 010836
CLMLVK
CLIMATE REPORT
NATIONAL WEATHER SERVICE SAN FRANCISCO BAY AREA
1236 AM PST FRI DEC 01 2023
...................................
...THE LIVERMORE AIRPORT CLIMATE SUMMARY FOR THE MONTH OF NOVEMBER 2023...
CLIMATE NORMAL PERIOD: 1991 TO 2020
CLIMATE RECORD PERIOD: 1930 TO 2023
WEATHER OBSERVED NORMAL DEPART LAST YEAR`S
VALUE DATE(S) VALUE FROM VALUE DATE(S)
NORMAL
................................................................
TEMPERATURE (F)
RECORD
HIGH 90 MM
LOW 26 11/29/2015
HIGHEST 83 11/03 75 11/25
11/04
LOWEST 30 11/27 30 11/30
AVG. MAXIMUM 69.4 65.6 3.8 63.4
AVG. MINIMUM 42.1 37.9
MEAN 55.8 53.8 2.0 50.7
DAYS MAX >= 90 0 0
DAYS MAX <= 32 0 0
DAYS MIN <= 32 2 2
DAYS MIN <= 0 0 0
PRECIPITATION (INCHES)
RECORD
MAXIMUM 1.83 2022
MINIMUM 0.33 2020
TOTALS 0.58 1.68 -1.10 1.83
DAILY AVG. 0.02 0.06
DAYS >= .01 6 7
DAYS >= .10 3 2
DAYS >= .50 0 1
DAYS >= 1.00 0 1
GREATEST
24 HR. TOTAL 0.22 11/05 TO 11/06 1.49 11/08 TO 11/09
DEGREE DAYS
HEATING TOTAL 274 338 -64 422
SINCE 7/1 368 459 -91 MM
COOLING TOTAL 3 1 2 0
SINCE 1/1 928 849 79 MM
................................................................
WIND (MPH)
AVERAGE WIND SPEED 4.1
RESULTANT WIND SPEED/DIRECTION 1/060
HIGHEST WIND SPEED/DIRECTION 22/260 DATE 11/18
HIGHEST GUST SPEED/DIRECTION 29/260 DATE 11/18
SKY COVER
POSSIBLE SUNSHINE (PERCENT) MM
AVERAGE SKY COVER 0.16
NUMBER OF DAYS FAIR 23
NUMBER OF DAYS PC 6
NUMBER OF DAYS CLOUDY 1
AVERAGE RH (PERCENT) 59
WEATHER CONDITIONS. NUMBER OF DAYS WITH
THUNDERSTORM 0 MIXED PRECIP 0
HEAVY RAIN 0 RAIN 2
LIGHT RAIN 6 FREEZING RAIN 0
LT FREEZING RAIN 0 HAIL 0
HEAVY SNOW 0 SNOW 0
LIGHT SNOW 0 SLEET 0
FOG 6 FOG W/VIS <= 1/4 MILE 1
HAZE 6
- INDICATES NEGATIVE NUMBERS.
R INDICATES RECORD WAS SET OR TIED.
MM INDICATES DATA IS MISSING.
T INDICATES TRACE AMOUNT.
$$