000
CXUS55 KBYZ 211152
CF6LVM
PRELIMINARY LOCAL CLIMATOLOGICAL DATA (WS FORM: F-6)
STATION: LIVINGSTON MT
MONTH: APRIL
YEAR: 2020
LATITUDE: 45 41 N
LONGITUDE: 110 26 W
TEMPERATURE IN F: :PCPN: SNOW: WIND :SUNSHINE: SKY :PK WND
================================================================================
1 2 3 4 5 6A 6B 7 8 9 10 11 12 13 14 15 16 17 18
12Z AVG MX 2MIN
DY MAX MIN AVG DEP HDD CDD WTR SNW DPTH SPD SPD DIR MIN PSBL S-S WX SPD DR
================================================================================
1 27 14 21 -19 44 0 0.04 M M 14.2 24 90 M M 10 128 30 80
2 30 10 20 -20 45 0 T M M 9.7 25 80 M M 8 8 30 80
3 41 9 25 -15 40 0 T M M 9.7 24 210 M M 3 31 250
4 50 28 39 -1 26 0 0.00 M M 11.6 25 210 M M 4 29 260
5 61 25 43 3 22 0 0.00 M M 12.3 26 210 M M 3 33 210
6 60 35 48 8 17 0 T M M 18.7 35 210 M M 4 42 210
7 65 45 55 14 10 0 0.00 M M 24.5 37 250 M M 2 48 250
8 60 20 40 -1 25 0 0.00 M M 11.2 25 70 M M 0 34 260
9 65 19 42 1 23 0 0.00 M M 5.1 14 310 M M 0 14 320
10 68 33 51 10 14 0 0.00 M M 15.4 26 250 M M 4 34 240
11 41 21 31 -10 34 0 0.11 M M 17.3 30 80 M M 10 128 37 90
12 27 8 18 -23 47 0 0.01 M M 8.5 18 310 M M 7 18 23 50
13 30 4 17 -25 48 0 T M M 11.0 22 350 M M 6 30 310
14 43 20 32 -10 33 0 0.00 M M 19.9 30 220 M M 9 36 220
15 36 24 30 -12 35 0 0.15 M M 11.5 23 250 M M 9 12 26 250
16 37 15 26 -16 39 0 0.01 M M 9.0 24 240 M M 4 18 31 240
17 59 29 44 2 21 0 0.00 M M 26.1 38 210 M M 0 53 250
18 57 37 47 5 18 0 T M M 15.1 33 200 M M 5 44 210
19 59 34 47 4 18 0 T M M 10.9 26 260 M M 7 35 240
20 64 33 49 6 16 0 0.00 M M 11.9 23 260 M M 1 31 240
21 68 33 51 8 14 0 0.00 M M 15.9 33 250 M M 1 39 260
22 65 38 52 9 13 0 T M M 17.8 33 270 M M 2 41 270
23 55 37 46 2 19 0 0.18 M M 12.3 43 290 M M 8 13 49 290
24 61 32 47 3 18 0 0.00 M M 12.4 25 270 M M 6 33 250
25 67 27 47 3 18 0 0.00 M M 14.7 38 210 M M 3 44 210
26 68 35 52 8 13 0 0.00 M M 15.8 32 260 M M 2 40 270
27 63 31 47 2 18 0 T M M 14.3 32 260 M M 6 37 260
28 66 43 55 10 10 0 0.00 M M 18.6 33 260 M M 2 44 250
29 81 37 59 14 6 0 0.00 M M 10.7 21 210 M M 1 26 250
30 70 47 59 13 6 0 0.14 M M 16.0 40 200 M M 6 1 50 210
================================================================================
SM 1644 823 710 0 0.64 M 422.1 M 133
================================================================================
AV 54.8 27.4 14.1 FASTST M M 4 MAX(MPH)
MISC ----> 43 290 53 250
================================================================================
NOTES:
# LAST OF SEVERAL OCCURRENCES
COLUMN 17 PEAK WIND IN M.P.H.
PRELIMINARY LOCAL CLIMATOLOGICAL DATA (WS FORM: F-6) , PAGE 2
STATION: LIVINGSTON MT
MONTH: APRIL
YEAR: 2020
LATITUDE: 45 41 N
LONGITUDE: 110 26 W
[TEMPERATURE DATA] [PRECIPITATION DATA] SYMBOLS USED IN COLUMN 16
AVERAGE MONTHLY: 41.1 TOTAL FOR MONTH: 0.64 1 = FOG OR MIST
DPTR FM NORMAL: -1.1 DPTR FM NORMAL: -1.07 2 = FOG REDUCING VISIBILITY
HIGHEST: 81 ON 29 GRTST 24HR 0.18 ON 23-23 TO 1/4 MILE OR LESS
LOWEST: 4 ON 13 3 = THUNDER
SNOW, ICE PELLETS, HAIL 4 = ICE PELLETS
TOTAL MONTH: M 5 = HAIL
GRTST 24HR M ON M 6 = FREEZING RAIN OR DRIZZLE
GRTST DEPTH: M ON M 7 = DUSTSTORM OR SANDSTORM:
VSBY 1/2 MILE OR LESS
8 = SMOKE OR HAZE
[NO. OF DAYS WITH] [WEATHER - DAYS WITH] 9 = BLOWING SNOW
X = TORNADO
MAX 32 OR BELOW: 4 0.01 INCH OR MORE: 7
MAX 90 OR ABOVE: 0 0.10 INCH OR MORE: 4
MIN 32 OR BELOW: 17 0.50 INCH OR MORE: 0
MIN 0 OR BELOW: 0 1.00 INCH OR MORE: 0
[HDD (BASE 65) ]
TOTAL THIS MO. 710 CLEAR (SCALE 0-3) 13
DPTR FM NORMAL 26 PTCLDY (SCALE 4-7) 13
TOTAL FM JUL 1 6690 CLOUDY (SCALE 8-10) 4
DPTR FM NORMAL -58
[CDD (BASE 65) ]
TOTAL THIS MO. 0
DPTR FM NORMAL 0 [PRESSURE DATA]
TOTAL FM JAN 1 0 HIGHEST SLP M ON M
DPTR FM NORMAL 0 LOWEST SLP 29.56 ON 6
[REMARKS]
#FINAL-04-20#