000
CXUS53 KTOP 011425
CF6LWC
PRELIMINARY LOCAL CLIMATOLOGICAL DATA (WS FORM: F-6)
STATION: LAWRENCE KS
MONTH: AUGUST
YEAR: 2021
LATITUDE: 39 0 N
LONGITUDE: 95 13 W
TEMPERATURE IN F: :PCPN: SNOW: WIND :SUNSHINE: SKY :PK WND
================================================================================
1 2 3 4 5 6A 6B 7 8 9 10 11 12 13 14 15 16 17 18
12Z AVG MX 2MIN
DY MAX MIN AVG DEP HDD CDD WTR SNW DPTH SPD SPD DIR MIN PSBL S-S WX SPD DR
================================================================================
1 85 64 75 -4 0 10 0.00 M M 7.7 20 330 M M 1 18 24 320
2 85 59 72 -7 0 7 0.00 M M 4.5 12 360 M M 2 18 15 360
3 84 54 69 -10 0 4 0.00 M M 2.9 9 70 M M 1 18 16 10
4 85 56 71 -8 0 6 0.00 M M 4.7 12 160 M M 1 18 17 170
5 85 68 77 -2 0 12 0.04 M M 7.3 14 190 M M 2 138 23 200
6 93 66 80 1 0 15 0.00 M M 7.7 14 180 M M 0 1 19 170
7 97 70 84 5 0 19 0.02 M M 10.7 31 290 M M 0 138 42 300
8 88 67 78 -1 0 13 0.31 M M 7.7 18 200 M M 4 13 27 190
9 96 77 87 8 0 22 0.00 M M 7.5 17 200 M M 0 22 200
10 93 75 84 5 0 19 0.83 M M 8.1 25 200 M M 2 123 40 200
11 96 78 87 8 0 22 0.00 M M 10.9 21 220 M M 0 28 230
12 98 70 84 6 0 19 2.20 M M 8.1 30 90 M M 3 138 42 100
13 96 67 82 4 0 17 4.12 M M M M M M M M 13 M M
14 87 62 75 -3 0 10 0.00 M M 2.5 10 100 M M 1 1 14 90
15 86 62 74 -4 0 9 0.00 M M 4.5 13 140 M M 1 17 150
16 88 64 76 -2 0 11 0.00 M M 4.8 12 140 M M 2 1 17 160
17 90 65 78 0 0 13 0.01 M M 5.2 22 160 M M 0 12 30 150
18 89 67 78 0 0 13 0.00 M M 6.8 13 150 M M 1 18 18 170
19 90 70 80 3 0 15 0.00 M M 7.1 16 150 M M 3 1 23 130
20 89 70 80 3 0 15 0.52 M M 10.0 24 270 M M 5 13 37 280
21 85 64 75 -2 0 10 0.01 M M 6.4 15 350 M M 1 13 19 350
22 89 63 76 -1 0 11 0.00 M M 6.5 15 140 M M 0 20 130
23 96 75 86 10 0 21 0.00 M M 7.2 16 170 M M 0 23 150
24 96 75 86 10 0 21 0.00 M M 9.1 21 160 M M 0 30 160
25 93 77 85 9 0 20 0.00 M M 8.5 16 130 M M 0 23 340
26 96 75 86 10 0 21 0.00 M M 6.4 15 170 M M 0 1 20 200
27 94 73 84 9 0 19 0.00 M M 8.1 23 210 M M 0 1 37 190
28 92 72 82 7 0 17 0.00 M M 8.8 18 160 M M 1 26 190
29 87 70 79 4 0 14 0.00 M M 5.3 20 170 M M 3 3 24 170
30 92 68 80 6 0 15 0.00 M M 3.5 10 140 M M 1 138 13 130
31 85 65 75 1 0 10 0.54 M M 5.2 33 340 M M 4 123 42 340
================================================================================
SM 2805 2108 0 450 8.60 M 203.7 M 39
================================================================================
AV 90.5 68.0 6.8 FASTST M M 1 MAX(MPH)
MISC ----> 33 340 # 42 300
================================================================================
NOTES:
# LAST OF SEVERAL OCCURRENCES
COLUMN 17 PEAK WIND IN M.P.H.
PRELIMINARY LOCAL CLIMATOLOGICAL DATA (WS FORM: F-6) , PAGE 2
STATION: LAWRENCE KS
MONTH: AUGUST
YEAR: 2021
LATITUDE: 39 0 N
LONGITUDE: 95 13 W
[TEMPERATURE DATA] [PRECIPITATION DATA] SYMBOLS USED IN COLUMN 16
AVERAGE MONTHLY: 79.2 TOTAL FOR MONTH: 8.60 1 = FOG OR MIST
DPTR FM NORMAL: 1.7 DPTR FM NORMAL: 4.55 2 = FOG REDUCING VISIBILITY
HIGHEST: 98 ON 12 GRTST 24HR 4.12 ON 13-13 TO 1/4 MILE OR LESS
LOWEST: 54 ON 3 3 = THUNDER
SNOW, ICE PELLETS, HAIL 4 = ICE PELLETS
TOTAL MONTH: M 5 = HAIL
GRTST 24HR M ON M 6 = FREEZING RAIN OR DRIZZLE
GRTST DEPTH: M ON M 7 = DUSTSTORM OR SANDSTORM:
VSBY 1/2 MILE OR LESS
8 = SMOKE OR HAZE
[NO. OF DAYS WITH] [WEATHER - DAYS WITH] 9 = BLOWING SNOW
X = TORNADO
MAX 32 OR BELOW: 0 0.01 INCH OR MORE: 10
MAX 90 OR ABOVE: 16 0.10 INCH OR MORE: 6
MIN 32 OR BELOW: 0 0.50 INCH OR MORE: 5
MIN 0 OR BELOW: 0 1.00 INCH OR MORE: 2
[HDD (BASE 65) ]
TOTAL THIS MO. 0 CLEAR (SCALE 0-3) 25
DPTR FM NORMAL -2 PTCLDY (SCALE 4-7) 5
TOTAL FM JUL 1 0 CLOUDY (SCALE 8-10) 1
DPTR FM NORMAL 0
[CDD (BASE 65) ]
TOTAL THIS MO. 450
DPTR FM NORMAL 61 [PRESSURE DATA]
TOTAL FM JAN 1 1354 HIGHEST SLP M ON M
DPTR FM NORMAL 88 LOWEST SLP 29.66 ON 20
[REMARKS]
TEMPERATURE AND PRECIPTATION DATA FOR SEPTEMBER 13 FROM
KUSK1 DUE TO ASOS OUTAGE
#FINAL-08-21#