000
CXUS53 KDMX 020240
CF6LWD
PRELIMINARY LOCAL CLIMATOLOGICAL DATA (WS FORM: F-6)
STATION: LAMONI IA
MONTH: FEBRUARY
YEAR: 2024
LATITUDE: 40 37 N
LONGITUDE: 93 56 W
TEMPERATURE IN F: :PCPN: SNOW: WIND :SUNSHINE: SKY :PK WND
================================================================================
1 2 3 4 5 6A 6B 7 8 9 10 11 12 13 14 15 16 17 18
12Z AVG MX 2MIN
DY MAX MIN AVG DEP HDD CDD WTR SNW DPTH SPD SPD DIR MIN PSBL S-S WX SPD DR
================================================================================
1 58 39 49 24 16 0 0.00 0.0 M 6.6 13 190 M M 2 17 200
2 43 36 40 15 25 0 0.00 0.0 M 9.0 15 90 M M 6 12 23 80
3 53 36 45 20 20 0 0.00 0.0 M 9.8 14 80 M M 7 1 23 80
4 49 30 40 14 25 0 0.00 0.0 M 10.3 20 30 M M 4 18 26 60
5 58 25 42 16 23 0 0.00 0.0 M 5.0 9 30 M M 0 14 20
6 56 25 41 15 24 0 0.00 0.0 M 6.2 15 200 M M 0 20 180
7 57 42 50 24 15 0 0.00 0.0 M 11.7 21 170 M M 0 31 170
8 64 41 53 26 12 0 0.00 0.0 M 18.0 37 210 M M 1 49 200
9 52 31 42 15 23 0 0.00 0.0 M 8.1 14 350 M M 0 21 330
10 45 27 36 9 29 0 0.00 0.0 M 8.8 18 10 M M 0 25 20
11 43 24 34 7 31 0 0.00 0.0 M 5.8 13 360 M M 1 20 30
12 50 21 36 8 29 0 0.00 0.0 M 6.5 17 340 M M 0 22 350
13 54 32 43 15 22 0 0.00 0.0 M 4.6 9 30 M M 6 14 30
14 58 31 45 17 20 0 0.06 0.0 M 8.9 20 130 M M 2 28 150
15 48 27 38 9 27 0 0.00 0.0 M 12.5 25 340 M M 4 34 360
16 32 16 24 -5 41 0 0.15 M M 13.6 23 320 M M 9 18 30 330
17 32 7 20 -9 45 0 T M M 13.4 22 260 M M 1 29 220
18 50 23 37 7 28 0 0.00 0.0 M 9.0 16 250 M M 0 23 240
19 56 27 42 12 23 0 0.00 0.0 M 9.3 21 210 M M 0 28 200
20 63 31 47 17 18 0 0.00 0.0 M 8.1 16 200 M M 0 21 200
21 70 39 55 24 10 0 0.00 0.0 M 8.1 14 50 M M 1 19 50
22 66 40 53 22 12 0 0.00 0.0 M 11.2 18 320 M M 2 26 320
23 58 30 44 12 21 0 0.00 0.0 M 14.0 32 300 M M 1 40 310
24 52 21 37 5 28 0 0.00 0.0 M 9.1 20 200 M M 0 27 190
25 72 35 54 22 11 0 0.00 0.0 M 8.1 16 270 M M 0 22 250
26 75 40 58 25 7 0 0.00 0.0 M 11.2 23 200 M M 0 34 190
27 74 18 46 13 19 0 T M M 15.8 32 320 M M 2 46 310
28 33 9 21 -13 44 0 0.00 0.0 M 14.7 29 320 M M 1 42 330
29 55 21 38 4 27 0 0.00 0.0 M 13.3 26 190 M M 0 41 190
================================================================================
SM 1576 824 675 0 0.21 0.0 290.7 M 50
================================================================================
AV 54.3 28.4 10.0 FASTST M M 2 MAX(MPH)
MISC ----> 37 210 49 200
================================================================================
NOTES:
# LAST OF SEVERAL OCCURRENCES
COLUMN 17 PEAK WIND IN M.P.H.
PRELIMINARY LOCAL CLIMATOLOGICAL DATA (WS FORM: F-6) , PAGE 2
STATION: LAMONI IA
MONTH: FEBRUARY
YEAR: 2024
LATITUDE: 40 37 N
LONGITUDE: 93 56 W
[TEMPERATURE DATA] [PRECIPITATION DATA] SYMBOLS USED IN COLUMN 16
AVERAGE MONTHLY: 41.4 TOTAL FOR MONTH: 0.21 1 = FOG OR MIST
DPTR FM NORMAL: 12.6 DPTR FM NORMAL: -1.14 2 = FOG REDUCING VISIBILITY
HIGHEST: 75 ON 26 GRTST 24HR 0.15 ON 16-16 TO 1/4 MILE OR LESS
LOWEST: 7 ON 17 3 = THUNDER
SNOW, ICE PELLETS, HAIL 4 = ICE PELLETS
TOTAL MONTH: 0.0 INCH 5 = HAIL
GRTST 24HR 0.0 6 = FREEZING RAIN OR DRIZZLE
GRTST DEPTH: M ON M 7 = DUSTSTORM OR SANDSTORM:
VSBY 1/2 MILE OR LESS
8 = SMOKE OR HAZE
[NO. OF DAYS WITH] [WEATHER - DAYS WITH] 9 = BLOWING SNOW
X = TORNADO
MAX 32 OR BELOW: 2 0.01 INCH OR MORE: 2
MAX 90 OR ABOVE: 0 0.10 INCH OR MORE: 1
MIN 32 OR BELOW: 20 0.50 INCH OR MORE: 0
MIN 0 OR BELOW: 0 1.00 INCH OR MORE: 0
[HDD (BASE 65) ]
TOTAL THIS MO. 675 CLEAR (SCALE 0-3) 23
DPTR FM NORMAL -337 PTCLDY (SCALE 4-7) 5
TOTAL FM JUL 1 3821 CLOUDY (SCALE 8-10) 1
DPTR FM NORMAL -819
[CDD (BASE 65) ]
TOTAL THIS MO. 0
DPTR FM NORMAL 0 [PRESSURE DATA]
TOTAL FM JAN 1 0 HIGHEST SLP 30.41 ON 17
DPTR FM NORMAL 0 LOWEST SLP 29.27 ON 27
[REMARKS]
#FINAL-02-24#