000
CXUS54 KLZK 071934
CF6LZK
PRELIMINARY LOCAL CLIMATOLOGICAL DATA (WS FORM: F-6)
STATION: NORTH LITTLE ROCK
MONTH: MARCH
YEAR: 2022
LATITUDE: 34 50 N
LONGITUDE: 92 16 W
TEMPERATURE IN F: :PCPN: SNOW: WIND :SUNSHINE: SKY :PK WND
================================================================================
1 2 3 4 5 6A 6B 7 8 9 10 11 12 13 14 15 16 17 18
12Z AVG MX 2MIN
DY MAX MIN AVG DEP HDD CDD WTR SNW DPTH SPD SPD DIR MIN PSBL S-S WX SPD DR
================================================================================
1 74 39 57 9 8 0 0.00 0.0 0 7.0 10 250 M M 0 18 210
2 77 46 62 13 3 0 0.00 0.0 0 7.7 12 210 M M 1 16 220
3 79 50 65 16 0 0 0.00 0.0 0 5.1 10 170 M M 3 13 140
4 75 44 60 11 5 0 0.00 0.0 0 6.3 10 150 M M 2 16 170
5 72 59 66 16 0 1 0.00 0.0 0 11.3 16 180 M M 10 28 180
6 78 67 73 23 0 8 0.02 0.0 0 13.9 21 190 M M 0 31 190
7 73 34 54 4 11 0 0.02 0.0 0 13.0 25 310 M M 6 35 310
8 46 29 38 -12 27 0 0.14 T 0 8.2 21 60 M M 3 14 29 60
9 56 34 45 -6 20 0 T 0.0 0 5.4 10 80 M M 3 14 99
10 61 35 48 -3 17 0 0.00 0.0 0 5.8 10 110 M M 1 15 110
11 48 27 38 -14 27 0 0.36 4.3 0 12.0 22 360 M M 8 124 31 350
12 42 24 33 -19 32 0 0.00 0.0 3 8.7 13 310 M M 2 20 350
13 62 31 47 -5 18 0 0.00 0.0 0 13.9 20 210 M M 2 31 230
14 54 41 48 -4 17 0 0.07 0.0 0 9.6 15 150 M M 8 1 21 170
15 54 48 51 -2 14 0 0.45 0.0 0 6.8 12 80 M M 9 17 70
16 73 48 61 8 4 0 0.00 0.0 0 7.0 12 320 M M 4 17 320
17 74 51 63 10 2 0 0.24 0.0 0 9.0 16 130 M M 3 3 24 130
18 61 45 53 -1 12 0 0.02 0.0 0 14.0 23 230 M M 10 37 240
19 68 39 54 0 11 0 0.00 0.0 0 8.7 16 320 M M 2 25 310
20 76 48 62 8 3 0 0.00 0.0 0 7.7 17 220 M M 3 17 220
21 69 52 61 7 4 0 0.28 0.0 0 10.2 23 150 M M 6 3 30 170
22 57 45 51 -4 14 0 3.04 0.0 0 9.8 29 200 M M 10 3 41 200
23 55 36 46 -9 19 0 T 0.0 0 11.1 16 270 M M 7 25 260
24 55 34 45 -11 20 0 0.00 0.0 0 6.7 13 280 M M 7 20 280
25 67 40 54 -2 11 0 0.00 0.0 0 7.5 13 320 M M 3 21 330
26 71 42 57 1 8 0 0.00 0.0 0 5.7 10 70 M M 3 16 360
27 61 45 53 -3 12 0 0.00 0.0 0 9.8 16 80 M M 5 18 40
28 65 40 53 -4 12 0 0.00 0.0 0 10.1 13 110 M M 4 20 130
29 74 51 63 6 2 0 0.00 0.0 0 9.4 21 190 M M 7 29 170
30 68 52 60 3 5 0 1.48 0.0 0 14.5 21 160 M M 9 35 200
31 54 37 46 -12 19 0 0.00 0.0 0 10.8 20 300 M M 5 29 300
================================================================================
SM 1999 1313 357 9 6.12 4.3 286.5 M 146
================================================================================
AV 64.5 42.4 9.2 FASTST M M 5 MAX(MPH)
MISC ----> 29 200 41 200
================================================================================
NOTES:
# LAST OF SEVERAL OCCURRENCES
COLUMN 17 PEAK WIND IN M.P.H.
PRELIMINARY LOCAL CLIMATOLOGICAL DATA (WS FORM: F-6) , PAGE 2
STATION: NORTH LITTLE ROCK
MONTH: MARCH
YEAR: 2022
LATITUDE: 34 50 N
LONGITUDE: 92 16 W
[TEMPERATURE DATA] [PRECIPITATION DATA] SYMBOLS USED IN COLUMN 16
AVERAGE MONTHLY: 53.4 TOTAL FOR MONTH: 6.12 1 = FOG OR MIST
DPTR FM NORMAL: 0.4 DPTR FM NORMAL: 0.99 2 = FOG REDUCING VISIBILITY
HIGHEST: 79 ON 3 GRTST 24HR 3.04 ON 22-22 TO 1/4 MILE OR LESS
LOWEST: 24 ON 12 3 = THUNDER
SNOW, ICE PELLETS, HAIL 4 = ICE PELLETS
TOTAL MONTH: 4.3 INCHES 5 = HAIL
GRTST 24HR 4.3 ON 11-11 6 = FREEZING RAIN OR DRIZZLE
GRTST DEPTH: 3 ON 12 7 = DUSTSTORM OR SANDSTORM:
VSBY 1/2 MILE OR LESS
8 = SMOKE OR HAZE
[NO. OF DAYS WITH] [WEATHER - DAYS WITH] 9 = BLOWING SNOW
X = TORNADO
MAX 32 OR BELOW: 0 0.01 INCH OR MORE: 11
MAX 90 OR ABOVE: 0 0.10 INCH OR MORE: 7
MIN 32 OR BELOW: 4 0.50 INCH OR MORE: 2
MIN 0 OR BELOW: 0 1.00 INCH OR MORE: 2
[HDD (BASE 65) ]
TOTAL THIS MO. 357 CLEAR (SCALE 0-3) 13
DPTR FM NORMAL -28 PTCLDY (SCALE 4-7) 12
TOTAL FM JUL 1 2594 CLOUDY (SCALE 8-10) 6
DPTR FM NORMAL -365
[CDD (BASE 65) ]
TOTAL THIS MO. 9
DPTR FM NORMAL -4 [PRESSURE DATA]
TOTAL FM JAN 1 9 HIGHEST SLP M ON M
DPTR FM NORMAL -5 LOWEST SLP 29.30 ON 30
[REMARKS]
#FINAL-03-22#