000
CXUS54 KLZK 011130
CF6M19
PRELIMINARY LOCAL CLIMATOLOGICAL DATA (WS FORM: F-6)
STATION: NEWPORT AIRPORT
MONTH: JULY
YEAR: 2021
LATITUDE: 35 35 N
LONGITUDE: 91 16 W
TEMPERATURE IN F: :PCPN: SNOW: WIND :SUNSHINE: SKY :PK WND
================================================================================
1 2 3 4 5 6A 6B 7 8 9 10 11 12 13 14 15 16 17 18
12Z AVG MX 2MIN
DY MAX MIN AVG DEP HDD CDD WTR SNW DPTH SPD SPD DIR MIN PSBL S-S WX SPD DR
================================================================================
1 89 73 81 0 0 16 0.44 M M 7.8 15 360 M M 6 13 M M
2 84 63 74 -7 0 9 T M M 13.0 24 40 M M 2 1 30 40
3 82 60 71 -10 0 6 T M M 7.9 13 20 M M 0 8 M M
4 86 60 73 -8 0 8 0.00 M M 4.1 9 50 M M 0 M M
5 88 66 77 -4 0 12 0.00 M M 5.1 10 70 M M 2 1 M M
6 92 69 81 0 0 16 0.00 M M 5.2 14 60 M M 2 1 M M
7 93 70 82 1 0 17 0.00 M M 4.4 8 290 M M 2 1 M M
8 97 74 86 5 0 21 0.00 M M 7.2 14 220 M M 4 20 220
9 92 72 82 1 0 17 0.59 M M 8.7 33 210 M M 3 138 44 200
10 90 68 79 -2 0 14 0.07 M M 10.4 23 360 M M 4 138 36 10
11 81 68 75 -6 0 10 0.19 M M 10.7 18 250 M M 5 1 M M
12 86 70 78 -3 0 13 0.00 M M 6.1 12 260 M M 4 M M
13 90 69 80 -1 0 15 0.00 M M 4.9 12 260 M M 3 1 M M
14 93 70 82 1 0 17 0.00 M M 7.7 14 180 M M 2 18 21 99
15 93 73 83 2 0 18 0.00 M M 12.0 17 180 M M 0 8 22 200
16 89 72 81 0 0 16 0.00 M M 11.4 23 230 M M 4 27 250
17 85 70 78 -3 0 13 0.00 M M 6.6 15 200 M M 4 1 M M
18 86 72 79 -2 0 14 1.84 M M 5.5 17 340 M M 6 13 22 340
19 84 71 78 -3 0 13 0.02 M M 9.0 15 40 M M 8 30 50
20 85 69 77 -4 0 12 0.00 M M 10.8 17 20 M M 2 22 20
21 87 68 78 -3 0 13 0.00 M M 7.8 12 50 M M 1 1 M M
22 91 71 81 0 0 16 0.00 M M 4.7 10 110 M M 4 18 M M
23 92 73 83 2 0 18 0.01 M M 3.8 10 220 M M 2 18 M M
24 95 74 85 4 0 20 0.00 M M 4.9 16 220 M M 1 1 M M
25 96 76 86 5 0 21 0.00 M M 4.8 13 240 M M 1 18 290
26 95 75 85 4 0 20 0.00 M M 4.4 9 70 M M 1 M M
27 96 76 86 5 0 21 0.00 M M 4.9 12 50 M M 1 1 M M
28 95 74 85 4 0 20 0.00 M M 4.8 8 60 M M 0 1 M M
29 96 74 85 4 0 20 0.00 M M 4.2 10 200 M M 1 8 M M
30 98 76 87 6 0 22 0.00 M M 5.1 10 280 M M 0 M M
31 99 72 86 5 0 21 M M M 7.0 13 290 M M 0 18 300
================================================================================
SM 2805 2188 0 489 3.16 M 214.8 M 75
================================================================================
AV 90.5 70.6 6.9 FASTST M M 2 MAX(MPH)
MISC ----> 33 210 44 200
================================================================================
NOTES:
# LAST OF SEVERAL OCCURRENCES
COLUMN 17 PEAK WIND IN M.P.H.
PRELIMINARY LOCAL CLIMATOLOGICAL DATA (WS FORM: F-6) , PAGE 2
STATION: NEWPORT AIRPORT
MONTH: JULY
YEAR: 2021
LATITUDE: 35 35 N
LONGITUDE: 91 16 W
[TEMPERATURE DATA] [PRECIPITATION DATA] SYMBOLS USED IN COLUMN 16
AVERAGE MONTHLY: 80.5 TOTAL FOR MONTH: 3.16 1 = FOG OR MIST
DPTR FM NORMAL: -0.7 DPTR FM NORMAL: -0.72 2 = FOG REDUCING VISIBILITY
HIGHEST: 99 ON 31 GRTST 24HR 1.84 ON 18-18 TO 1/4 MILE OR LESS
LOWEST: 60 ON 3, 4 3 = THUNDER
SNOW, ICE PELLETS, HAIL 4 = ICE PELLETS
TOTAL MONTH: M 5 = HAIL
GRTST 24HR M ON M 6 = FREEZING RAIN OR DRIZZLE
GRTST DEPTH: M ON M 7 = DUSTSTORM OR SANDSTORM:
VSBY 1/2 MILE OR LESS
8 = SMOKE OR HAZE
[NO. OF DAYS WITH] [WEATHER - DAYS WITH] 9 = BLOWING SNOW
X = TORNADO
MAX 32 OR BELOW: 0 0.01 INCH OR MORE: 7
MAX 90 OR ABOVE: 18 0.10 INCH OR MORE: 4
MIN 32 OR BELOW: 0 0.50 INCH OR MORE: 2
MIN 0 OR BELOW: 0 1.00 INCH OR MORE: 1
[HDD (BASE 65) ]
TOTAL THIS MO. 0 CLEAR (SCALE 0-3) 20
DPTR FM NORMAL 0 PTCLDY (SCALE 4-7) 11
TOTAL FM JUL 1 0 CLOUDY (SCALE 8-10) 0
DPTR FM NORMAL 0
[CDD (BASE 65) ]
TOTAL THIS MO. 489
DPTR FM NORMAL -12 [PRESSURE DATA]
TOTAL FM JAN 1 1043 HIGHEST SLP M ON M
DPTR FM NORMAL -67 LOWEST SLP M ON M
[REMARKS]
#FINAL-07-21#