841
CXUS54 KLZK 011230
CF6M19
PRELIMINARY LOCAL CLIMATOLOGICAL DATA (WS FORM: F-6)
STATION: NEWPORT AIRPORT
MONTH: DECEMBER
YEAR: 2020
LATITUDE: 35 35 N
LONGITUDE: 91 16 W
TEMPERATURE IN F: :PCPN: SNOW: WIND :SUNSHINE: SKY :PK WND
================================================================================
1 2 3 4 5 6A 6B 7 8 9 10 11 12 13 14 15 16 17 18
12Z AVG MX 2MIN
DY MAX MIN AVG DEP HDD CDD WTR SNW DPTH SPD SPD DIR MIN PSBL S-S WX SPD DR
================================================================================
1 48 22 35 -9 30 0 T M M 4.4 8 160 M M 0 M M
2 52 27 40 -4 25 0 0.00 M M 6.0 13 120 M M 1 M M
3 43 39 41 -2 24 0 0.06 M M 4.4 8 40 M M 10 M M
4 53 37 45 2 20 0 0.00 M M 8.5 15 290 M M 5 18 280
5 61 30 46 3 19 0 0.00 M M 5.8 10 180 M M 0 M M
6 56 35 46 4 19 0 0.00 M M 6.4 13 10 M M 0 M M
7 52 31 42 0 23 0 0.00 M M 5.4 10 350 M M 1 M M
8 56 28 42 0 23 0 T M M 4.0 7 180 M M 0 128 M M
9 68 33 51 10 14 0 0.00 M M 7.9 12 190 M M 0 M M
10 72 36 54 13 11 0 0.00 0.0 0 8.3 13 170 M M 0 M M
11 64 43 54 13 11 0 0.42 M M 12.0 20 190 M M 6 1 22 160
12 58 41 50 10 15 0 0.07 M M 9.8 16 240 M M 8 1 M M
13 42 33 38 -2 27 0 1.05 M M 10.7 17 30 M M 8 1 M M
14 41 28 35 -5 30 0 0.02 M M 9.4 20 340 M M 5 1 23 340
15 33 26 30 -10 35 0 T T M 6.8 16 70 M M 7 M M
16 38 28 33 -6 32 0 0.00 M M 8.7 15 310 M M 9 M M
17 40 24 32 -7 33 0 0.00 M M 5.6 9 140 M M 1 1 M M
18 51 27 39 0 26 0 0.00 M M 9.0 15 170 M M 0 1 22 170
19 44 40 42 3 23 0 0.06 M M 7.5 14 170 M M 10 12 M M
20 43 38 41 2 24 0 0.01 M M 5.9 13 210 M M 9 12 M M
21 69 33 51 13 14 0 T M M 7.9 15 240 M M 3 12 22 240
22 60 32 46 8 19 0 T M M 6.1 13 140 M M 0 8 M M
23 59 33 46 8 19 0 0.24 M M 16.5 26 320 M M 7 1 37 320
24 37 25 31 -7 34 0 M M M 15.0 26 310 M M 0 35 290
25 36 18 27 -11 38 0 M M M 9.4 14 330 M M 0 17 290
26 54 25 40 2 25 0 M M M 11.7 16 190 M M 0 M M
27 60 35 48 10 17 0 M M M 13.4 29 200 M M 4 33 200
28 50 34 42 5 23 0 M M M 8.3 15 20 M M 0 M M
29 42 31 37 0 28 0 T M M 8.8 14 70 M M 7 1 M M
30 55 35 45 8 20 0 1.12 M M 13.5 22 30 M M 10 1 31 340
31 39 34 37 0 28 0 0.42 M M 16.2 22 30 M M 10 1 M M
================================================================================
SM 1576 981 729 0 3.47 T 273.2 M 121
================================================================================
AV 50.8 31.6 8.8 FASTST M M 4 MAX(MPH)
MISC ----> 29 200 37 320
================================================================================
NOTES:
# LAST OF SEVERAL OCCURRENCES
COLUMN 17 PEAK WIND IN M.P.H.
PRELIMINARY LOCAL CLIMATOLOGICAL DATA (WS FORM: F-6) , PAGE 2
STATION: NEWPORT AIRPORT
MONTH: DECEMBER
YEAR: 2020
LATITUDE: 35 35 N
LONGITUDE: 91 16 W
[TEMPERATURE DATA] [PRECIPITATION DATA] SYMBOLS USED IN COLUMN 16
AVERAGE MONTHLY: 41.2 TOTAL FOR MONTH: 3.47 1 = FOG OR MIST
DPTR FM NORMAL: 1.4 DPTR FM NORMAL: -1.74 2 = FOG REDUCING VISIBILITY
HIGHEST: 72 ON 10 GRTST 24HR 1.12 ON 30-30 TO 1/4 MILE OR LESS
LOWEST: 18 ON 25 3 = THUNDER
SNOW, ICE PELLETS, HAIL 4 = ICE PELLETS
TOTAL MONTH: T 5 = HAIL
GRTST 24HR T ON 15-15 6 = FREEZING RAIN OR DRIZZLE
GRTST DEPTH: 0 7 = DUSTSTORM OR SANDSTORM:
VSBY 1/2 MILE OR LESS
8 = SMOKE OR HAZE
[NO. OF DAYS WITH] [WEATHER - DAYS WITH] 9 = BLOWING SNOW
X = TORNADO
MAX 32 OR BELOW: 0 0.01 INCH OR MORE: 10
MAX 90 OR ABOVE: 0 0.10 INCH OR MORE: 5
MIN 32 OR BELOW: 15 0.50 INCH OR MORE: 2
MIN 0 OR BELOW: 0 1.00 INCH OR MORE: 2
[HDD (BASE 65) ]
TOTAL THIS MO. 729 CLEAR (SCALE 0-3) 16
DPTR FM NORMAL -52 PTCLDY (SCALE 4-7) 9
TOTAL FM JUL 1 1347 CLOUDY (SCALE 8-10) 6
DPTR FM NORMAL -77
[CDD (BASE 65) ]
TOTAL THIS MO. 0
DPTR FM NORMAL 0 [PRESSURE DATA]
TOTAL FM JAN 1 1745 HIGHEST SLP M ON M
DPTR FM NORMAL -136 LOWEST SLP M ON M
[REMARKS]
#FINAL-12-20#