000
CXUS56 KHNX 011147
CF6MAE
PRELIMINARY LOCAL CLIMATOLOGICAL DATA (WS FORM: F-6)
STATION: MADERA CA AIRPORT
MONTH: JUNE
YEAR: 2022
LATITUDE: 36 58 N
LONGITUDE: 120 7 W
TEMPERATURE IN F: :PCPN: SNOW: WIND :SUNSHINE: SKY :PK WND
================================================================================
1 2 3 4 5 6A 6B 7 8 9 10 11 12 13 14 15 16 17 18
12Z AVG MX 2MIN
DY MAX MIN AVG DEP HDD CDD WTR SNW DPTH SPD SPD DIR MIN PSBL S-S WX SPD DR
================================================================================
1 95 52 74 2 0 9 0.00 0.0 0 4.6 12 280 M M 0 16 270
2 96 55 76 4 0 11 0.00 0.0 0 8.3 20 330 M M 0 25 340
3 91 58 75 3 0 10 0.00 0.0 0 10.3 24 330 M M 0 27 340
4 86 59 73 1 0 8 0.00 0.0 0 9.1 17 320 M M 0 22 300
5 87 62 75 3 0 10 0.00 0.0 0 7.6 14 320 M M 3 20 300
6 M M M M M M 0.00 0.0 0 M M M M M M M M
7 M M M M M M 0.00 0.0 0 M M M M M M M M
8 M M M M M M 0.00 0.0 0 M M M M M M M M
9 97 59 78 5 0 13 0.00 0.0 0 7.2 15 310 M M 0 19 310
10 103 63 83 9 0 18 0.00 0.0 0 6.9 14 320 M M 0 18 280
11 102 64 83 9 0 18 0.00 0.0 0 10.4 20 330 M M 0 25 320
12 95 64 80 6 0 15 0.00 0.0 0 9.7 23 310 M M 0 29 320
13 86 58 72 -2 0 7 0.00 0.0 0 14.3 24 320 M M 0 31 330
14 90 50 70 -5 0 5 0.00 0.0 0 7.6 17 330 M M 0 22 340
15 99 54 77 2 0 12 0.00 0.0 0 6.3 16 330 M M 0 20 320
16 93 55 74 -1 0 9 0.00 0.0 0 10.2 21 300 M M 0 28 300
17 76 56 66 -9 0 1 0.00 0.0 0 9.2 21 300 M M 0 27 310
18 79 50 65 -11 0 0 0.00 0.0 0 9.4 20 350 M M 0 24 330
19 87 48 68 -8 0 3 0.00 0.0 0 8.9 18 280 M M 0 24 320
20 92 52 72 -4 0 7 0.00 0.0 0 5.5 14 290 M M 0 18 270
21 102 55 79 3 0 14 0.00 0.0 0 5.7 16 290 M M 1 8 19 320
22 99 66 83 6 0 18 0.11 0.0 0 8.6 23 130 M M 1 38 30 120
23 101 67 84 7 0 19 0.00 0.0 0 8.0 15 260 M M 0 19 250
24 105 66 86 9 0 21 0.00 0.0 0 6.7 14 350 M M 0 17 360
25 105 63 84 6 0 19 0.00 0.0 0 7.7 14 290 M M 0 18 320
26 106 62 84 6 0 19 0.00 0.0 0 7.6 17 350 M M 0 21 320
27 106 63 85 7 0 20 0.00 0.0 0 8.1 18 330 M M 0 24 330
28 104 62 83 5 0 18 0.00 0.0 0 9.5 18 330 M M 0 23 320
29 102 62 82 4 0 17 0.00 0.0 0 8.1 14 280 M M 0 18 290
30 96 58 77 -2 0 12 0.00 0.0 0 7.0 14 300 M M 0 16 290
================================================================================
SM 2580 1583 0 333 0.11 0.0 222.5 M 5
================================================================================
AV 95.6 58.6 8.2 FASTST M M 0 MAX(MPH)
MISC ----> # 24 330 31 330
================================================================================
NOTES:
# LAST OF SEVERAL OCCURRENCES
COLUMN 17 PEAK WIND IN M.P.H.
PRELIMINARY LOCAL CLIMATOLOGICAL DATA (WS FORM: F-6) , PAGE 2
STATION: MADERA CA AIRPORT
MONTH: JUNE
YEAR: 2022
LATITUDE: 36 58 N
LONGITUDE: 120 7 W
[TEMPERATURE DATA] [PRECIPITATION DATA] SYMBOLS USED IN COLUMN 16
AVERAGE MONTHLY: 77.1 TOTAL FOR MONTH: 0.11 1 = FOG OR MIST
DPTR FM NORMAL: 2.1 DPTR FM NORMAL: -0.05 2 = FOG REDUCING VISIBILITY
HIGHEST: 106 ON 27,26 GRTST 24HR 0.11 ON 22-22 TO 1/4 MILE OR LESS
LOWEST: 48 ON 19 3 = THUNDER
SNOW, ICE PELLETS, HAIL 4 = ICE PELLETS
TOTAL MONTH: 0.0 INCH 5 = HAIL
GRTST 24HR 0.0 6 = FREEZING RAIN OR DRIZZLE
GRTST DEPTH: 0 7 = DUSTSTORM OR SANDSTORM:
VSBY 1/2 MILE OR LESS
8 = SMOKE OR HAZE
[NO. OF DAYS WITH] [WEATHER - DAYS WITH] 9 = BLOWING SNOW
X = TORNADO
MAX 32 OR BELOW: 0 0.01 INCH OR MORE: 1
MAX 90 OR ABOVE: 21 0.10 INCH OR MORE: 1
MIN 32 OR BELOW: 0 0.50 INCH OR MORE: 0
MIN 0 OR BELOW: 0 1.00 INCH OR MORE: 0
[HDD (BASE 65) ]
TOTAL THIS MO. 0 CLEAR (SCALE 0-3) 27
DPTR FM NORMAL -4 PTCLDY (SCALE 4-7) 0
TOTAL FM JUL 1 2342 CLOUDY (SCALE 8-10) 3
DPTR FM NORMAL -10
[CDD (BASE 65) ]
TOTAL THIS MO. 333
DPTR FM NORMAL 28 [PRESSURE DATA]
TOTAL FM JAN 1 494 HIGHEST SLP 30.05 ON 19
DPTR FM NORMAL 21 LOWEST SLP 29.67 ON 16
[REMARKS]
#FINAL-06-22#