000
CXUS53 KABR 011100
CF6MBG
PRELIMINARY LOCAL CLIMATOLOGICAL DATA (WS FORM: F-6)
STATION: MOBRIDGE SD
MONTH: SEPTEMBER
YEAR: 2023
LATITUDE: 45 32 N
LONGITUDE: 100 25 W
TEMPERATURE IN F: :PCPN: SNOW: WIND :SUNSHINE: SKY :PK WND
================================================================================
1 2 3 4 5 6A 6B 7 8 9 10 11 12 13 14 15 16 17 18
12Z AVG MX 2MIN
DY MAX MIN AVG DEP HDD CDD WTR SNW DPTH SPD SPD DIR MIN PSBL S-S WX SPD DR
================================================================================
1 93 55 74 5 0 9 0.00 0.0 0 5.9 15 90 M M 0 22 40
2 101 63 82 14 0 17 0.00 0.0 0 5.6 16 220 M M 0 1 21 240
3 99 61 80 12 0 15 0.00 0.0 0 6.8 18 80 M M 0 26 90
4 98 66 82 14 0 17 0.42 0.0 0 5.7 28 310 M M 1 13 42 350
5 67 49 58 -10 7 0 0.71 0.0 0 15.7 36 350 M M 7 18 49 360
6 73 45 59 -8 6 0 0.00 0.0 0 4.7 12 120 M M 0 18 15 120
7 76 52 64 -3 1 0 0.00 0.0 0 11.4 24 180 M M 0 18 31 170
8 82 52 67 1 0 2 0.00 0.0 0 7.2 18 70 M M 1 18 24 60
9 74 51 63 -3 2 0 0.00 0.0 0 7.9 16 10 M M 7 23 10
10 74 48 61 -5 4 0 0.00 0.0 0 3.9 13 100 M M 0 20 100
11 75 45 60 -5 5 0 0.00 0.0 0 4.1 18 80 M M 0 1 27 60
12 74 44 59 -6 6 0 0.00 0.0 0 11.6 20 90 M M 0 26 100
13 88 51 70 6 0 5 0.00 0.0 0 14.4 23 180 M M 1 30 170
14 81 53 67 3 0 2 0.00 0.0 0 7.0 17 170 M M 2 1 24 330
15 76 47 62 -2 3 0 T M 0 6.4 20 310 M M 2 18 26 320
16 75 45 60 -3 5 0 0.00 0.0 0 5.7 13 80 M M 0 18 17 90
17 83 47 65 2 0 0 0.00 0.0 0 11.2 17 140 M M 0 8 24 170
18 95 51 73 11 0 8 0.00 0.0 0 6.9 14 140 M M 0 17 160
19 89 49 69 7 0 4 0.00 0.0 0 5.4 15 310 M M 0 8 19 300
20 80 47 64 2 1 0 0.21 0.0 0 10.0 32 70 M M 3 138 48 70
21 80 61 71 10 0 6 0.08 0.0 0 12.6 23 70 M M 3 1 30 60
22 65 57 61 0 4 0 0.41 0.0 0 8.7 15 160 M M 9 13 22 60
23 63 58 61 1 4 0 0.47 0.0 0 6.6 14 170 M M 9 1 18 140
24 66 59 63 3 2 0 0.40 0.0 0 12.7 22 320 M M 10 18 31 330
25 74 56 65 6 0 0 0.00 0.0 0 8.7 15 10 M M 7 21 20
26 67 49 58 -1 7 0 0.00 0.0 0 7.1 15 110 M M 7 12 18 110
27 75 55 65 7 0 0 0.00 0.0 0 15.8 24 160 M M 0 32 150
28 75 59 67 9 0 2 0.00 0.0 0 13.9 25 150 M M 0 36 150
29 75 54 65 8 0 0 0.10 0.0 0 7.3 31 300 M M 1 8 43 300
30 79 51 65 8 0 0 0.00 0.0 0 10.9 23 140 M M 2 1 28 140
================================================================================
SM 2372 1580 57 87 2.80 0.0 261.8 M 72
================================================================================
AV 79.1 52.7 8.7 FASTST M M 2 MAX(MPH)
MISC ----> 36 350 49 360
================================================================================
NOTES:
# LAST OF SEVERAL OCCURRENCES
COLUMN 17 PEAK WIND IN M.P.H.
PRELIMINARY LOCAL CLIMATOLOGICAL DATA (WS FORM: F-6) , PAGE 2
STATION: MOBRIDGE SD
MONTH: SEPTEMBER
YEAR: 2023
LATITUDE: 45 32 N
LONGITUDE: 100 25 W
[TEMPERATURE DATA] [PRECIPITATION DATA] SYMBOLS USED IN COLUMN 16
AVERAGE MONTHLY: 65.9 TOTAL FOR MONTH: 2.80 1 = FOG OR MIST
DPTR FM NORMAL: 2.7 DPTR FM NORMAL: 1.28 2 = FOG REDUCING VISIBILITY
HIGHEST: 101 ON 2 GRTST 24HR 1.13 ON 4- 5 TO 1/4 MILE OR LESS
LOWEST: 44 ON 12 3 = THUNDER
SNOW, ICE PELLETS, HAIL 4 = ICE PELLETS
TOTAL MONTH: 0.0 INCH 5 = HAIL
GRTST 24HR 0.0 6 = FREEZING RAIN OR DRIZZLE
GRTST DEPTH: 0 7 = DUSTSTORM OR SANDSTORM:
VSBY 1/2 MILE OR LESS
8 = SMOKE OR HAZE
[NO. OF DAYS WITH] [WEATHER - DAYS WITH] 9 = BLOWING SNOW
X = TORNADO
MAX 32 OR BELOW: 0 0.01 INCH OR MORE: 8
MAX 90 OR ABOVE: 5 0.10 INCH OR MORE: 7
MIN 32 OR BELOW: 0 0.50 INCH OR MORE: 1
MIN 0 OR BELOW: 0 1.00 INCH OR MORE: 0
[HDD (BASE 65) ]
TOTAL THIS MO. 57 CLEAR (SCALE 0-3) 23
DPTR FM NORMAL -81 PTCLDY (SCALE 4-7) 4
TOTAL FM JUL 1 72 CLOUDY (SCALE 8-10) 3
DPTR FM NORMAL -85
[CDD (BASE 65) ]
TOTAL THIS MO. 87
DPTR FM NORMAL 3 [PRESSURE DATA]
TOTAL FM JAN 1 816 HIGHEST SLP 30.31 ON 10
DPTR FM NORMAL 11 LOWEST SLP 29.40 ON 4
[REMARKS]
#FINAL-09-23#