000
CXUS53 KDTX 010635
CF6MBS
PRELIMINARY LOCAL CLIMATOLOGICAL DATA (WS FORM: F-6)
STATION: TRI CITIES MI
MONTH: OCTOBER
YEAR: 2021
LATITUDE: 43 31 N
LONGITUDE: 84 5 W
TEMPERATURE IN F: :PCPN: SNOW: WIND :SUNSHINE: SKY :PK WND
================================================================================
1 2 3 4 5 6A 6B 7 8 9 10 11 12 13 14 15 16 17 18
12Z AVG MX 2MIN
DY MAX MIN AVG DEP HDD CDD WTR SNW DPTH SPD SPD DIR MIN PSBL S-S WX SPD DR
================================================================================
1 77 49 63 6 2 0 0.00 0.0 0 5.8 14 220 M M 0 1 19 200
2 79 56 68 12 0 3 T 0.0 0 8.1 14 200 M M 3 19 190
3 70 65 68 12 0 3 0.79 0.0 0 5.0 15 30 M M 10 123 17 50
4 67 61 64 9 1 0 0.10 0.0 0 12.7 22 30 M M 10 1 29 50
5 70 55 63 8 2 0 0.01 0.0 0 9.9 17 40 M M 5 1 21 60
6 69 53 61 6 4 0 0.00 0.0 0 5.7 13 130 M M 8 1 17 80
7 68 63 66 12 0 1 0.01 0.0 0 6.7 14 70 M M 10 18 17 80
8 71 63 67 13 0 2 0.52 0.0 0 5.1 14 250 M M 9 123 17 240
9 71 60 66 12 0 1 T 0.0 0 3.6 8 250 M M 8 128 13 280
10 77 60 69 16 0 4 0.08 0.0 0 9.6 21 170 M M 3 13 28 170
11 82 68 75 22 0 10 0.00 0.0 0 10.4 18 150 M M 0 25 150
12 73 64 69 17 0 4 0.12 0.0 0 11.2 21 220 M M 9 18 27 190
13 72 62 67 15 0 2 0.00 0.0 0 7.7 15 240 M M 6 1 21 240
14 77 53 65 13 0 0 0.32 0.0 0 7.9 17 220 M M 7 138 23 260
15 66 50 58 7 7 0 0.26 0.0 0 3.3 13 300 M M 6 1 20 280
16 58 45 52 1 13 0 0.06 0.0 0 11.5 23 260 M M 8 33 260
17 64 41 53 3 12 0 0.00 0.0 0 10.8 23 260 M M 3 45 270
18 66 40 53 3 12 0 0.00 0.0 0 4.9 14 270 M M 0 8 17 270
19 73 42 58 8 7 0 0.00 0.0 0 7.1 18 240 M M 0 24 250
20 71 51 61 12 4 0 0.01 0.0 0 7.6 15 220 M M 3 21 230
21 63 42 53 4 12 0 0.43 0.0 0 11.9 23 220 M M 9 13 33 250
22 48 36 42 -6 23 0 0.00 0.0 0 5.0 16 360 M M 5 21 350
23 50 38 44 -4 21 0 0.09 0.0 0 1.7 7 360 M M 7 1 9 350
24 52 32 42 -6 23 0 0.03 0.0 0 4.5 12 60 M M 5 12 17 70
25 51 44 48 1 17 0 0.47 0.0 0 13.8 23 20 M M 10 18 32 50
26 52 37 45 -2 20 0 T 0.0 0 10.0 18 340 M M 4 24 330
27 52 45 49 2 16 0 0.01 0.0 0 6.7 12 330 M M 10 1 15 360
28 61 49 55 9 10 0 0.00 0.0 0 10.5 21 90 M M 3 1 27 80
29 56 50 53 7 12 0 0.56 0.0 0 12.6 21 50 M M 9 1 31 50
30 52 49 51 6 14 0 0.07 0.0 0 7.7 18 40 M M 10 1 26 50
31 57 39 48 3 17 0 T 0.0 0 9.7 25 300 M M 5 12 33 300
================================================================================
SM 2015 1562 249 30 3.94 0.0 248.7 M 185
================================================================================
AV 65.0 50.4 8.0 FASTST M M 6 MAX(MPH)
MISC ----> 25 300 45 270
================================================================================
NOTES:
# LAST OF SEVERAL OCCURRENCES
COLUMN 17 PEAK WIND IN M.P.H.
PRELIMINARY LOCAL CLIMATOLOGICAL DATA (WS FORM: F-6) , PAGE 2
STATION: TRI CITIES MI
MONTH: OCTOBER
YEAR: 2021
LATITUDE: 43 31 N
LONGITUDE: 84 5 W
[TEMPERATURE DATA] [PRECIPITATION DATA] SYMBOLS USED IN COLUMN 16
AVERAGE MONTHLY: 57.7 TOTAL FOR MONTH: 3.94 1 = FOG OR MIST
DPTR FM NORMAL: 6.9 DPTR FM NORMAL: 1.03 2 = FOG REDUCING VISIBILITY
HIGHEST: 82 ON 11 GRTST 24HR 0.84 ON 3- 4 TO 1/4 MILE OR LESS
LOWEST: 32 ON 24 3 = THUNDER
SNOW, ICE PELLETS, HAIL 4 = ICE PELLETS
TOTAL MONTH: 0.0 INCH 5 = HAIL
GRTST 24HR 0.0 6 = FREEZING RAIN OR DRIZZLE
GRTST DEPTH: 0 7 = DUSTSTORM OR SANDSTORM:
VSBY 1/2 MILE OR LESS
8 = SMOKE OR HAZE
[NO. OF DAYS WITH] [WEATHER - DAYS WITH] 9 = BLOWING SNOW
X = TORNADO
MAX 32 OR BELOW: 0 0.01 INCH OR MORE: 18
MAX 90 OR ABOVE: 0 0.10 INCH OR MORE: 9
MIN 32 OR BELOW: 1 0.50 INCH OR MORE: 3
MIN 0 OR BELOW: 0 1.00 INCH OR MORE: 0
[HDD (BASE 65) ]
TOTAL THIS MO. 249 CLEAR (SCALE 0-3) 7
DPTR FM NORMAL -198 PTCLDY (SCALE 4-7) 13
TOTAL FM JUL 1 320 CLOUDY (SCALE 8-10) 11
DPTR FM NORMAL -291
[CDD (BASE 65) ]
TOTAL THIS MO. 30
DPTR FM NORMAL 23 [PRESSURE DATA]
TOTAL FM JAN 1 834 HIGHEST SLP M ON M
DPTR FM NORMAL 202 LOWEST SLP 29.62 ON 29
[REMARKS]
#FINAL-10-21#