000
CXAK56 PAFG 011003
CF6MCG
PRELIMINARY LOCAL CLIMATOLOGICAL DATA (WS FORM: F-6)
STATION: MCGRATH AK
MONTH: FEBRUARY
YEAR: 2023
LATITUDE: 62 57 N
LONGITUDE: 155 36 W
TEMPERATURE IN F: :PCPN: SNOW: WIND :SUNSHINE: SKY :PK WND
================================================================================
1 2 3 4 5 6A 6B 7 8 9 10 11 12 13 14 15 16 17 18
12Z AVG MX 2MIN
DY MAX MIN AVG DEP HDD CDD WTR SNW DPTH SPD SPD DIR MIN PSBL S-S WX SPD DR
================================================================================
1 23 -10 7 8 58 0 T M M 1.2 7 10 M M 7 8 8 10
2 9 -19 -5 -5 70 0 T M M 0.9 5 330 M M 7 8 6 260
3 20 5 13 13 52 0 0.02 M M 0.8 6 130 M M 10 18 8 120
4 24 11 18 17 47 0 0.01 M M 1.0 7 140 M M 10 8 140
5 21 -5 8 7 57 0 0.00 M M 2.3 8 350 M M 5 10 350
6 10 -12 -1 -3 66 0 0.03 M M 0.4 5 270 M M 7 5 310
7 22 1 12 10 53 0 0.03 M M 0.6 6 250 M M 10 8 8 220
8 7 -22 -7 -10 72 0 0.00 M M 0.5 7 250 M M 5 8 9 240
9 4 -14 -5 -8 70 0 0.01 M M 1.8 7 320 M M 9 8 9 310
10 2 -27 -12 -16 77 0 T M M 2.4 6 340 M M 7 8 8 300
11 6 -7 0 -4 65 0 0.17 M M 0.0 3 360 M M 9 1 4 20
12 6 -12 -3 -7 68 0 0.09 M M 4.5 8 230 M M 10 1 M M
13 -11 -35 -23 -28 88 0 0.00 M M 0.3 8 250 M M 0 18 10 230
14 -1 -33 -17 -22 82 0 0.00 M M 2.1 7 340 M M 5 M M
15 2 -23 -10 -15 75 0 0.02 M M 0.3 5 290 M M 5 18 5 320
16 4 -24 -10 -16 75 0 0.01 M M 0.8 6 210 M M 6 18 7 20
17 11 -15 -2 -8 67 0 0.16 M M 2.3 9 130 M M 9 1 13 140
18 11 -9 1 -5 64 0 0.00 M M 1.9 7 130 M M 3 18 10 130
19 15 -10 3 -3 62 0 0.01 M M 0.6 5 170 M M 9 1 M M
20 25 3 14 7 51 0 0.05 M M 1.5 10 260 M M 9 1 14 260
21 23 -7 8 1 57 0 0.05 M M 1.4 14 140 M M 8 12 21 140
22 28 23 26 19 39 0 0.32 M M 5.1 12 130 M M 10 168 16 140
23 39 28 34 27 31 0 0.32 M M 12.7 30 260 M M 8 16 37 210
24 30 20 25 18 40 0 0.01 M M 5.6 10 230 M M 9 1 18 230
25 27 0 14 6 51 0 0.01 M M 7.4 21 280 M M 6 18 28 300
26 10 -23 -6 -14 71 0 0.00 M M 1.4 9 320 M M 0 12 320
27 4 -31 -13 -21 78 0 0.00 M M 1.8 9 330 M M 0 9 320
28 13 -18 -2 -10 67 0 0.61 M M 3.5 16 120 M M 9 128 20 130
================================================================================
SM 384 -265 1753 0 1.93 M 65.1 M 192
================================================================================
AV 13.7 -9.5 2.3 FASTST M M 7 MAX(MPH)
MISC ----> 30 260 37 210
================================================================================
NOTES:
# LAST OF SEVERAL OCCURRENCES
COLUMN 17 PEAK WIND IN M.P.H.
PRELIMINARY LOCAL CLIMATOLOGICAL DATA (WS FORM: F-6) , PAGE 2
STATION: MCGRATH AK
MONTH: FEBRUARY
YEAR: 2023
LATITUDE: 62 57 N
LONGITUDE: 155 36 W
[TEMPERATURE DATA] [PRECIPITATION DATA] SYMBOLS USED IN COLUMN 16
AVERAGE MONTHLY: 2.1 TOTAL FOR MONTH: 1.93 1 = FOG OR MIST
DPTR FM NORMAL: -2.4 DPTR FM NORMAL: 1.06 2 = FOG REDUCING VISIBILITY
HIGHEST: 39 ON 23 GRTST 24HR 1.00 ON 9- 9 TO 1/4 MILE OR LESS
LOWEST: -35 ON 13 3 = THUNDER
SNOW, ICE PELLETS, HAIL 4 = ICE PELLETS
TOTAL MONTH: M 5 = HAIL
GRTST 24HR M ON M 6 = FREEZING RAIN OR DRIZZLE
GRTST DEPTH: M ON M 7 = DUSTSTORM OR SANDSTORM:
VSBY 1/2 MILE OR LESS
8 = SMOKE OR HAZE
[NO. OF DAYS WITH] [WEATHER - DAYS WITH] 9 = BLOWING SNOW
X = TORNADO
MAX 32 OR BELOW: 27 0.01 INCH OR MORE: 18
MAX 90 OR ABOVE: 0 0.10 INCH OR MORE: 5
MIN 32 OR BELOW: 28 0.50 INCH OR MORE: 1
MIN 0 OR BELOW: 21 1.00 INCH OR MORE: 0
[HDD (BASE 65) ]
TOTAL THIS MO. 1753 CLEAR (SCALE 0-3) 4
DPTR FM NORMAL 60 PTCLDY (SCALE 4-7) 12
TOTAL FM JUL 1 8961 CLOUDY (SCALE 8-10) 12
DPTR FM NORMAL -857
[CDD (BASE 65) ]
TOTAL THIS MO. 0
DPTR FM NORMAL 0 [PRESSURE DATA]
TOTAL FM JAN 1 0 HIGHEST SLP M ON M
DPTR FM NORMAL 0 LOWEST SLP 28.96 ON 28
[REMARKS]
#FINAL-02-23#