000
CXAK56 PAFG 030650
CF6MCG
PRELIMINARY LOCAL CLIMATOLOGICAL DATA (WS FORM: F-6)
STATION: MCGRATH AK
MONTH: APRIL
YEAR: 2021
LATITUDE: 62 57 N
LONGITUDE: 155 36 W
TEMPERATURE IN F: :PCPN: SNOW: WIND :SUNSHINE: SKY :PK WND
================================================================================
1 2 3 4 5 6A 6B 7 8 9 10 11 12 13 14 15 16 17 18
12Z AVG MX 2MIN
DY MAX MIN AVG DEP HDD CDD WTR SNW DPTH SPD SPD DIR MIN PSBL S-S WX SPD DR
================================================================================
1 11 -10 1 -18 64 0 T M M 3.7 10 30 M M 6 8 15 350
2 22 -12 5 -15 60 0 0.09 M M 5.4 16 210 M M 9 18 23 220
3 36 22 29 8 36 0 0.19 M M 11.0 24 190 M M 10 1 35 180
4 36 8 22 1 43 0 0.07 M M 15.4 30 200 M M 6 128 44 200
5 21 -3 9 -13 56 0 0.00 M M 3.6 10 250 M M 0 8 14 290
6 24 -8 8 -15 57 0 T M M 1.0 8 10 M M 7 1 9 10
7 24 10 17 -7 48 0 T M M 4.9 18 20 M M 10 18 25 10
8 14 -6 4 -20 61 0 0.00 M M 10.4 21 330 M M 1 32 320
9 7 -22 -7 -32 72 0 0.00 M M 4.4 13 50 M M 0 16 30
10 16 -8 4 -22 61 0 0.01 M M 5.3 13 110 M M 7 8 16 110
11 33 10 22 -5 43 0 0.02 M M 4.1 13 110 M M 9 1 19 90
12 41 26 34 7 31 0 0.13 M M 4.2 12 160 M M 10 1 15 170
13 45 24 35 7 30 0 0.00 M M 2.7 17 140 M M 7 12 23 150
14 40 20 30 1 35 0 T M M 5.8 15 20 M M 6 19 10
15 47 26 37 7 28 0 0.00 M M 2.1 9 350 M M 7 1 12 310
16 50 20 35 5 30 0 0.00 M M 2.0 8 60 M M 0 10 340
17 53 18 36 5 29 0 0.00 M M 4.1 9 10 M M 0 13 10
18 56 28 42 10 23 0 M M M M M M M M 0 M M
19 61 28 45 13 20 0 M M M M M M M M M M M
20 50 33 42 9 23 0 M M M M M M M M M M M
21 54 25 40 6 25 0 M M M M M M M M M M M
22 56 25 41 6 24 0 0.00 M M 4.5 15 110 M M 0 20 80
23 57 24 41 6 24 0 0.00 M M 0.5 6 250 M M 0 7 250
24 60 25 43 7 22 0 0.00 M M 1.0 6 260 M M 0 7 260
25 61 26 44 7 21 0 0.00 M M 0.5 6 40 M M 0 7 320
26 60 28 44 7 21 0 0.00 M M 3.2 13 30 M M 0 16 30
27 47 27 37 -1 28 0 T M M 3.8 14 40 M M 0 17 40
28 51 23 37 -1 28 0 T M M 1.9 9 300 M M 1 15 310
29 41 30 36 -3 29 0 0.00 M M 10.2 17 280 M M 7 24 280
30 34 26 30 -10 35 0 T M M 6.1 16 310 M M 10 22 310
================================================================================
SM 1208 463 1107 0 0.51 M 121.8 M 113
================================================================================
AV 40.3 15.4 4.7 FASTST M M 4 MAX(MPH)
MISC ----> 30 200 44 200
================================================================================
NOTES:
# LAST OF SEVERAL OCCURRENCES
COLUMN 17 PEAK WIND IN M.P.H.
PRELIMINARY LOCAL CLIMATOLOGICAL DATA (WS FORM: F-6) , PAGE 2
STATION: MCGRATH AK
MONTH: APRIL
YEAR: 2021
LATITUDE: 62 57 N
LONGITUDE: 155 36 W
[TEMPERATURE DATA] [PRECIPITATION DATA] SYMBOLS USED IN COLUMN 16
AVERAGE MONTHLY: 27.9 TOTAL FOR MONTH: 0.51 1 = FOG OR MIST
DPTR FM NORMAL: -1.9 DPTR FM NORMAL: -0.23 2 = FOG REDUCING VISIBILITY
HIGHEST: 61 ON 25,19 GRTST 24HR 0.25 ON 3- 4 TO 1/4 MILE OR LESS
LOWEST: -22 ON 9 3 = THUNDER
SNOW, ICE PELLETS, HAIL 4 = ICE PELLETS
TOTAL MONTH: M 5 = HAIL
GRTST 24HR M ON M 6 = FREEZING RAIN OR DRIZZLE
GRTST DEPTH: M ON M 7 = DUSTSTORM OR SANDSTORM:
VSBY 1/2 MILE OR LESS
8 = SMOKE OR HAZE
[NO. OF DAYS WITH] [WEATHER - DAYS WITH] 9 = BLOWING SNOW
X = TORNADO
MAX 32 OR BELOW: 8 0.01 INCH OR MORE: 6
MAX 90 OR ABOVE: 0 0.10 INCH OR MORE: 2
MIN 32 OR BELOW: 29 0.50 INCH OR MORE: 0
MIN 0 OR BELOW: 7 1.00 INCH OR MORE: 0
[HDD (BASE 65) ]
TOTAL THIS MO. 1107 CLEAR (SCALE 0-3) 13
DPTR FM NORMAL 48 PTCLDY (SCALE 4-7) 8
TOTAL FM JUL 1 12424 CLOUDY (SCALE 8-10) 9
DPTR FM NORMAL -523
[CDD (BASE 65) ]
TOTAL THIS MO. 0
DPTR FM NORMAL 0 [PRESSURE DATA]
TOTAL FM JAN 1 0 HIGHEST SLP 30.60 ON 17
DPTR FM NORMAL 0 LOWEST SLP 29.57 ON 26
[REMARKS]
#FINAL-04-21#