000
CXUS52 KFFC 021413
CLMMCN
CLIMATE REPORT
NATIONAL WEATHER SERVICE PEACHTREE CITY GA
1013 AM EDT WED AUG 02 2023
...................................
...THE MACON CLIMATE SUMMARY FOR THE MONTH OF JULY 2023...
CLIMATE NORMAL PERIOD: 1991 TO 2020
CLIMATE RECORD PERIOD: 1899 TO 2023
WEATHER OBSERVED NORMAL DEPART LAST YEAR`S
VALUE DATE(S) VALUE FROM VALUE DATE(S)
NORMAL
................................................................
TEMPERATURE (F)
RECORD
HIGH 108 07/13/1980
LOW 54 07/15/1967
HIGHEST 99 07/20 MM MM 97 07/04
07/21
07/27
07/07
LOWEST 68 07/18 MM MM 70 07/17
07/24
07/26
07/23
07/31
AVG. MAXIMUM 94.5 93.5 1.0 92.3
AVG. MINIMUM 72.2 71.5 0.7 73.3
MEAN 83.3 82.5 0.8 82.8
DAYS MAX >= 90 27 24.7 2.3 26
DAYS MAX <= 32 0 0.0 0.0 0
DAYS MIN <= 32 0 0.0 0.0 0
DAYS MIN <= 0 0 0.0 0.0 0
PRECIPITATION (INCHES)
RECORD
MAXIMUM 18.16 1994
MINIMUM 0.60 2004
TOTALS 1.82 4.79 -2.97
DAILY AVG. 0.06 0.15 -0.09 0.18
DAYS >= .01 10 11.3 -1.3 17
DAYS >= .10 4 7.1 -3.1 11
DAYS >= .50 1 2.7 -1.7 4
DAYS >= 1.00 0 1.3 -1.3 1
GREATEST
24 HR. TOTAL 0.53 07/30 TO 07/30 1.48 07/04 TO 07/04
DEGREE DAYS
HEATING TOTAL 0 0 0 0
SINCE 7/1 0 0 0 MM
COOLING TOTAL 577 542 35 559
SINCE 1/1 1319 1342 -23 MM
................................................................
WIND (MPH)
AVERAGE WIND SPEED 4.3
HIGHEST WIND SPEED/DIRECTION 36/020 DATE 07/20
HIGHEST GUST SPEED/DIRECTION 44/160 DATE 07/30
SKY COVER
POSSIBLE SUNSHINE (PERCENT) MM
AVERAGE SKY COVER 0.20
NUMBER OF DAYS FAIR 26
NUMBER OF DAYS PC 5
NUMBER OF DAYS CLOUDY 0
AVERAGE RH (PERCENT) 73
WEATHER CONDITIONS. NUMBER OF DAYS WITH
THUNDERSTORM 16 MIXED PRECIP 0
HEAVY RAIN 2 RAIN 4
LIGHT RAIN 10 FREEZING RAIN 0
LT FREEZING RAIN 0 HAIL 0
HEAVY SNOW 0 SNOW 0
LIGHT SNOW 0 SLEET 0
FOG 21 FOG W/VIS <= 1/4 MILE 3
HAZE 6
- INDICATES NEGATIVE NUMBERS.
R INDICATES RECORD WAS SET OR TIED.
MM INDICATES DATA IS MISSING.
T INDICATES TRACE AMOUNT.
$$