000
CXUS54 KMAF 011110
CF6MDD
PRELIMINARY LOCAL CLIMATOLOGICAL DATA (WS FORM: F-6)
STATION: MIDLAND AIRPARK
MONTH: MAY
YEAR: 2022
LATITUDE: 32 2 N
LONGITUDE: 102 6 W
TEMPERATURE IN F: :PCPN: SNOW: WIND :SUNSHINE: SKY :PK WND
================================================================================
1 2 3 4 5 6A 6B 7 8 9 10 11 12 13 14 15 16 17 18
12Z AVG MX 2MIN
DY MAX MIN AVG DEP HDD CDD WTR SNW DPTH SPD SPD DIR MIN PSBL S-S WX SPD DR
================================================================================
1 86 64 75 M 0 10 M M M 16.6 25 160 M M 5 35 160
2 95 69 82 M 0 17 M M M 15.3 24 200 M M 1 31 200
3 82 52 67 M 0 2 M M M 13.0 22 40 M M 2 30 40
4 92 72 82 M 0 17 M M M 12.1 18 170 M M 3 26 170
5 86 56 71 M 0 6 M M M 11.3 21 310 M M 1 28 310
6 98 61 80 M 0 15 M M M 9.5 21 270 M M 0 24 230
7 104 69 87 M 0 22 M M M 11.3 24 250 M M 0 37 250
8 101 70 86 M 0 21 M M M 12.6 25 220 M M 0 32 220
9 100 73 87 M 0 22 M M M 13.8 23 230 M M 0 30 250
10 92 75 84 M 0 19 M M M 15.3 30 160 M M 0 8 43 160
11 92 68 80 M 0 15 M M M 18.2 26 150 M M 0 35 150
12 98 71 85 M 0 20 M M M 14.4 23 160 M M 0 35 160
13 98 72 85 M 0 20 M M M 6.9 14 190 M M 0 18 200
14 99 69 84 M 0 19 M M M 7.4 15 200 M M 0 8 18 190
15 103 71 87 M 0 22 M M M 9.0 24 60 M M 0 32 60
16 103 70 87 M 0 22 M M M 13.7 21 150 M M 0 28 160
17 104 78 91 M 0 26 M M M 15.8 23 170 M M 0 28 170
18 103 75 89 M 0 24 M M M 10.7 17 240 M M 0 23 250
19 104 75 90 M 0 25 M M M 13.4 21 270 M M 0 26 270
20 100 73 87 M 0 22 M M M 11.7 18 250 M M 0 26 270
21 82 62 72 M 0 7 M M M 13.1 20 30 M M 0 8 30 10
22 74 55 65 M 0 0 M M M 13.0 24 60 M M 4 31 60
23 85 63 74 M 0 9 M M M 14.8 24 180 M M 4 35 150
24 81 54 68 M 0 3 0.13 M M 15.2 40 360 M M 5 13 51 360
25 76 48 62 M 3 0 0.11 M M 9.9 15 310 M M 0 22 330
26 92 58 75 M 0 10 0.01 M M 7.0 13 170 M M 0 17 150
27 99 64 82 M 0 17 M M M 11.0 17 170 M M 0 25 130
28 105 74 90 M 0 25 M M M 15.8 22 170 M M 0 8 32 170
29 102 75 89 M 0 24 M M M 17.8 26 180 M M 0 36 170
30 99 74 87 M 0 22 M M M 15.2 23 180 M M 0 33 170
31 97 76 87 M 0 22 M M M 16.0 23 150 M M 3 29 150
================================================================================
SM 2932 2086 3 505 0.25 M 400.8 M 28
================================================================================
AV 94.6 67.3 12.9 FASTST M M 1 MAX(MPH)
MISC ----> 40 360 51 360
================================================================================
NOTES:
# LAST OF SEVERAL OCCURRENCES
COLUMN 17 PEAK WIND IN M.P.H.
PRELIMINARY LOCAL CLIMATOLOGICAL DATA (WS FORM: F-6) , PAGE 2
STATION: MIDLAND AIRPARK
MONTH: MAY
YEAR: 2022
LATITUDE: 32 2 N
LONGITUDE: 102 6 W
[TEMPERATURE DATA] [PRECIPITATION DATA] SYMBOLS USED IN COLUMN 16
AVERAGE MONTHLY: 80.9 TOTAL FOR MONTH: 0.25 1 = FOG OR MIST
DPTR FM NORMAL: 0.0 DPTR FM NORMAL: M 2 = FOG REDUCING VISIBILITY
HIGHEST: 105 ON 28 GRTST 24HR 0.13 ON 24-24 TO 1/4 MILE OR LESS
LOWEST: 48 ON 25 3 = THUNDER
SNOW, ICE PELLETS, HAIL 4 = ICE PELLETS
TOTAL MONTH: M 5 = HAIL
GRTST 24HR M ON M 6 = FREEZING RAIN OR DRIZZLE
GRTST DEPTH: M ON M 7 = DUSTSTORM OR SANDSTORM:
VSBY 1/2 MILE OR LESS
8 = SMOKE OR HAZE
[NO. OF DAYS WITH] [WEATHER - DAYS WITH] 9 = BLOWING SNOW
X = TORNADO
MAX 32 OR BELOW: 0 0.01 INCH OR MORE: 3
MAX 90 OR ABOVE: 23 0.10 INCH OR MORE: 2
MIN 32 OR BELOW: 0 0.50 INCH OR MORE: 0
MIN 0 OR BELOW: 0 1.00 INCH OR MORE: 0
[HDD (BASE 65) ]
TOTAL THIS MO. 3 CLEAR (SCALE 0-3) 26
DPTR FM NORMAL M PTCLDY (SCALE 4-7) 5
TOTAL FM JUL 1 2036 CLOUDY (SCALE 8-10) 0
DPTR FM NORMAL M
[CDD (BASE 65) ]
TOTAL THIS MO. 505
DPTR FM NORMAL M [PRESSURE DATA]
TOTAL FM JAN 1 740 HIGHEST SLP M ON M
DPTR FM NORMAL M LOWEST SLP M ON M
[REMARKS]
#FINAL-05-22#