000
CXUS54 KMAF 011110
CF6MDD
PRELIMINARY LOCAL CLIMATOLOGICAL DATA (WS FORM: F-6)
STATION: MIDLAND AIRPARK
MONTH: JULY
YEAR: 2020
LATITUDE: 32 2 N
LONGITUDE: 102 6 W
TEMPERATURE IN F: :PCPN: SNOW: WIND :SUNSHINE: SKY :PK WND
================================================================================
1 2 3 4 5 6A 6B 7 8 9 10 11 12 13 14 15 16 17 18
12Z AVG MX 2MIN
DY MAX MIN AVG DEP HDD CDD WTR SNW DPTH SPD SPD DIR MIN PSBL S-S WX SPD DR
================================================================================
1 104 76 90 M 0 25 M M M 10.6 22 140 M M 0 35 140
2 100 73 87 M 0 22 2.22 M M 11.2 26 170 M M 2 3 38 170
3 98 76 87 M 0 22 M M M 10.5 16 140 M M 1 8 22 140
4 100 74 87 M 0 22 M M M 6.8 13 140 M M 1 8 17 110
5 100 70 85 M 0 20 0.03 M M 9.7 16 350 M M 2 8 29 210
6 93 70 82 M 0 17 M M M 6.9 13 50 M M 1 17 20
7 97 72 85 M 0 20 M M M 7.0 21 140 M M 0 23 140
8 102 73 88 M 0 23 M M M 9.1 15 170 M M 0 23 170
9 105 79 92 M 0 27 M M M 13.0 17 160 M M 0 25 160
10 105 78 92 M 0 27 M M M 12.2 17 170 M M 0 23 190
11 107 79 93 M 0 28 M M M 11.1 17 160 M M 0 21 170
12 106 78 92 M 0 27 M M M 11.3 17 160 M M 0 30 170
13 110 80 95 M 0 30 M M M 13.6 18 210 M M 0 25 190
14 111 86 99 M 0 34 M M M 14.2 21 190 M M 0 31 200
15 107 82 95 M 0 30 M M M 13.5 20 160 M M 0 28 160
16 101 79 90 M 0 25 M M M 11.4 18 150 M M 0 25 140
17 103 77 90 M 0 25 M M M 10.9 18 160 M M 0 24 120
18 100 77 89 M 0 24 M M M 11.9 17 150 M M 0 24 140
19 96 73 85 M 0 20 M M M 11.3 17 180 M M 2 25 180
20 97 75 86 M 0 21 M M M 10.4 18 130 M M 1 24 110
21 99 78 89 M 0 24 M M M 10.2 18 20 M M 2 30 130
22 98 76 87 M 0 22 0.02 M M 9.3 26 80 M M 2 3 35 80
23 96 73 85 M 0 20 M M M 10.1 16 120 M M 2 23 150
24 99 75 87 M 0 22 M M M 10.7 16 120 M M 2 24 120
25 98 77 88 M 0 23 M M M 11.5 18 120 M M 3 23 120
26 94 72 83 M 0 18 M M M 10.8 15 140 M M 3 26 140
27 96 74 85 M 0 20 M M M 9.5 14 160 M M 2 18 200
28 99 78 89 M 0 24 M M M 8.7 23 140 M M 2 29 140
29 102 78 90 M 0 25 M M M 13.8 17 170 M M 1 23 220
30 102 74 88 M 0 23 M M M 12.6 18 170 M M 0 24 190
31 93 71 82 M 0 17 0.01 M M 9.2 16 60 M M 1 29 350
================================================================================
SM 3118 2353 0 727 2.28 M 332.7 M 30
================================================================================
AV100.6 75.9 10.7 FASTST M M 1 MAX(MPH)
MISC ----> # 26 170 38 170
================================================================================
NOTES:
# LAST OF SEVERAL OCCURRENCES
COLUMN 17 PEAK WIND IN M.P.H.
PRELIMINARY LOCAL CLIMATOLOGICAL DATA (WS FORM: F-6) , PAGE 2
STATION: MIDLAND AIRPARK
MONTH: JULY
YEAR: 2020
LATITUDE: 32 2 N
LONGITUDE: 102 6 W
[TEMPERATURE DATA] [PRECIPITATION DATA] SYMBOLS USED IN COLUMN 16
AVERAGE MONTHLY: 88.2 TOTAL FOR MONTH: 2.28 1 = FOG OR MIST
DPTR FM NORMAL: 0.0 DPTR FM NORMAL: M 2 = FOG REDUCING VISIBILITY
HIGHEST: 111 ON 14 GRTST 24HR 2.22 ON 2- 2 TO 1/4 MILE OR LESS
LOWEST: 70 ON 6, 5 3 = THUNDER
SNOW, ICE PELLETS, HAIL 4 = ICE PELLETS
TOTAL MONTH: M 5 = HAIL
GRTST 24HR M ON M 6 = FREEZING RAIN OR DRIZZLE
GRTST DEPTH: M ON M 7 = DUSTSTORM OR SANDSTORM:
VSBY 1/2 MILE OR LESS
8 = SMOKE OR HAZE
[NO. OF DAYS WITH] [WEATHER - DAYS WITH] 9 = BLOWING SNOW
X = TORNADO
MAX 32 OR BELOW: 0 0.01 INCH OR MORE: 4
MAX 90 OR ABOVE: 31 0.10 INCH OR MORE: 1
MIN 32 OR BELOW: 0 0.50 INCH OR MORE: 1
MIN 0 OR BELOW: 0 1.00 INCH OR MORE: 1
[HDD (BASE 65) ]
TOTAL THIS MO. 0 CLEAR (SCALE 0-3) 31
DPTR FM NORMAL M PTCLDY (SCALE 4-7) 0
TOTAL FM JUL 1 0 CLOUDY (SCALE 8-10) 0
DPTR FM NORMAL M
[CDD (BASE 65) ]
TOTAL THIS MO. 727
DPTR FM NORMAL M [PRESSURE DATA]
TOTAL FM JAN 1 1866 HIGHEST SLP M ON M
DPTR FM NORMAL M LOWEST SLP M ON M
[REMARKS]
#FINAL-07-20#