000
CXUS51 KCTP 010800
CF6MDT
PRELIMINARY LOCAL CLIMATOLOGICAL DATA (WS FORM: F-6)
STATION: HARRISBURG PA
MONTH: OCTOBER
YEAR: 2022
LATITUDE: 40 11 N
LONGITUDE: 76 46 W
TEMPERATURE IN F: :PCPN: SNOW: WIND :SUNSHINE: SKY :PK WND
================================================================================
1 2 3 4 5 6A 6B 7 8 9 10 11 12 13 14 15 16 17 18
12Z AVG MX 2MIN
DY MAX MIN AVG DEP HDD CDD WTR SNW DPTH SPD SPD DIR MIN PSBL S-S WX SPD DR
================================================================================
1 60 53 57 -5 8 0 0.49 0.0 0 5.9 14 60 M M 10 1 22 40
2 59 53 56 -5 9 0 0.79 0.0 0 5.1 14 60 M M 10 1 19 70
3 55 49 52 -9 13 0 0.05 0.0 0 4.2 14 70 M M 10 19 70
4 51 48 50 -10 15 0 0.73 0.0 0 8.5 15 310 M M 10 1 18 310
5 63 51 57 -3 8 0 0.06 0.0 0 9.0 16 320 M M 8 1 21 290
6 73 49 61 1 4 0 0.00 0.0 0 4.9 12 300 M M 5 15 330
7 74 49 62 3 3 0 0.00 0.0 0 6.9 21 320 M M 5 1 27 320
8 58 44 51 -8 14 0 0.00 0.0 0 8.5 18 290 M M 4 23 320
9 63 37 50 -8 15 0 0.00 0.0 0 5.3 16 260 M M 1 22 270
10 69 41 55 -3 10 0 0.00 0.0 0 4.2 15 220 M M 2 8 19 220
11 73 44 59 1 6 0 0.00 0.0 0 1.9 10 190 M M 1 15 220
12 70 45 58 1 7 0 0.00 0.0 0 6.8 16 190 M M 7 1 21 190
13 69 54 62 5 3 0 0.51 0.0 0 8.5 17 300 M M 10 1 26 150
14 68 49 59 3 6 0 0.00 0.0 0 3.5 13 170 M M 5 12 18 170
15 73 43 58 2 7 0 0.00 0.0 0 6.4 22 180 M M 1 34 180
16 67 45 56 0 9 0 0.00 0.0 0 2.5 8 140 M M 6 8 11 350
17 64 47 56 1 9 0 T 0.0 0 7.2 21 310 M M 8 27 300
18 54 41 48 -7 17 0 0.00 0.0 0 10.5 17 270 M M 6 22 280
19 53 43 48 -7 17 0 0.00 0.0 0 10.1 18 260 M M 8 25 270
20 59 42 51 -3 14 0 0.00 0.0 0 8.5 20 220 M M 3 33 230
21 65 35 50 -4 15 0 0.00 0.0 0 2.6 12 200 M M 1 15 200
22 69 37 53 -1 12 0 0.00 0.0 0 2.7 10 130 M M 2 14 120
23 63 40 52 -1 13 0 0.41 0.0 0 3.4 12 310 M M 8 18 14 300
24 62 55 59 6 6 0 0.12 0.0 0 3.5 8 10 M M 10 1 14 30
25 65 58 62 10 3 0 0.02 0.0 0 3.3 9 120 M M 10 12 11 140
26 64 55 60 8 5 0 T 0.0 0 6.4 17 310 M M 9 1 22 290
27 62 44 53 1 12 0 0.00 0.0 0 9.4 21 320 M M 3 28 310
28 59 38 49 -2 16 0 0.00 0.0 0 3.1 9 140 M M 5 12 120
29 61 35 48 -3 17 0 0.00 0.0 0 2.2 9 270 M M 0 11 290
30 61 33 47 -4 18 0 0.00 0.0 0 3.4 13 170 M M 5 19 190
31 61 44 53 3 12 0 0.36 0.0 0 1.8 7 140 M M 8 18 11 140
================================================================================
SM 1967 1401 323 0 3.54 0.0 170.2 M 181
================================================================================
AV 63.5 45.2 5.5 FASTST M M 6 MAX(MPH)
MISC ----> 22 180 34 180
================================================================================
NOTES:
# LAST OF SEVERAL OCCURRENCES
COLUMN 17 PEAK WIND IN M.P.H.
PRELIMINARY LOCAL CLIMATOLOGICAL DATA (WS FORM: F-6) , PAGE 2
STATION: HARRISBURG PA
MONTH: OCTOBER
YEAR: 2022
LATITUDE: 40 11 N
LONGITUDE: 76 46 W
[TEMPERATURE DATA] [PRECIPITATION DATA] SYMBOLS USED IN COLUMN 16
AVERAGE MONTHLY: 54.3 TOTAL FOR MONTH: 3.54 1 = FOG OR MIST
DPTR FM NORMAL: -1.5 DPTR FM NORMAL: -0.27 2 = FOG REDUCING VISIBILITY
HIGHEST: 74 ON 7 GRTST 24HR 0.99 ON 1- 2 TO 1/4 MILE OR LESS
LOWEST: 33 ON 30 3 = THUNDER
SNOW, ICE PELLETS, HAIL 4 = ICE PELLETS
TOTAL MONTH: 0.0 INCH 5 = HAIL
GRTST 24HR 0.0 6 = FREEZING RAIN OR DRIZZLE
GRTST DEPTH: 0 7 = DUSTSTORM OR SANDSTORM:
VSBY 1/2 MILE OR LESS
8 = SMOKE OR HAZE
[NO. OF DAYS WITH] [WEATHER - DAYS WITH] 9 = BLOWING SNOW
X = TORNADO
MAX 32 OR BELOW: 0 0.01 INCH OR MORE: 10
MAX 90 OR ABOVE: 0 0.10 INCH OR MORE: 7
MIN 32 OR BELOW: 0 0.50 INCH OR MORE: 3
MIN 0 OR BELOW: 0 1.00 INCH OR MORE: 0
[HDD (BASE 65) ]
TOTAL THIS MO. 323 CLEAR (SCALE 0-3) 9
DPTR FM NORMAL 23 PTCLDY (SCALE 4-7) 10
TOTAL FM JUL 1 365 CLOUDY (SCALE 8-10) 12
DPTR FM NORMAL 16
[CDD (BASE 65) ]
TOTAL THIS MO. 0
DPTR FM NORMAL -16 [PRESSURE DATA]
TOTAL FM JAN 1 1354 HIGHEST SLP 30.52 ON 29
DPTR FM NORMAL 182 LOWEST SLP 29.58 ON 17
[REMARKS]
#FINAL-10-22#