000
CXUS53 KARX 011232
CF6MDZ
PRELIMINARY LOCAL CLIMATOLOGICAL DATA (WS FORM: F-6)
STATION: MEDFORD WI
MONTH: SEPTEMBER
YEAR: 2023
LATITUDE: 45 5 N
LONGITUDE: 90 18 W
TEMPERATURE IN F: :PCPN: SNOW: WIND :SUNSHINE: SKY :PK WND
================================================================================
1 2 3 4 5 6A 6B 7 8 9 10 11 12 13 14 15 16 17 18
12Z AVG MX 2MIN
DY MAX MIN AVG DEP HDD CDD WTR SNW DPTH SPD SPD DIR MIN PSBL S-S WX SPD DR
================================================================================
1 80 49 65 M 0 0 0.00 0.0 0 10.4 16 200 M M 0 23 200
2 83 62 73 M 0 8 0.18 0.0 0 5.7 13 160 M M 2 3 28 160
3 90 67 79 M 0 14 0.00 0.0 0 7.5 10 230 M M 0 16 220
4 90 61 76 M 0 11 0.00 0.0 0 7.2 17 210 M M 0 23 210
5 88 67 78 M 0 13 0.00 0.0 0 9.7 16 160 M M 2 23 180
6 71 54 63 M 2 0 0.12 0.0 0 8.2 14 350 M M 10 3 17 360
7 60 51 56 M 9 0 0.00 0.0 0 6.0 9 20 M M 10 M M
8 69 46 58 M 7 0 0.00 0.0 0 1.8 5 250 M M 7 M M
9 73 42 58 M 7 0 0.00 0.0 0 2.7 8 260 M M 5 M M
10 69 51 60 M 5 0 0.14 0.0 0 5.6 13 20 M M 8 16 10
11 65 42 54 M 11 0 0.49 0.0 0 3.3 10 50 M M 8 17 30
12 60 43 52 M 13 0 0.02 0.0 0 4.0 10 40 M M 10 M M
13 60 36 48 M 17 0 0.00 0.0 0 2.0 7 70 M M 8 M M
14 72 33 53 M 12 0 0.00 0.0 0 5.5 13 170 M M 1 16 200
15 65 52 59 M 6 0 0.02 0.0 0 6.0 10 230 M M 7 M M
16 71 49 60 M 5 0 0.00 0.0 0 3.4 8 300 M M 7 M M
17 66 41 54 M 11 0 0.00 0.0 0 4.0 9 360 M M 3 17 10
18 68 35 52 M 13 0 0.00 0.0 0 3.1 6 130 M M 6 M M
19 68 49 59 M 6 0 0.00 0.0 0 6.7 12 140 M M 5 18 140
20 79 54 67 M 0 2 0.00 0.0 0 5.2 9 190 M M 4 10 190
21 80 50 65 M 0 0 0.00 0.0 0 2.2 10 200 M M 3 21 200
22 73 51 62 M 3 0 0.06 0.0 0 6.6 12 110 M M 7 17 110
23 62 58 60 M 5 0 1.62 0.0 0 9.4 16 100 M M 9 3 25 100
24 66 56 61 M 4 0 0.10 0.0 0 10.0 16 100 M M 10 3 22 100
25 63 56 60 M 5 0 0.13 0.0 0 7.6 12 100 M M 10 18 120
26 65 56 61 M 4 0 0.06 0.0 0 8.3 15 80 M M 9 21 80
27 65 55 60 M 5 0 0.02 0.0 0 7.4 12 90 M M 10 17 100
28 65 54 60 M 5 0 0.00 0.0 0 4.0 8 140 M M 9 M M
29 68 54 61 M 4 0 0.08 0.0 0 7.0 12 150 M M 5 23 110
30 74 59 67 M 0 2 0.86 0.0 0 6.4 15 180 M M 6 3 21 120
================================================================================
SM 2128 1533 159 50 3.90 0.0 176.9 M 181
================================================================================
AV 70.9 51.1 5.9 FASTST M M 6 MAX(MPH)
MISC ----> 17 210 28 160
================================================================================
NOTES:
# LAST OF SEVERAL OCCURRENCES
COLUMN 17 PEAK WIND IN M.P.H.
PRELIMINARY LOCAL CLIMATOLOGICAL DATA (WS FORM: F-6) , PAGE 2
STATION: MEDFORD WI
MONTH: SEPTEMBER
YEAR: 2023
LATITUDE: 45 5 N
LONGITUDE: 90 18 W
[TEMPERATURE DATA] [PRECIPITATION DATA] SYMBOLS USED IN COLUMN 16
AVERAGE MONTHLY: 61.0 TOTAL FOR MONTH: 3.90 1 = FOG OR MIST
DPTR FM NORMAL: 0.0 DPTR FM NORMAL: M 2 = FOG REDUCING VISIBILITY
HIGHEST: 90 ON 4, 3 GRTST 24HR 1.62 ON 23-23 TO 1/4 MILE OR LESS
LOWEST: 33 ON 14 3 = THUNDER
SNOW, ICE PELLETS, HAIL 4 = ICE PELLETS
TOTAL MONTH: 0.0 INCH 5 = HAIL
GRTST 24HR 0.0 6 = FREEZING RAIN OR DRIZZLE
GRTST DEPTH: 0 7 = DUSTSTORM OR SANDSTORM:
VSBY 1/2 MILE OR LESS
8 = SMOKE OR HAZE
[NO. OF DAYS WITH] [WEATHER - DAYS WITH] 9 = BLOWING SNOW
X = TORNADO
MAX 32 OR BELOW: 0 0.01 INCH OR MORE: 14
MAX 90 OR ABOVE: 2 0.10 INCH OR MORE: 8
MIN 32 OR BELOW: 0 0.50 INCH OR MORE: 2
MIN 0 OR BELOW: 0 1.00 INCH OR MORE: 1
[HDD (BASE 65) ]
TOTAL THIS MO. 159 CLEAR (SCALE 0-3) 6
DPTR FM NORMAL M PTCLDY (SCALE 4-7) 14
TOTAL FM JUL 1 296 CLOUDY (SCALE 8-10) 10
DPTR FM NORMAL M
[CDD (BASE 65) ]
TOTAL THIS MO. 50
DPTR FM NORMAL M [PRESSURE DATA]
TOTAL FM JAN 1 298 HIGHEST SLP M ON M
DPTR FM NORMAL M LOWEST SLP M ON M
[REMARKS]
#FINAL-09-23#