000
CXUS54 KLZK 011130
CF6MEZ
PRELIMINARY LOCAL CLIMATOLOGICAL DATA (WS FORM: F-6)
STATION: MENA AIRPORT
MONTH: JUNE
YEAR: 2021
LATITUDE: 34 9 N
LONGITUDE: 94 15 W
TEMPERATURE IN F: :PCPN: SNOW: WIND :SUNSHINE: SKY :PK WND
================================================================================
1 2 3 4 5 6A 6B 7 8 9 10 11 12 13 14 15 16 17 18
12Z AVG MX 2MIN
DY MAX MIN AVG DEP HDD CDD WTR SNW DPTH SPD SPD DIR MIN PSBL S-S WX SPD DR
================================================================================
1 75 63 69 -2 0 4 0.56 M M 1.2 6 10 M M 10 M M
2 70 59 65 -6 0 0 0.00 M M 4.0 8 280 M M 9 M M
3 81 54 68 -4 0 3 0.00 M M 1.7 8 40 M M 1 M M
4 81 57 69 -3 0 4 0.00 M M 0.7 3 110 M M 2 M M
5 73 63 68 -4 0 3 0.68 M M 2.5 9 90 M M 8 M M
6 77 66 72 0 0 7 5.02 M M 1.5 13 280 M M 8 3 M M
7 73 64 69 -3 0 4 0.99 M M 1.6 12 70 M M 9 3 M M
8 82 70 76 3 0 11 0.89 M M 1.1 6 40 M M 8 M M
9 88 72 80 7 0 15 0.00 M M 2.1 8 250 M M 6 M M
10 90 70 80 7 0 15 0.00 0.0 0 2.6 10 260 M M 5 M M
11 88 72 80 6 0 15 0.00 M M 1.7 7 240 M M 6 M M
12 93 72 83 9 0 18 0.00 M M 1.6 6 80 M M 1 M M
13 93 72 83 9 0 18 0.00 M M 2.2 8 40 M M 2 M M
14 91 64 78 4 0 13 0.00 M M 1.0 7 100 M M 0 M M
15 95 63 79 5 0 14 0.00 M M 0.5 5 90 M M 0 M M
16 93 66 80 5 0 15 0.00 M M 0.6 3 100 M M 2 M M
17 93 70 82 7 0 17 0.00 M M 0.9 9 130 M M 1 17 130
18 90 68 79 4 0 14 0.00 M M 0.9 5 90 M M 2 M M
19 90 61 76 1 0 11 0.00 M M 0.7 6 230 M M 2 M M
20 91 66 79 3 0 14 0.00 0.0 0 2.9 8 230 M M 2 16 210
21 86 63 75 -1 0 10 1.39 0.0 0 5.4 12 330 M M 5 22 0
22 82 54 68 -8 0 3 0.00 0.0 0 2.8 12 90 M M 0 17 90
23 84 54 69 -7 0 4 0.00 0.0 0 0.4 4 180 M M 6 M M
24 91 73 82 6 0 17 0.00 0.0 0 2.6 6 200 M M 5 M M
25 90 79 85 9 0 20 0.00 0.0 0 4.4 8 220 M M 4 M M
26 90 79 85 8 0 20 0.00 0.0 0 4.2 9 220 M M 5 18 150
27 88 72 80 3 0 15 0.32 0.0 0 2.5 8 250 M M 6 M M
28 86 70 78 1 0 13 0.13 M M 2.0 7 110 M M 5 16 120
29 90 68 79 2 0 14 0.00 M M 1.2 6 120 M M 4 M M
30 90 68 79 2 0 14 0.00 M M 1.2 6 260 M M 2 M M
================================================================================
SM 2584 1992 0 345 9.98 0.0 58.4 M 126
================================================================================
AV 86.1 66.4 1.9 FASTST M M 4 MAX(MPH)
MISC ----> 13 280 22 0
================================================================================
NOTES:
# LAST OF SEVERAL OCCURRENCES
COLUMN 17 PEAK WIND IN M.P.H.
PRELIMINARY LOCAL CLIMATOLOGICAL DATA (WS FORM: F-6) , PAGE 2
STATION: MENA AIRPORT
MONTH: JUNE
YEAR: 2021
LATITUDE: 34 9 N
LONGITUDE: 94 15 W
[TEMPERATURE DATA] [PRECIPITATION DATA] SYMBOLS USED IN COLUMN 16
AVERAGE MONTHLY: 76.3 TOTAL FOR MONTH: 9.98 1 = FOG OR MIST
DPTR FM NORMAL: 1.9 DPTR FM NORMAL: 5.22 2 = FOG REDUCING VISIBILITY
HIGHEST: 95 ON 15 GRTST 24HR 5.02 ON 6- 6 TO 1/4 MILE OR LESS
LOWEST: 54 ON 23,22 3 = THUNDER
SNOW, ICE PELLETS, HAIL 4 = ICE PELLETS
TOTAL MONTH: 0.0 INCH 5 = HAIL
GRTST 24HR 0.0 6 = FREEZING RAIN OR DRIZZLE
GRTST DEPTH: 0 7 = DUSTSTORM OR SANDSTORM:
VSBY 1/2 MILE OR LESS
8 = SMOKE OR HAZE
[NO. OF DAYS WITH] [WEATHER - DAYS WITH] 9 = BLOWING SNOW
X = TORNADO
MAX 32 OR BELOW: 0 0.01 INCH OR MORE: 8
MAX 90 OR ABOVE: 15 0.10 INCH OR MORE: 8
MIN 32 OR BELOW: 0 0.50 INCH OR MORE: 6
MIN 0 OR BELOW: 0 1.00 INCH OR MORE: 2
[HDD (BASE 65) ]
TOTAL THIS MO. 0 CLEAR (SCALE 0-3) 13
DPTR FM NORMAL -4 PTCLDY (SCALE 4-7) 11
TOTAL FM JUL 1 3287 CLOUDY (SCALE 8-10) 6
DPTR FM NORMAL -345
[CDD (BASE 65) ]
TOTAL THIS MO. 345
DPTR FM NORMAL 60 [PRESSURE DATA]
TOTAL FM JAN 1 488 HIGHEST SLP M ON M
DPTR FM NORMAL 57 LOWEST SLP M ON M
[REMARKS]
#FINAL-06-21#