000
CXUS54 KLZK 011230
CF6MEZ
PRELIMINARY LOCAL CLIMATOLOGICAL DATA (WS FORM: F-6)
STATION: MENA AIRPORT
MONTH: AUGUST
YEAR: 2023
LATITUDE: 34 9 N
LONGITUDE: 94 15 W
TEMPERATURE IN F: :PCPN: SNOW: WIND :SUNSHINE: SKY :PK WND
================================================================================
1 2 3 4 5 6A 6B 7 8 9 10 11 12 13 14 15 16 17 18
12Z AVG MX 2MIN
DY MAX MIN AVG DEP HDD CDD WTR SNW DPTH SPD SPD DIR MIN PSBL S-S WX SPD DR
================================================================================
1 96 68 82 3 0 17 0.00 M M 1.9 6 120 M M 0 1 M M
2 101 69 85 6 0 20 0.00 M M 2.7 8 250 M M 0 1 18 250
3 102 75 89 10 0 24 0.00 M M 5.5 13 260 M M 0 20 260
4 102 74 88 9 0 23 0.00 M M 5.1 14 280 M M 0 20 260
5 99 72 86 7 0 21 0.05 M M 4.0 18 280 M M 0 3 32 280
6 93 69 81 2 0 16 0.02 M M 4.6 15 280 M M 1 1 30 280
7 86 68 77 -2 0 12 0.02 M M 3.0 10 280 M M 1 1 31 M
8 77 67 72 -7 0 7 0.32 M M 2.3 10 40 M M 3 13 31 0
9 89 68 79 0 0 14 T M M 2.1 8 250 M M 2 1 17 250
10 93 71 82 3 0 17 0.00 M M 2.2 8 260 M M 1 1 M M
11 92 74 83 4 0 18 T M M 1.4 6 240 M M 2 1 M M
12 92 74 83 4 0 18 0.00 M M 1.7 8 260 M M 0 M M
13 95 73 84 5 0 19 0.00 M M 2.4 10 250 M M 0 1 16 250
14 89 66 78 -1 0 13 0.00 M M 3.8 12 340 M M 0 M M
15 82 59 71 -8 0 6 0.00 M M 3.6 10 30 M M 0 18 M M
16 83 57 70 -9 0 5 0.00 M M 0.6 6 110 M M 0 1 M M
17 91 57 74 -4 0 9 0.00 M M 1.4 7 260 M M 0 M M
18 96 65 81 3 0 16 0.00 M M 1.5 7 70 M M 0 1 M M
19 98 68 83 5 0 18 0.00 M M 1.1 6 240 M M 0 1 M M
20 101 71 86 8 0 21 0.00 M M 1.4 6 99 M M 0 1 M M
21 98 72 85 7 0 20 0.00 M M 1.9 8 100 M M 0 1 M M
22 97 69 83 5 0 18 0.00 M M 1.7 8 110 M M 0 1 M M
23 96 71 84 6 0 19 0.00 M M 0.8 5 310 M M 0 1 M M
24 99 72 86 8 0 21 0.00 M M 1.0 7 40 M M 0 1 M M
25 101 71 86 9 0 21 0.00 M M 1.4 7 50 M M 0 1 M M
26 102 69 86 9 0 21 0.00 M M 1.3 7 310 M M 0 M M
27 92 70 81 4 0 16 0.00 M M 4.5 10 360 M M 0 17 99
28 88 70 79 2 0 14 0.00 M M 4.5 10 60 M M 2 M M
29 92 62 77 0 0 12 0.00 M M 3.0 10 40 M M 0 M M
30 92 61 77 1 0 12 0.00 M M 2.2 9 30 M M 0 M M
31 90 61 76 0 0 11 0.00 M M 2.7 10 60 M M 0 M M
================================================================================
SM 2904 2113 0 499 0.41 M 77.3 M 12
================================================================================
AV 93.7 68.2 2.5 FASTST M M 0 MAX(MPH)
MISC ----> 18 280 32 280
================================================================================
NOTES:
# LAST OF SEVERAL OCCURRENCES
COLUMN 17 PEAK WIND IN M.P.H.
PRELIMINARY LOCAL CLIMATOLOGICAL DATA (WS FORM: F-6) , PAGE 2
STATION: MENA AIRPORT
MONTH: AUGUST
YEAR: 2023
LATITUDE: 34 9 N
LONGITUDE: 94 15 W
[TEMPERATURE DATA] [PRECIPITATION DATA] SYMBOLS USED IN COLUMN 16
AVERAGE MONTHLY: 80.9 TOTAL FOR MONTH: 0.41 1 = FOG OR MIST
DPTR FM NORMAL: 2.7 DPTR FM NORMAL: -2.29 2 = FOG REDUCING VISIBILITY
HIGHEST: 102 ON 4, 3 GRTST 24HR 0.32 ON 8- 8 TO 1/4 MILE OR LESS
LOWEST: 57 ON 17,16 3 = THUNDER
SNOW, ICE PELLETS, HAIL 4 = ICE PELLETS
TOTAL MONTH: M 5 = HAIL
GRTST 24HR M ON M 6 = FREEZING RAIN OR DRIZZLE
GRTST DEPTH: M ON M 7 = DUSTSTORM OR SANDSTORM:
VSBY 1/2 MILE OR LESS
8 = SMOKE OR HAZE
[NO. OF DAYS WITH] [WEATHER - DAYS WITH] 9 = BLOWING SNOW
X = TORNADO
MAX 32 OR BELOW: 0 0.01 INCH OR MORE: 4
MAX 90 OR ABOVE: 24 0.10 INCH OR MORE: 1
MIN 32 OR BELOW: 0 0.50 INCH OR MORE: 0
MIN 0 OR BELOW: 0 1.00 INCH OR MORE: 0
[HDD (BASE 65) ]
TOTAL THIS MO. 0 CLEAR (SCALE 0-3) 31
DPTR FM NORMAL -1 PTCLDY (SCALE 4-7) 0
TOTAL FM JUL 1 0 CLOUDY (SCALE 8-10) 0
DPTR FM NORMAL 0
[CDD (BASE 65) ]
TOTAL THIS MO. 499
DPTR FM NORMAL 88 [PRESSURE DATA]
TOTAL FM JAN 1 1437 HIGHEST SLP M ON M
DPTR FM NORMAL 176 LOWEST SLP M ON M
[REMARKS]
#FINAL-08-23#