000
CXUS51 KCLE 011648
CLMMFD
CLIMATE REPORT
NATIONAL WEATHER SERVICE CLEVELAND, OH
1248 PM EDT SAT JUL 01 2023
...................................
...THE MANSFIELD OH CLIMATE SUMMARY FOR THE MONTH OF JUNE 2023...
CLIMATE NORMAL PERIOD 1991 TO 2020
CLIMATE RECORD PERIOD 1916 TO 2023
WEATHER OBSERVED NORMAL DEPART LAST YEAR`S
VALUE DATE(S) VALUE FROM VALUE
NORMAL
..............................................................
TEMPERATURE (F)
RECORD
HIGH 101 06/25/1988
LOW 32 06/06/1945
HIGHEST 89 06/02
06/03
LOWEST 42 06/08
AVG. MAXIMUM 77.0 79.4 -2.4 80.7
AVG. MINIMUM 55.4 58.6 -3.2 59.3
MEAN 66.2 69.0 -2.8 70.0
DAYS MAX >= 90 0 1.5 -1.5 3
DAYS MAX <= 32 0 0.0 0.0 0
DAYS MIN <= 32 0 0.0 0.0 0
DAYS MIN <= 0 0 0.0 0.0 0
PRECIPITATION (INCHES)
RECORD
MAXIMUM 10.00 1981
MINIMUM 0.56 1988
TOTALS 5.59 4.79 0.80 4.15
DAYS >= .01 10 12.7 -2.7 9
DAYS >= .10 7 8.7 -1.7 6
DAYS >= .50 3 3.7 -0.7 4
DAYS >= 1.00 2 1.1 0.9 1
GREATEST
24 HR. TOTAL 1.80 06/11 TO 06/12 1.68
SNOWFALL (INCHES)
RECORDS
TOTAL T MM
TOTALS 0.0 0.0 0.0 0.0
SINCE 7/1 14.5 49.2 -34.7 26.6
DAYS >= 1.0 0 0.0 0.0 0
GREATEST
24 HR TOTAL 0.0
DEGREE DAYS
HEATING TOTAL 47 38 9 16
SINCE 7/1 5286 5981 -695 5496
COOLING TOTAL 91 158 -67 174
SINCE 1/1 137 221 -84 269
..............................................................
WIND (MPH)
AVERAGE WIND SPEED 7.6
HIGHEST WIND SPEED/DIRECTION 25/320 DATE 06/12
25/220 06/13
HIGHEST GUST SPEED/DIRECTION 33/210 DATE 06/13
SKY COVER
AVERAGE SKY COVER 0.40
AVERAGE RH (PERCENT) 67
WEATHER CONDITIONS. NUMBER OF DAYS WITH
THUNDERSTORM 3 MIXED PRECIP 0
HEAVY RAIN 6 RAIN 7
LIGHT RAIN 10 FREEZING RAIN 0
LT FREEZING RAIN 0 HAIL 0
HEAVY SNOW 0 SNOW 0
LIGHT SNOW 0 SLEET 0
FOG 19 FOG W/VIS <= 1/4 MILE 1
HAZE 11
- INDICATES NEGATIVE NUMBERS.
R INDICATES RECORD WAS SET OR TIED.
MM INDICATES DATA IS MISSING.
T INDICATES TRACE AMOUNT.
$$