886
CXUS51 KCLE 051859
CLSMFD
CLIMATE REPORT
NATIONAL WEATHER SERVICE CLEVELAND, OH
159 PM EST SAT DEC 05 2020
...................................
...THE MANSFIELD OH CLIMATE SUMMARY FOR THE SEASON, FROM
9/1/2020 TO 11/30/2020...
CLIMATE NORMAL PERIOD 1981 TO 2010
CLIMATE RECORD PERIOD 1916 TO 2020
WEATHER OBSERVED NORMAL DEPART
VALUE DATE(S) VALUE FROM
NORMAL
................................................
TEMPERATURE (F)
RECORD
HIGH 95 09/10/2013
LOW 2 11/30/1976
HIGHEST 86 09/09
LOWEST 21 11/18
AVG. MAXIMUM 64.0 61.4 2.6
AVG. MINIMUM 45.0 42.5 2.5
MEAN 54.5 52.0 2.5
DAYS MAX >= 90 0 0.3
DAYS MAX <= 32 0 2.0
DAYS MIN <= 32 13 18.5
DAYS MIN <= 0 0 0.0
PRECIPITATION (INCHES)
RECORD
MAXIMUM 16.97 1926
MINIMUM 2.39 1953
TOTALS 13.41 10.07 3.34
DAYS >= .01 30 32.9
DAYS >= .10 21 19.3
DAYS >= .50 10 6.4
DAYS >= 1.00 3 2.4
SNOWFALL (INCHES)
RECORDS
TOTAL 12.5 1993
TOTALS 0.7 2.7
DAYS >= TRACE 6
DAYS >= 1.0 0 0.9
DEGREE DAYS
HEATING TOTAL 1014 1255 -241
COOLING TOTAL 89 71 18
................................................
WIND (MPH)
HIGHEST GUST SPEED/DIRECTION 59/250 DATE 11/15
SKY COVER
POSSIBLE SUNSHINE (PERCENT) MM
NUMBER OF DAYS FAIR 49
NUMBER OF DAYS PC 19
NUMBER OF DAYS CLOUDY 23
WEATHER CONDITIONS. NUMBER OF DAYS WITH
THUNDERSTORM 9 MIXED PRECIP 0
HEAVY RAIN 10 RAIN 14
LIGHT RAIN 32 FREEZING RAIN 0
LT FREEZING RAIN 0 HAIL 0
HEAVY SNOW 0 SNOW 2
LIGHT SNOW 4 SLEET 0
FOG 46 FOG W/VIS <= 1/4 MILE 9
HAZE 5
- INDICATES NEGATIVE NUMBERS.
R INDICATES RECORD WAS SET OR TIED.
MM INDICATES DATA IS MISSING.
T INDICATES TRACE AMOUNT.
$$