000
CXUS54 KBRO 010637
CLMMFE
CLIMATE REPORT
NATIONAL WEATHER SERVICE BROWNSVILLE, TX
137 AM CDT MON MAY 01 2023
...................................
...THE MCALLEN CLIMATE SUMMARY FOR THE MONTH OF APRIL 2023...
CLIMATE NORMAL PERIOD 1991 TO 2020
CLIMATE RECORD PERIOD 1961 TO 2023
WEATHER OBSERVED NORMAL DEPART LAST YEAR`S
VALUE DATE(S) VALUE FROM VALUE DATE(S)
NORMAL
................................................................
TEMPERATURE (F)
HIGHEST 99 04/15 97 2 109 04/06
LOWEST 54 04/30 50 4 53 04/08
AVG. MAXIMUM 83.8 88.4 -4.6
AVG. MINIMUM 65.4 68.4 -3.0
MEAN 74.6 78.4 -3.8 80.6
DAYS MAX >= 90 4 12.8 -8.8
DAYS MAX <= 32 0 0.0 0.0
DAYS MIN <= 32 0 0.0 0.0
DAYS MIN <= 0 0 0.0 0.0
PRECIPITATION (INCHES)
TOTALS 5.01 1.43 3.58 0.80
DAILY AVG. 0.17 0.05 0.12 0.03
DAYS >= .01 11 3.8 7.2 6
DAYS >= .10 7 1.8 5.2 1
DAYS >= .50 4 0.9 3.1 1
DAYS >= 1.00 2 0.3 1.7 0
GREATEST
24 HR. TOTAL 1.97 04/06 TO 04/07
STORM TOTAL 1.44
(MM/DD(HH))
SNOWFALL (INCHES)
TOTALS 0.0 MM MM 0.0
SINCE 7/1 0.0 MM MM MM
DEGREE DAYS
HEATING TOTAL 16 5 11 0
SINCE 7/1 520 448 72 MM
COOLING TOTAL 313 406 -93 477
SINCE 1/1 1017 900 117 MM
................................................................
WIND (MPH)
AVERAGE WIND SPEED 10.1
HIGHEST WIND SPEED/DIRECTION 51/320 DATE 04/28
HIGHEST GUST SPEED/DIRECTION 74/320 DATE 04/28
SKY COVER
POSSIBLE SUNSHINE (PERCENT) MM
AVERAGE SKY COVER 0.60
NUMBER OF DAYS FAIR 7
NUMBER OF DAYS PC 11
NUMBER OF DAYS CLOUDY 12
AVERAGE RH (PERCENT) 75
WEATHER CONDITIONS. NUMBER OF DAYS WITH
THUNDERSTORM 10 MIXED PRECIP 0
HEAVY RAIN 6 RAIN 4
LIGHT RAIN 13 FREEZING RAIN 0
LT FREEZING RAIN 0 HAIL 0
HEAVY SNOW 0 SNOW 0
LIGHT SNOW 0 SLEET 0
FOG 22 FOG W/VIS <= 1/4 MILE 1
HAZE 11
- INDICATES NEGATIVE NUMBERS.
R INDICATES RECORD WAS SET OR TIED.
MM INDICATES DATA IS MISSING.
T INDICATES TRACE AMOUNT.
$$