000
CXUS53 KGRB 010912
CF6MFI
PRELIMINARY LOCAL CLIMATOLOGICAL DATA (WS FORM: F-6)
STATION: MARSHFIELD WI
MONTH: AUGUST
YEAR: 2021
LATITUDE: 44 37 N
LONGITUDE: 90 11 W
TEMPERATURE IN F: :PCPN: SNOW: WIND :SUNSHINE: SKY :PK WND
================================================================================
1 2 3 4 5 6A 6B 7 8 9 10 11 12 13 14 15 16 17 18
12Z AVG MX 2MIN
DY MAX MIN AVG DEP HDD CDD WTR SNW DPTH SPD SPD DIR MIN PSBL S-S WX SPD DR
================================================================================
1 75 53 64 -5 1 0 0.00 0.0 0 9.0 17 340 M M 3 18 23 340
2 77 50 64 -5 1 0 0.00 0.0 0 4.1 10 280 M M 2 15 310
3 80 55 68 -1 0 3 0.00 0.0 0 5.0 12 310 M M 1 18 18 260
4 81 58 70 1 0 5 0.00 0.0 0 4.0 12 250 M M 0 18 18 230
5 77 61 69 0 0 4 0.02 0.0 0 8.8 22 240 M M 4 1 32 240
6 79 61 70 1 0 5 0.00 0.0 0 4.2 12 220 M M 6 18 17 190
7 70 61 66 -2 0 1 2.77 0.0 0 7.0 18 150 M M 8 123 26 150
8 82 66 74 6 0 9 1.28 0.0 0 6.8 25 230 M M 6 123 39 220
9 80 65 73 5 0 8 0.19 0.0 0 4.0 17 290 M M 6 123 29 230
10 83 62 73 5 0 8 0.00 0.0 0 6.3 18 220 M M 7 12 23 220
11 84 62 73 5 0 8 0.44 0.0 0 7.9 24 220 M M 6 1238 35 230
12 80 57 69 1 0 4 T 0.0 0 7.5 18 290 M M 2 29 290
13 75 51 63 -5 2 0 0.00 0.0 0 7.3 17 330 M M 1 26 300
14 79 51 65 -3 0 0 0.00 0.0 0 3.9 10 270 M M 0 19 250
15 80 53 67 -1 0 2 0.00 0.0 0 4.5 15 250 M M 0 20 230
16 79 53 66 -2 0 1 0.00 0.0 0 4.3 15 190 M M 0 1 20 150
17 81 56 69 2 0 4 0.00 0.0 0 5.1 15 170 M M 1 12 23 160
18 83 59 71 4 0 6 0.00 0.0 0 2.9 13 190 M M 1 1 17 200
19 85 59 72 5 0 7 0.00 0.0 0 0.6 8 240 M M 0 18 11 260
20 85 62 74 7 0 9 0.00 0.0 0 6.6 18 170 M M 0 128 25 170
21 81 55 68 1 0 3 T 0.0 0 9.8 18 320 M M 5 13 27 310
22 75 49 62 -5 3 0 T 0.0 0 4.4 13 60 M M 0 1 20 50
23 85 60 73 7 0 8 T 0.0 0 6.4 15 240 M M 3 1 22 250
24 73 64 69 3 0 4 1.03 0.0 0 5.0 41 300 M M 6 123 63 280
25 84 63 74 8 0 9 0.00 0.0 0 5.8 13 300 M M 3 1 17 300
26 76 58 67 1 0 2 0.06 0.0 0 6.8 17 100 M M 3 13 25 100
27 74 62 68 2 0 3 3.55 0.0 0 6.5 17 90 M M 9 13 27 90
28 83 66 75 10 0 10 0.13 0.0 0 6.7 18 280 M M 3 13 26 280
29 78 62 70 5 0 5 0.01 0.0 0 9.2 21 260 M M 4 13 32 270
30 79 57 68 3 0 3 0.00 0.0 0 7.6 18 310 M M 1 25 320
31 76 57 67 2 0 2 0.00 0.0 0 6.3 14 70 M M 2 21 60
================================================================================
SM 2459 1808 7 133 9.48 0.0 184.3 M 93
================================================================================
AV 79.3 58.3 5.9 FASTST M M 3 MAX(MPH)
MISC ----> 41 300 63 280
================================================================================
NOTES:
# LAST OF SEVERAL OCCURRENCES
COLUMN 17 PEAK WIND IN M.P.H.
PRELIMINARY LOCAL CLIMATOLOGICAL DATA (WS FORM: F-6) , PAGE 2
STATION: MARSHFIELD WI
MONTH: AUGUST
YEAR: 2021
LATITUDE: 44 37 N
LONGITUDE: 90 11 W
[TEMPERATURE DATA] [PRECIPITATION DATA] SYMBOLS USED IN COLUMN 16
AVERAGE MONTHLY: 68.8 TOTAL FOR MONTH: 9.48 1 = FOG OR MIST
DPTR FM NORMAL: 1.5 DPTR FM NORMAL: 6.28 2 = FOG REDUCING VISIBILITY
HIGHEST: 85 ON 23,20 GRTST 24HR 3.66 ON 7- 8 TO 1/4 MILE OR LESS
LOWEST: 49 ON 22 3 = THUNDER
SNOW, ICE PELLETS, HAIL 4 = ICE PELLETS
TOTAL MONTH: 0.0 INCH 5 = HAIL
GRTST 24HR 0.0 6 = FREEZING RAIN OR DRIZZLE
GRTST DEPTH: 0 7 = DUSTSTORM OR SANDSTORM:
VSBY 1/2 MILE OR LESS
8 = SMOKE OR HAZE
[NO. OF DAYS WITH] [WEATHER - DAYS WITH] 9 = BLOWING SNOW
X = TORNADO
MAX 32 OR BELOW: 0 0.01 INCH OR MORE: 10
MAX 90 OR ABOVE: 0 0.10 INCH OR MORE: 7
MIN 32 OR BELOW: 0 0.50 INCH OR MORE: 4
MIN 0 OR BELOW: 0 1.00 INCH OR MORE: 4
[HDD (BASE 65) ]
TOTAL THIS MO. 7 CLEAR (SCALE 0-3) 19
DPTR FM NORMAL -31 PTCLDY (SCALE 4-7) 10
TOTAL FM JUL 1 15 CLOUDY (SCALE 8-10) 2
DPTR FM NORMAL -49
[CDD (BASE 65) ]
TOTAL THIS MO. 133
DPTR FM NORMAL 25 [PRESSURE DATA]
TOTAL FM JAN 1 498 HIGHEST SLP 30.28 ON 14
DPTR FM NORMAL 145 LOWEST SLP 29.61 ON 11
[REMARKS]
#FINAL-08-21#