000
CXUS56 KMFR 011610
CF6MFR
PRELIMINARY LOCAL CLIMATOLOGICAL DATA (WS FORM: F-6)
STATION: MEDFORD OR
MONTH: MARCH
YEAR: 2021
LATITUDE: 42 22 N
LONGITUDE: 122 52 W
TEMPERATURE IN F: :PCPN: SNOW: WIND :SUNSHINE: SKY :PK WND
================================================================================
1 2 3 4 5 6A 6B 7 8 9 10 11 12 13 14 15 16 17 18
12Z AVG MX 2MIN
DY MAX MIN AVG DEP HDD CDD WTR SNW DPTH SPD SPD DIR MIN PSBL S-S WX SPD DR
================================================================================
1 68 30 49 3 16 0 0.00 0.0 0 4.6 22 150 M M 1 25 150
2 67 33 50 4 15 0 0.00 0.0 0 2.9 9 280 M M 0 8 14 280
3 67 31 49 2 16 0 0.00 0.0 0 2.3 12 300 M M 0 14 300
4 67 33 50 3 15 0 0.00 0.0 0 14.9 36 130 M M 0 44 140
5 63 38 51 4 14 0 0.69 0.0 0 15.4 35 140 M M 6 1 43 130
6 54 35 45 -2 20 0 0.12 0.0 0 2.4 10 320 M M 8 1 13 320
7 53 39 46 -1 19 0 0.00 0.0 0 4.4 15 310 M M 4 20 320
8 53 34 44 -3 21 0 0.00 0.0 0 4.9 23 210 M M 5 34 220
9 51 34 43 -4 22 0 0.06 0.0 0 3.5 22 200 M M 7 26 200
10 48 38 43 -5 22 0 0.03 0.0 0 3.3 9 240 M M 9 8 13 20
11 58 38 48 0 17 0 0.00 0.0 0 2.8 10 160 M M 5 8 13 160
12 65 32 49 1 16 0 0.00 0.0 0 1.9 12 160 M M 0 13 150
13 68 32 50 2 15 0 0.00 0.0 0 1.9 10 300 M M 0 11 300
14 50 37 44 -4 21 0 0.39 0.0 0 5.2 20 280 M M 6 1 24 280
15 46 36 41 -7 24 0 T 0.0 0 9.2 20 330 M M 8 24 320
16 56 32 44 -4 21 0 0.00 0.0 0 2.4 10 180 M M 4 8 12 170
17 65 31 48 0 17 0 0.00 0.0 0 8.1 31 140 M M 0 39 160
18 63 43 53 4 12 0 0.01 0.0 0 14.0 29 140 M M 7 37 130
19 57 34 46 -3 19 0 T 0.0 0 4.7 22 250 M M 5 1 26 260
20 56 39 48 -1 17 0 T 0.0 0 5.9 21 300 M M 8 26 300
21 56 38 47 -2 18 0 T 0.0 0 4.2 13 310 M M 8 17 320
22 56 39 48 -1 17 0 0.16 0.0 0 4.7 18 320 M M 9 25 310
23 59 30 45 -4 20 0 0.00 0.0 0 3.6 12 320 M M 1 16 330
24 57 33 45 -4 20 0 T 0.0 0 3.6 16 330 M M 5 22 300
25 53 38 46 -3 19 0 0.01 0.0 0 5.2 20 330 M M 5 23 320
26 64 32 48 -2 17 0 0.00 0.0 0 1.7 9 20 M M 3 11 30
27 74 35 55 5 10 0 0.00 0.0 0 1.4 9 180 M M 0 12 180
28 74 38 56 6 9 0 T 0.0 0 7.6 31 270 M M 2 37 280
29 56 36 46 -4 19 0 0.00 0.0 M 5.9 17 320 M M 2 23 320
30 66 31 49 -1 16 0 0.00 0.0 0 2.0 8 200 M M 0 11 360
31 81 34 58 8 7 0 0.00 0.0 0 2.0 10 190 M M 0 13 190
================================================================================
SM 1871 1083 531 0 1.47 0.0 156.6 M 118
================================================================================
AV 60.4 34.9 5.1 FASTST M M 4 MAX(MPH)
MISC ----> 36 130 44 140
================================================================================
NOTES:
# LAST OF SEVERAL OCCURRENCES
COLUMN 17 PEAK WIND IN M.P.H.
PRELIMINARY LOCAL CLIMATOLOGICAL DATA (WS FORM: F-6) , PAGE 2
STATION: MEDFORD OR
MONTH: MARCH
YEAR: 2021
LATITUDE: 42 22 N
LONGITUDE: 122 52 W
[TEMPERATURE DATA] [PRECIPITATION DATA] SYMBOLS USED IN COLUMN 16
AVERAGE MONTHLY: 47.6 TOTAL FOR MONTH: 1.47 1 = FOG OR MIST
DPTR FM NORMAL: -0.7 DPTR FM NORMAL: -0.24 2 = FOG REDUCING VISIBILITY
HIGHEST: 81 ON 31 GRTST 24HR 0.81 ON 5- 6 TO 1/4 MILE OR LESS
LOWEST: 30 ON 23, 1 3 = THUNDER
SNOW, ICE PELLETS, HAIL 4 = ICE PELLETS
TOTAL MONTH: 0.0 INCH 5 = HAIL
GRTST 24HR 0.0 6 = FREEZING RAIN OR DRIZZLE
GRTST DEPTH: 0 7 = DUSTSTORM OR SANDSTORM:
VSBY 1/2 MILE OR LESS
8 = SMOKE OR HAZE
[NO. OF DAYS WITH] [WEATHER - DAYS WITH] 9 = BLOWING SNOW
X = TORNADO
MAX 32 OR BELOW: 0 0.01 INCH OR MORE: 8
MAX 90 OR ABOVE: 0 0.10 INCH OR MORE: 4
MIN 32 OR BELOW: 9 0.50 INCH OR MORE: 1
MIN 0 OR BELOW: 0 1.00 INCH OR MORE: 0
[HDD (BASE 65) ]
TOTAL THIS MO. 531 CLEAR (SCALE 0-3) 14
DPTR FM NORMAL 13 PTCLDY (SCALE 4-7) 15
TOTAL FM JUL 1 3279 CLOUDY (SCALE 8-10) 2
DPTR FM NORMAL -353
[CDD (BASE 65) ]
TOTAL THIS MO. 0
DPTR FM NORMAL 0 [PRESSURE DATA]
TOTAL FM JAN 1 0 HIGHEST SLP 30.42 ON 30
DPTR FM NORMAL 0 LOWEST SLP 29.70 ON 3
[REMARKS]
#FINAL-03-21#