000
CXUS54 KBMX 011010
CF6MGM
PRELIMINARY LOCAL CLIMATOLOGICAL DATA (WS FORM: F-6)
STATION: MONTGOMERY
MONTH: AUGUST
YEAR: 2021
LATITUDE: 32 17 N
LONGITUDE: 86 24 W
TEMPERATURE IN F: :PCPN: SNOW: WIND :SUNSHINE: SKY :PK WND
================================================================================
1 2 3 4 5 6A 6B 7 8 9 10 11 12 13 14 15 16 17 18
12Z AVG MX 2MIN
DY MAX MIN AVG DEP HDD CDD WTR SNW DPTH SPD SPD DIR MIN PSBL S-S WX SPD DR
================================================================================
1 95 73 84 1 0 19 0.22 0.0 0 4.5 28 300 M M 2 3 37 300
2 90 70 80 -3 0 15 1.39 0.0 0 4.5 30 320 M M 4 138 46 300
3 90 70 80 -3 0 15 0.00 0.0 0 3.9 10 350 M M 2 1 17 10
4 89 72 81 -2 0 16 T 0.0 0 6.0 21 50 M M 5 27 50
5 89 71 80 -3 0 15 0.00 0.0 0 5.9 13 110 M M 2 17 90
6 88 69 79 -4 0 14 0.00 0.0 0 3.1 10 100 M M 1 14 90
7 91 70 81 -2 0 16 0.32 0.0 0 3.2 23 50 M M 3 1 27 50
8 93 71 82 -1 0 17 0.00 0.0 0 1.9 8 340 M M 1 12 11 350
9 95 74 85 2 0 20 0.06 0.0 M 2.2 10 320 M M 2 13 13 320
10 96 75 86 3 0 21 0.00 0.0 0 3.0 17 80 M M 1 3 22 80
11 93 73 83 0 0 18 0.02 0.0 0 4.1 18 180 M M 2 3 24 180
12 93 72 83 0 0 18 T 0.0 0 3.3 28 110 M M 1 3 35 100
13 94 70 82 -1 0 17 0.00 0.0 0 1.7 8 220 M M 0 12 320
14 97 73 85 2 0 20 T 0.0 M 4.3 23 120 M M 2 3 30 120
15 91 72 82 -1 0 17 T 0.0 M 5.2 21 140 M M 2 26 130
16 88 74 81 -2 0 16 0.04 0.0 M 8.2 28 110 M M 4 38 100
17 92 75 84 1 0 19 T 0.0 0 7.8 16 280 M M 5 19 280
18 96 74 85 3 0 20 0.00 0.0 M 3.6 12 150 M M 1 14 150
19 95 74 85 3 0 20 0.81 0.0 M 2.8 18 330 M M 3 13 23 340
20 89 74 82 0 0 17 0.40 0.0 0 4.9 15 280 M M 5 13 21 270
21 89 74 82 0 0 17 0.32 0.0 0 4.4 26 260 M M 5 13 34 290
22 92 74 83 1 0 18 0.63 0.0 0 5.5 14 330 M M 4 13 17 330
23 95 75 85 3 0 20 0.00 0.0 0 2.8 9 270 M M 0 12 320
24 95 76 86 4 0 21 0.00 0.0 0 4.2 14 70 M M 1 16 80
25 94 75 85 3 0 20 0.00 0.0 0 5.7 21 40 M M 2 3 26 30
26 92 75 84 2 0 19 0.00 0.0 0 5.7 13 100 M M 4 14 70
27 92 74 83 1 0 18 T 0.0 0 6.3 15 110 M M 1 19 140
28 90 74 82 0 0 17 0.08 0.0 0 9.1 25 100 M M 5 13 32 100
29 86 73 80 -1 0 15 0.29 0.0 0 8.4 30 170 M M 4 13 44 180
30 79 75 77 -4 0 12 0.27 0.0 0 11.1 20 140 M M 4 13 25 130
31 83 75 79 -2 0 14 0.44 0.0 0 11.0 21 220 M M 9 13 31 150
================================================================================
SM 2831 2266 0 541 5.29 0.0 158.3 M 87
================================================================================
AV 91.3 73.1 5.1 FASTST M M 3 MAX(MPH)
MISC ----> # 30 320 46 300
================================================================================
NOTES:
# LAST OF SEVERAL OCCURRENCES
COLUMN 17 PEAK WIND IN M.P.H.
PRELIMINARY LOCAL CLIMATOLOGICAL DATA (WS FORM: F-6) , PAGE 2
STATION: MONTGOMERY
MONTH: AUGUST
YEAR: 2021
LATITUDE: 32 17 N
LONGITUDE: 86 24 W
[TEMPERATURE DATA] [PRECIPITATION DATA] SYMBOLS USED IN COLUMN 16
AVERAGE MONTHLY: 82.2 TOTAL FOR MONTH: 5.29 1 = FOG OR MIST
DPTR FM NORMAL: -0.3 DPTR FM NORMAL: 1.27 2 = FOG REDUCING VISIBILITY
HIGHEST: 97 ON 14 GRTST 24HR 1.59 ON 1- 2 TO 1/4 MILE OR LESS
LOWEST: 69 ON 6 3 = THUNDER
SNOW, ICE PELLETS, HAIL 4 = ICE PELLETS
TOTAL MONTH: 0.0 INCH 5 = HAIL
GRTST 24HR 0.0 6 = FREEZING RAIN OR DRIZZLE
GRTST DEPTH: 0 7 = DUSTSTORM OR SANDSTORM:
VSBY 1/2 MILE OR LESS
8 = SMOKE OR HAZE
[NO. OF DAYS WITH] [WEATHER - DAYS WITH] 9 = BLOWING SNOW
X = TORNADO
MAX 32 OR BELOW: 0 0.01 INCH OR MORE: 14
MAX 90 OR ABOVE: 22 0.10 INCH OR MORE: 10
MIN 32 OR BELOW: 0 0.50 INCH OR MORE: 3
MIN 0 OR BELOW: 0 1.00 INCH OR MORE: 1
[HDD (BASE 65) ]
TOTAL THIS MO. 0 CLEAR (SCALE 0-3) 18
DPTR FM NORMAL 0 PTCLDY (SCALE 4-7) 12
TOTAL FM JUL 1 0 CLOUDY (SCALE 8-10) 1
DPTR FM NORMAL 0
[CDD (BASE 65) ]
TOTAL THIS MO. 541
DPTR FM NORMAL -1 [PRESSURE DATA]
TOTAL FM JAN 1 1891 HIGHEST SLP 30.20 ON 10
DPTR FM NORMAL -88 LOWEST SLP 29.66 ON 31
[REMARKS]
#FINAL-08-21#