000
CXUS53 KFSD 011812
CF6MHE
PRELIMINARY LOCAL CLIMATOLOGICAL DATA (WS FORM: F-6)
STATION: MITCHELL SD
MONTH: NOVEMBER
YEAR: 2020
LATITUDE: 43 46 N
LONGITUDE: 98 2 W
TEMPERATURE IN F: :PCPN: SNOW: WIND :SUNSHINE: SKY :PK WND
================================================================================
1 2 3 4 5 6A 6B 7 8 9 10 11 12 13 14 15 16 17 18
12Z AVG MX 2MIN
DY MAX MIN AVG DEP HDD CDD WTR SNW DPTH SPD SPD DIR MIN PSBL S-S WX SPD DR
================================================================================
1 46 28 37 -6 28 0 0.00 0.0 0 8.6 17 320 M M 1 22 320
2 71 29 50 8 15 0 0.00 0.0 0 5.5 14 280 M M 0 19 280
3 78 34 56 14 9 0 0.00 0.0 0 5.3 10 240 M M 0 15 280
4 81 32 57 16 8 0 0.00 0.0 0 4.6 10 300 M M 0 14 210
5 74 39 57 17 8 0 0.00 0.0 0 6.9 17 190 M M 0 25 190
6 84 51 68 28 0 3 0.00 0.0 0 15.7 30 200 M M 0 44 170
7 79 54 67 28 0 2 0.00 0.0 0 16.3 29 170 M M 0 46 170
8 73 44 59 20 6 0 0.20 0.0 0 19.9 41 170 M M 4 1 57 190
9 44 25 35 -3 30 0 0.33 T 0 15.7 33 300 M M 8 16 46 350
10 27 20 24 -13 41 0 0.17 2.2 0 8.2 17 320 M M 6 12 23 310
11 44 12 28 -9 37 0 0.00 0.0 2 7.2 13 360 M M 2 21 320
12 32 20 26 -10 39 0 T T 0 11.5 22 350 M M 5 1 30 340
13 44 16 30 -6 35 0 0.00 0.0 0 15.1 24 170 M M 0 32 170
14 48 32 40 5 25 0 0.00 0.0 0 12.1 36 310 M M 2 50 310
15 46 23 35 1 30 0 0.00 0.0 0 17.9 33 310 M M 1 44 310
16 55 25 40 6 25 0 0.00 0.0 0 12.1 30 290 M M 1 39 300
17 51 20 36 3 29 0 0.00 0.0 0 13.2 25 160 M M 3 1 33 160
18 65 39 52 20 13 0 0.00 0.0 0 12.4 21 150 M M 0 26 160
19 59 36 48 16 17 0 0.00 0.0 0 6.1 15 320 M M 1 18 310
20 43 24 34 3 31 0 0.00 0.0 0 6.9 14 360 M M 1 1 19 350
21 46 19 33 2 32 0 T 0.0 0 9.8 20 170 M M 4 1 26 170
22 47 24 36 6 29 0 0.00 0.0 0 10.0 21 290 M M 0 27 300
23 45 20 33 3 32 0 0.00 0.0 0 17.7 36 160 M M 6 1 49 160
24 39 20 30 1 35 0 0.00 0.0 0 11.1 18 310 M M 5 1 23 310
25 34 23 29 1 36 0 0.00 0.0 0 8.8 17 150 M M 10 1 24 140
26 38 19 29 1 36 0 0.00 0.0 0 9.3 21 340 M M M 1 27 340
27 51 21 36 9 29 0 0.00 0.0 0 7.3 14 250 M M 0 20 270
28 60 27 44 17 21 0 0.00 0.0 0 7.0 13 320 M M 0 16 260
29 42 18 30 4 35 0 0.00 0.0 0 17.4 35 330 M M 1 49 330
30 43 12 28 2 37 0 0.00 0.0 0 9.7 16 140 M M 0 21 160
================================================================================
SM 1589 806 748 5 0.70 2.2 329.3 M 61
================================================================================
AV 53.0 26.9 11.0 FASTST M M 2 MAX(MPH)
MISC ----> 41 170 57 190
================================================================================
NOTES:
# LAST OF SEVERAL OCCURRENCES
-COLUMN 17 PEAK WIND IN M.P.H.
-PRECIPITATION AMOUNTS IN COLUMNS 7,8, AND 9 ARE THE OFFICIAL PRECIPITATION
AMOUNTS FOR MITCHELL, SD.
-SNOW DEPTH IN COLUMN 9 IS RECORDED AT 6 AM CST (12Z).
PRELIMINARY LOCAL CLIMATOLOGICAL DATA (WS FORM: F-6) , PAGE 2
STATION: MITCHELL SD
MONTH: NOVEMBER
YEAR: 2020
LATITUDE: 43 46 N
LONGITUDE: 98 2 W
[TEMPERATURE DATA] [PRECIPITATION DATA] SYMBOLS USED IN COLUMN 16
AVERAGE MONTHLY: 39.9 TOTAL FOR MONTH: 0.70 1 = FOG OR MIST
DPTR FM NORMAL: 5.8 DPTR FM NORMAL: -0.08 2 = FOG REDUCING VISIBILITY
HIGHEST: 84 ON 6 GRTST 24HR 0.53 ON 8- 9 TO 1/4 MILE OR LESS
LOWEST: 12 ON 30,11 3 = THUNDER
SNOW, ICE PELLETS, HAIL 4 = ICE PELLETS
TOTAL MONTH: 2.2 INCHES 5 = HAIL
GRTST 24HR 2.2 ON 10-10 6 = FREEZING RAIN OR DRIZZLE
GRTST DEPTH: 2 ON 11 7 = DUSTSTORM OR SANDSTORM:
VSBY 1/2 MILE OR LESS
8 = SMOKE OR HAZE
[NO. OF DAYS WITH] [WEATHER - DAYS WITH] 9 = BLOWING SNOW
X = TORNADO
MAX 32 OR BELOW: 2 0.01 INCH OR MORE: 3
MAX 90 OR ABOVE: 0 0.10 INCH OR MORE: 3
MIN 32 OR BELOW: 23 0.50 INCH OR MORE: 0
MIN 0 OR BELOW: 0 1.00 INCH OR MORE: 0
[HDD (BASE 65) ]
TOTAL THIS MO. 748 CLEAR (SCALE 0-3) 21
DPTR FM NORMAL -179 PTCLDY (SCALE 4-7) 7
TOTAL FM JUL 1 1514 CLOUDY (SCALE 8-10) 2
DPTR FM NORMAL -54
[CDD (BASE 65) ]
TOTAL THIS MO. 5
DPTR FM NORMAL 5 [PRESSURE DATA]
TOTAL FM JAN 1 1082 HIGHEST SLP 30.61 ON 20
DPTR FM NORMAL 258 LOWEST SLP 29.40 ON 14
[REMARKS]
RECORD DAILY MAXIMUM TEMPERATURE WAS ESTABLISHED ON THE 3RD WITH A HIGH OF
78 DEGREES. THE PREVIOUS RECORD WAS 74 DEGREES IN 1900 AND 1909
RECORD DAILY MAXIMUM TEMPERATURE WAS ESTABLISHED ON THE 4TH WITH A HIGH OF
81 DEGREES. THE PREVIOUS RECORD WAS 78 DEGREES IN 1978.
RECORD DAILY MAXIMUM TEMPERATURE WAS ESTABLISHED ON THE 6TH WITH A HIGH OF
84 DEGREES (ALL TIME WARMEST NOVEMBER TEMPERATURE). THE PREVIOUS RECORD WAS
78 DEGREES WAY BACK IN 1909.
RECORD DAILY HIGH MINIMUM TEMPERATURE WAS ESTABLISHED 0N THE 6TH WITH A LOW
OF 51 DEGREES. THE PREVIOUS RECORD WAS 47 DEGREES IN 2016.
RECORD DAILY MAXIMUM TEMPERATURE WAS ESTABLISHED ON THE 7TH WITH A HIGH OF
79 DEGREES. THE PREVIOUS RECORD WAS 75 DEGREES WAY BACK IN 1999.
RECORD DAILY HIGH MINIMUM TEMPERATURE WAS ESTABLISHED 0N THE 7TH WITH A LOW
OF 54 DEGREES. THE PREVIOUS RECORD WAS 50 DEGREES IN 1977.
#FINAL-11-20#