000
CXUS53 KTOP 011415
CLMMHK
CLIMATE REPORT
NATIONAL WEATHER SERVICE TOPEKA KS
915 AM CDT SAT JUL 01 2023
...................................
...THE MANHATTAN KS CLIMATE SUMMARY FOR THE MONTH OF JUNE 2023...
CLIMATE NORMAL PERIOD 1991 TO 2020
CLIMATE RECORD PERIOD 9999 TO 9999
WEATHER OBSERVED NORMAL DEPART LAST YEAR`S
VALUE DATE(S) VALUE FROM VALUE
NORMAL
..............................................................
TEMPERATURE (F)
HIGHEST 103 06/28 101
LOWEST 49 06/13 45
AVG. MAXIMUM 89.2 86.6 2.6 88.4
AVG. MINIMUM 62.7 63.4 -0.7 65.0
MEAN 76.0 75.0 1.0 76.7
DAYS MAX >= 90 14 11.6 2.4 12
DAYS MAX <= 32 0 0.0 0.0 0
DAYS MIN <= 32 0 0.0 0.0 0
DAYS MIN <= 0 0 0.0 0.0 0
PRECIPITATION (INCHES)
TOTALS 3.84 4.83 -0.99 1.45
DAILY AVG. 0.13 0.06
DAYS >= .01 11 6
DAYS >= .10 8 5
DAYS >= .50 3 1
DAYS >= 1.00 1 0
GREATEST
24 HR. TOTAL 1.42 06/09 TO 06/10 0.62
DEGREE DAYS
HEATING TOTAL 1 8 -7 6
SINCE 7/1 4913 5100 -187 MM
COOLING TOTAL 340 307 33 337
SINCE 1/1 526 438 88 MM
..............................................................
WIND (MPH)
AVERAGE WIND SPEED 4.6
HIGHEST WIND SPEED/DIRECTION 31/130 DATE 06/03
HIGHEST GUST SPEED/DIRECTION 49/130 DATE 06/03
SKY COVER
POSSIBLE SUNSHINE (PERCENT) MM
AVERAGE SKY COVER 0.16
NUMBER OF DAYS FAIR 26
NUMBER OF DAYS PC 4
NUMBER OF DAYS CLOUDY 0
AVERAGE RH (PERCENT) 63
WEATHER CONDITIONS. NUMBER OF DAYS WITH
THUNDERSTORM 12 MIXED PRECIP 0
HEAVY RAIN 6 RAIN 7
LIGHT RAIN 11 FREEZING RAIN 0
LT FREEZING RAIN 0 HAIL 0
HEAVY SNOW 0 SNOW 0
LIGHT SNOW 0 SLEET 0
FOG 10 FOG W/VIS <= 1/4 MILE 1
HAZE 17
- INDICATES NEGATIVE NUMBERS.
R INDICATES RECORD WAS SET OR TIED.
MM INDICATES DATA IS MISSING.
T INDICATES TRACE AMOUNT.
$$