000
CXUS56 KMFR 011030
CF6MHS
PRELIMINARY LOCAL CLIMATOLOGICAL DATA (WS FORM: F-6)
STATION: MT SHASTA CITY CA
MONTH: JANUARY
YEAR: 2022
LATITUDE: 41 19 N
LONGITUDE: 122 19 W
TEMPERATURE IN F: :PCPN: SNOW: WIND :SUNSHINE: SKY :PK WND
================================================================================
1 2 3 4 5 6A 6B 7 8 9 10 11 12 13 14 15 16 17 18
12Z AVG MX 2MIN
DY MAX MIN AVG DEP HDD CDD WTR SNW DPTH SPD SPD DIR MIN PSBL S-S WX SPD DR
================================================================================
1 38 14 26 -9 39 0 0.00 M M 1.2 7 300 M M 0 18 11 310
2 36 21 29 -6 36 0 0.00 M M 4.3 12 100 M M 5 18 22 140
3 39 33 36 1 29 0 0.77 M M 5.8 13 90 M M 10 1 27 130
4 41 37 39 3 26 0 0.02 M M 3.8 8 90 M M 10 15 150
5 43 36 40 4 25 0 T M M 0.3 5 100 M M 10 12 11 90
6 48 36 42 6 23 0 0.00 M M 2.2 8 100 M M 7 12 15 110
7 43 30 37 1 28 0 0.17 M M 2.2 8 100 M M 10 1 15 80
8 48 24 36 0 29 0 0.00 M M 1.2 7 60 M M 0 18 10 60
9 51 25 38 2 27 0 0.00 M M 1.3 6 70 M M 0 8 8 160
10 53 33 43 7 22 0 T M M 0.4 6 110 M M 3 8 14 90
11 58 31 45 9 20 0 0.00 M M 0.3 6 80 M M 1 8 9 70
12 65 28 47 11 18 0 0.00 M M 1.4 8 100 M M 0 8 15 100
13 54 32 43 7 22 0 0.00 M M 1.9 9 60 M M 0 8 19 90
14 M 28 M M M M 0.00 M M M M M M M M M M
15 M M M M M M 0.00 M M M M M M M 0 M M
16 M M M M M M 0.00 M M M M M M M 0 M M
17 M M M M M M M M M M M M M M M M M
18 M M M M M M M M M M M M M M M M M
19 55 31 43 6 22 0 0.00 M M 1.8 9 350 M M 1 18 19 340
20 55 31 43 6 22 0 0.00 M M 3.6 12 330 M M 1 18 30 350
21 51 33 42 5 23 0 0.00 M M 5.9 14 340 M M 0 27 350
22 59 29 44 7 21 0 0.00 M M 2.6 9 60 M M 0 8 17 60
23 59 26 43 6 22 0 0.00 M M 1.1 8 300 M M 0 8 14 300
24 58 27 43 6 22 0 0.00 M M 3.3 13 300 M M 0 8 26 290
25 54 26 40 3 25 0 0.00 M M 2.0 8 290 M M 0 8 15 300
26 56 20 38 1 27 0 0.00 M M 1.4 9 300 M M 0 8 14 300
27 61 21 41 4 24 0 0.00 M M 1.6 7 60 M M 0 8 16 220
28 54 23 39 2 26 0 0.00 M M 1.4 10 290 M M 0 8 17 300
29 54 24 39 2 26 0 0.00 M M 2.5 12 300 M M 0 8 20 300
30 57 24 41 4 24 0 0.00 M M 0.4 7 300 M M 1 8 13 300
31 47 26 37 0 28 0 0.00 M M 5.1 13 320 M M 0 8 28 330
================================================================================
SM 1337 749 656 0 0.96 M 59.0 M 59
================================================================================
AV 51.4 27.7 2.3 FASTST M M 2 MAX(MPH)
MISC ----> 14 340 30 350
================================================================================
NOTES:
# LAST OF SEVERAL OCCURRENCES
COLUMN 17 PEAK WIND IN M.P.H.
PRELIMINARY LOCAL CLIMATOLOGICAL DATA (WS FORM: F-6) , PAGE 2
STATION: MT SHASTA CITY CA
MONTH: JANUARY
YEAR: 2022
LATITUDE: 41 19 N
LONGITUDE: 122 19 W
[TEMPERATURE DATA] [PRECIPITATION DATA] SYMBOLS USED IN COLUMN 16
AVERAGE MONTHLY: 39.6 TOTAL FOR MONTH: 0.96 1 = FOG OR MIST
DPTR FM NORMAL: 3.2 DPTR FM NORMAL: -5.33 2 = FOG REDUCING VISIBILITY
HIGHEST: 65 ON 12 GRTST 24HR 0.77 ON 3- 3 TO 1/4 MILE OR LESS
LOWEST: 14 ON 1 3 = THUNDER
SNOW, ICE PELLETS, HAIL 4 = ICE PELLETS
TOTAL MONTH: M 5 = HAIL
GRTST 24HR M ON M 6 = FREEZING RAIN OR DRIZZLE
GRTST DEPTH: M ON M 7 = DUSTSTORM OR SANDSTORM:
VSBY 1/2 MILE OR LESS
8 = SMOKE OR HAZE
[NO. OF DAYS WITH] [WEATHER - DAYS WITH] 9 = BLOWING SNOW
X = TORNADO
MAX 32 OR BELOW: 0 0.01 INCH OR MORE: 3
MAX 90 OR ABOVE: 0 0.10 INCH OR MORE: 2
MIN 32 OR BELOW: 21 0.50 INCH OR MORE: 1
MIN 0 OR BELOW: 0 1.00 INCH OR MORE: 0
[HDD (BASE 65) ]
TOTAL THIS MO. 656 CLEAR (SCALE 0-3) 22
DPTR FM NORMAL -231 PTCLDY (SCALE 4-7) 2
TOTAL FM JUL 1 2752 CLOUDY (SCALE 8-10) 7
DPTR FM NORMAL -412
[CDD (BASE 65) ]
TOTAL THIS MO. 0
DPTR FM NORMAL 0 [PRESSURE DATA]
TOTAL FM JAN 1 0 HIGHEST SLP 30.58 ON 10
DPTR FM NORMAL 0 LOWEST SLP 29.81 ON 7
[REMARKS]
#FINAL-01-22#