000
CXUS52 KMFL 201849
CF6MIA
PRELIMINARY LOCAL CLIMATOLOGICAL DATA (WS FORM: F-6)
STATION: MIAMI
MONTH: MARCH
YEAR: 2023
LATITUDE: 25 49 N
LONGITUDE: 80 17 W
TEMPERATURE IN F: :PCPN: SNOW: WIND :SUNSHINE: SKY :PK WND
================================================================================
1 2 3 4 5 6A 6B 7 8 9 10 11 12 13 14 15 16 17 18
12Z AVG MX 2MIN
DY MAX MIN AVG DEP HDD CDD WTR SNW DPTH SPD SPD DIR MIN PSBL S-S WX SPD DR
================================================================================
1 85 62 74 2 0 9 0.00 0.0 0 5.2 14 160 M M 1 22 140
2 84 70 77 5 0 12 0.00 M M 7.2 18 120 M M 4 24 110
3 87 75 81 9 0 16 0.00 0.0 0 10.6 23 160 M M 5 37 180
4 89 71 80 8 0 15 0.00 0.0 0 6.7 16 200 M M 6 23 220
5 89 68 79 7 0 14 0.00 0.0 0 3.6 14 120 M M 2 19 130
6 91 72 82 10 0 17 0.00 0.0 0 5.0 14 160 M M 5 23 150
7 91 71 81 9 0 16 0.00 0.0 0 6.0 14 340 M M 3 18 280
8 90 74 82 10 0 17 0.01 0.0 0 8.3 18 70 M M 5 23 70
9 80 72 76 4 0 11 T 0.0 0 11.0 18 80 M M 5 26 100
10 82 66 74 2 0 9 0.00 0.0 0 7.4 17 140 M M 3 25 140
11 86 69 78 5 0 13 0.00 0.0 0 8.2 14 240 M M 4 22 240
12 88 67 78 5 0 13 0.00 0.0 0 5.8 14 250 M M 2 22 250
13 90 71 81 8 0 16 0.00 0.0 0 8.9 22 240 M M 4 29 240
14 85 71 78 5 0 13 0.00 0.0 0 5.7 10 20 M M 8 M M
15 76 65 71 -2 0 6 0.03 0.0 0 6.1 15 50 M M 7 23 360
16 77 59 68 -5 0 3 0.00 0.0 0 10.3 21 100 M M 5 29 80
17 81 68 75 2 0 10 0.00 0.0 0 10.1 21 130 M M 4 30 140
18 87 69 78 5 0 13 0.00 0.0 0 7.9 20 140 M M 4 29 180
19 79 62 71 -2 0 6 0.08 0.0 0 6.0 13 330 M M 8 20 340
20 77 59 68 -5 0 3 0.29 0.0 0 9.2 15 340 M M 8 1 24 350
21 80 62 71 -2 0 6 0.00 0.0 0 8.7 16 90 M M 4 24 80
22 82 66 74 0 0 9 0.00 0.0 M 9.8 22 100 M M 4 27 110
23 83 73 78 4 0 13 0.00 0.0 0 11.5 18 90 M M 4 24 80
24 85 70 78 4 0 13 0.03 0.0 0 9.1 16 120 M M 5 22 130
25 86 74 80 6 0 15 0.00 0.0 0 9.3 17 140 M M 3 26 170
26 86 75 81 7 0 16 0.00 0.0 0 9.9 17 120 M M 4 26 170
27 87 75 81 7 0 16 0.00 0.0 0 9.3 20 130 M M 5 26 140
28 88 74 81 7 0 16 0.18 0.0 0 5.6 16 160 M M 7 23 170
29 88 68 78 4 0 13 0.39 0.0 0 5.2 13 50 M M 5 13 17 80
30 78 72 75 1 0 10 3.49 0.0 0 6.6 17 80 M M 7 1 22 70
31 83 73 78 3 0 13 0.00 0.0 0 13.8 22 90 M M 6 29 80
================================================================================
SM 2620 2143 0 372 4.50 0.0 248.0 M 147
================================================================================
AV 84.5 69.1 8.0 FASTST M M 5 MAX(MPH)
MISC ----> 23 160 37 180
================================================================================
NOTES:
# LAST OF SEVERAL OCCURRENCES
COLUMN 17 PEAK WIND IN M.P.H.
PRELIMINARY LOCAL CLIMATOLOGICAL DATA (WS FORM: F-6) , PAGE 2
STATION: MIAMI
MONTH: MARCH
YEAR: 2023
LATITUDE: 25 49 N
LONGITUDE: 80 17 W
[TEMPERATURE DATA] [PRECIPITATION DATA] SYMBOLS USED IN COLUMN 16
AVERAGE MONTHLY: 76.8 TOTAL FOR MONTH: 4.50 1 = FOG OR MIST
DPTR FM NORMAL: 3.7 DPTR FM NORMAL: 2.04 2 = FOG REDUCING VISIBILITY
HIGHEST: 91 ON 7, 6 GRTST 24HR 3.67 ON 29-30 TO 1/4 MILE OR LESS
LOWEST: 59 ON 20,16 3 = THUNDER
SNOW, ICE PELLETS, HAIL 4 = ICE PELLETS
TOTAL MONTH: 0.0 INCH 5 = HAIL
GRTST 24HR 0.0 6 = FREEZING RAIN OR DRIZZLE
GRTST DEPTH: 0 7 = DUSTSTORM OR SANDSTORM:
VSBY 1/2 MILE OR LESS
8 = SMOKE OR HAZE
[NO. OF DAYS WITH] [WEATHER - DAYS WITH] 9 = BLOWING SNOW
X = TORNADO
MAX 32 OR BELOW: 0 0.01 INCH OR MORE: 8
MAX 90 OR ABOVE: 4 0.10 INCH OR MORE: 4
MIN 32 OR BELOW: 0 0.50 INCH OR MORE: 1
MIN 0 OR BELOW: 0 1.00 INCH OR MORE: 1
[HDD (BASE 65) ]
TOTAL THIS MO. 0 CLEAR (SCALE 0-3) 4
DPTR FM NORMAL -8 PTCLDY (SCALE 4-7) 26
TOTAL FM JUL 1 67 CLOUDY (SCALE 8-10) 1
DPTR FM NORMAL -28
[CDD (BASE 65) ]
TOTAL THIS MO. 372
DPTR FM NORMAL 112 [PRESSURE DATA]
TOTAL FM JAN 1 939 HIGHEST SLP 30.27 ON 22
DPTR FM NORMAL 341 LOWEST SLP 29.84 ON 3
[REMARKS]
#FINAL-03-23#