000
CXUS52 KMFL 011304
CLMMIA
CLIMATE REPORT
NATIONAL WEATHER SERVICE MIAMI, FL
904 AM EDT WED NOV 01 2023
...................................
...THE MIAMI CLIMATE SUMMARY FOR THE MONTH OF OCTOBER 2023...
CLIMATE NORMAL PERIOD: 1991 TO 2020
CLIMATE RECORD PERIOD: 1895 TO 2023
WEATHER OBSERVED NORMAL DEPART LAST YEAR`S
VALUE DATE(S) VALUE FROM VALUE
NORMAL
..............................................................
TEMPERATURE (F)
RECORD
HIGH 95 10/01/1980
LOW 0 10/27/2016
HIGHEST 95R 10/13 91
LOWEST 63 10/17 63
AVG. MAXIMUM 88.1 85.9 2.2 87.2
AVG. MINIMUM 76.0 74.2 1.8 73.9
MEAN 82.0 80.1 1.9 80.5
DAYS MAX >= 90 11 5
DAYS MAX <= 32 0 0
DAYS MIN <= 32 0 0
DAYS MIN <= 0 0 0
PRECIPITATION (INCHES)
RECORD
MAXIMUM 27.86 1908
MINIMUM 0.72 2002
TOTALS 5.78 7.65 -1.87 4.85
DAILY AVG. 0.19 0.25 -0.06
DAYS >= .01 11 10
DAYS >= .10 6 5
DAYS >= .50 4 2
DAYS >= 1.00 2 2
GREATEST
24 HR. TOTAL 2.40 10/11 TO 10/11 2.35
DEGREE DAYS
HEATING TOTAL 0 0 0 0
SINCE 7/1 0 0 0 MM
COOLING TOTAL 535 467 68 488
SINCE 1/1 4926 4140 786 MM
..............................................................
WIND (MPH)
AVERAGE WIND SPEED 7.2
HIGHEST WIND SPEED/DIRECTION 24/090 DATE 10/24
24/080 10/25
24/080 10/26
HIGHEST GUST SPEED/DIRECTION 32/090 DATE 10/26
SKY COVER
POSSIBLE SUNSHINE (PERCENT) MM
AVERAGE SKY COVER 0.52
NUMBER OF DAYS FAIR 5
NUMBER OF DAYS PC 22
NUMBER OF DAYS CLOUDY 3
AVERAGE RH (PERCENT) 66
WEATHER CONDITIONS. NUMBER OF DAYS WITH
THUNDERSTORM 4 MIXED PRECIP 0
HEAVY RAIN 4 RAIN 3
LIGHT RAIN 12 FREEZING RAIN 0
LT FREEZING RAIN 0 HAIL 0
HEAVY SNOW 0 SNOW 0
LIGHT SNOW 0 SLEET 0
FOG 4 FOG W/VIS <= 1/4 MILE 1
HAZE 2
- INDICATES NEGATIVE NUMBERS.
R INDICATES RECORD WAS SET OR TIED.
MM INDICATES DATA IS MISSING.
T INDICATES TRACE AMOUNT.
$$