000
CXUS53 KIND 010600
CF6MIE
PRELIMINARY LOCAL CLIMATOLOGICAL DATA (WS FORM: F-6)
STATION: MUNCIE IN
MONTH: JULY
YEAR: 2023
LATITUDE: 40 13 N
LONGITUDE: 85 23 W
TEMPERATURE IN F: :PCPN: SNOW: WIND :SUNSHINE: SKY :PK WND
================================================================================
1 2 3 4 5 6A 6B 7 8 9 10 11 12 13 14 15 16 17 18
12Z AVG MX 2MIN
DY MAX MIN AVG DEP HDD CDD WTR SNW DPTH SPD SPD DIR MIN PSBL S-S WX SPD DR
================================================================================
1 86 71 79 3 0 14 1.65 M M 7.0 18 250 M M 5 1238 27 260
2 86 69 78 2 0 13 0.59 M M 6.6 26 290 M M 7 138 41 280
3 83 70 77 1 0 12 0.03 M M 6.5 17 320 M M 5 1 23 310
4 89 64 77 1 0 12 0.00 M M 2.6 9 290 M M 1 18 13 210
5 90 70 80 4 0 15 0.00 M M 4.4 14 320 M M 1 8 22 320
6 85 67 76 0 0 11 T M M 6.6 17 330 M M 2 25 330
7 85 62 74 -2 0 9 0.00 M M 2.2 8 310 M M 1 13 320
8 79 66 73 -3 0 8 0.60 M M 5.0 15 130 M M 7 13 22 120
9 80 62 71 -5 0 6 0.00 M M 4.9 13 10 M M 3 18 17 300
10 83 60 72 -4 0 7 0.00 M M 4.7 14 270 M M 0 20 270
11 87 67 77 1 0 12 0.00 M M 8.3 17 250 M M 1 28 280
12 88 73 81 5 0 16 0.00 M M 8.5 18 180 M M 1 27 230
13 81 66 74 -2 0 9 0.00 M M 5.8 15 220 M M 4 21 250
14 88 62 75 -1 0 10 0.00 M M 4.9 13 200 M M 1 18 21 190
15 82 69 76 0 0 11 0.26 M M 5.3 15 320 M M 5 3 22 320
16 84 67 76 0 0 11 0.00 M M 7.2 17 250 M M 1 18 26 240
17 82 65 74 -2 0 9 T M M 6.3 15 260 M M 1 138 22 280
18 81 60 71 -5 0 6 0.00 M M 3.1 12 20 M M 4 18 15 30
19 87 58 73 -3 0 8 0.00 M M 2.0 8 250 M M 2 1 12 240
20 89 69 79 3 0 14 0.00 M M 7.4 17 270 M M 4 138 26 270
21 80 60 70 -6 0 5 0.00 M M 6.0 14 340 M M 3 22 350
22 85 56 71 -5 0 6 0.00 M M 1.6 7 350 M M 1 128 12 340
23 83 58 71 -5 0 6 0.44 M M 5.9 29 180 M M 2 3 38 300
24 86 64 75 -1 0 10 0.01 M M 3.2 13 190 M M 3 138 18 210
25 87 61 74 -2 0 9 0.00 M M 2.6 9 130 M M 0 18 17 140
26 88 73 81 5 0 16 0.08 M M 10.4 21 230 M M 3 38 33 240
27 93 76 85 10 0 20 0.00 M M 5.2 13 220 M M 5 38 21 220
28 92 72 82 7 0 17 0.14 M M 7.4 22 330 M M 3 13 39 290
29 85 68 77 2 0 12 0.25 M M 6.5 28 340 M M 4 13 45 300
30 85 62 74 -1 0 9 0.00 M M 4.1 12 320 M M 2 12 17 310
31 81 56 69 -6 0 4 0.00 M M 3.5 13 40 M M 1 18 30
================================================================================
SM 2640 2023 0 327 4.05 M 165.7 M 83
================================================================================
AV 85.2 65.3 5.3 FASTST M M 3 MAX(MPH)
MISC ----> 29 180 45 300
================================================================================
NOTES:
# LAST OF SEVERAL OCCURRENCES
COLUMN 17 PEAK WIND IN M.P.H.
PRELIMINARY LOCAL CLIMATOLOGICAL DATA (WS FORM: F-6) , PAGE 2
STATION: MUNCIE IN
MONTH: JULY
YEAR: 2023
LATITUDE: 40 13 N
LONGITUDE: 85 23 W
[TEMPERATURE DATA] [PRECIPITATION DATA] SYMBOLS USED IN COLUMN 16
AVERAGE MONTHLY: 75.2 TOTAL FOR MONTH: 4.05 1 = FOG OR MIST
DPTR FM NORMAL: -0.8 DPTR FM NORMAL: -0.05 2 = FOG REDUCING VISIBILITY
HIGHEST: 93 ON 27 GRTST 24HR 1.65 ON 1- 1 TO 1/4 MILE OR LESS
LOWEST: 56 ON 31,22 3 = THUNDER
SNOW, ICE PELLETS, HAIL 4 = ICE PELLETS
TOTAL MONTH: M 5 = HAIL
GRTST 24HR M ON M 6 = FREEZING RAIN OR DRIZZLE
GRTST DEPTH: M ON M 7 = DUSTSTORM OR SANDSTORM:
VSBY 1/2 MILE OR LESS
8 = SMOKE OR HAZE
[NO. OF DAYS WITH] [WEATHER - DAYS WITH] 9 = BLOWING SNOW
X = TORNADO
MAX 32 OR BELOW: 0 0.01 INCH OR MORE: 10
MAX 90 OR ABOVE: 3 0.10 INCH OR MORE: 7
MIN 32 OR BELOW: 0 0.50 INCH OR MORE: 3
MIN 0 OR BELOW: 0 1.00 INCH OR MORE: 1
[HDD (BASE 65) ]
TOTAL THIS MO. 0 CLEAR (SCALE 0-3) 21
DPTR FM NORMAL -1 PTCLDY (SCALE 4-7) 10
TOTAL FM JUL 1 0 CLOUDY (SCALE 8-10) 0
DPTR FM NORMAL 0
[CDD (BASE 65) ]
TOTAL THIS MO. 327
DPTR FM NORMAL -17 [PRESSURE DATA]
TOTAL FM JAN 1 606 HIGHEST SLP M ON M
DPTR FM NORMAL -128 LOWEST SLP 29.68 ON 2
[REMARKS]
#FINAL-07-23#