000
CXHW52 PHFO 011250
CF6MKK
PRELIMINARY LOCAL CLIMATOLOGICAL DATA (WS FORM: F-6)
STATION: MOLOKAI HI
MONTH: OCTOBER
YEAR: 2020
LATITUDE: 21 8 N
LONGITUDE: 157 6 W
TEMPERATURE IN F: :PCPN: SNOW: WIND :SUNSHINE: SKY :PK WND
================================================================================
1 2 3 4 5 6A 6B 7 8 9 10 11 12 13 14 15 16 17 18
12Z AVG MX 2MIN
DY MAX MIN AVG DEP HDD CDD WTR SNW DPTH SPD SPD DIR MIN PSBL S-S WX SPD DR
================================================================================
1 M M M M M M M M M M M M M M M M M
2 M M M M M M M M M M M M M M M M M
3 89 72 81 3 0 16 0.00 0.0 M 7.1 17 10 M M M 25 30
4 86 71 79 1 0 14 0.00 0.0 M 10.6 22 30 M M M 30 50
5 86 74 80 2 0 15 0.00 0.0 M 8.9 20 30 M M M 27 60
6 89 67 78 0 0 13 0.00 0.0 M 5.7 13 150 M M M 19 160
7 88 73 81 3 0 16 0.00 0.0 M 10.3 22 50 M M M 33 50
8 88 68 78 0 0 13 0.00 0.0 M 6.6 15 10 M M M 21 10
9 89 64 77 -1 0 12 0.00 0.0 M 6.3 16 180 M M M 23 180
10 88 73 81 3 0 16 0.00 0.0 M 10.4 20 30 M M M 27 60
11 86 76 81 3 0 16 0.02 0.0 M 9.6 20 30 M M M 8 28 30
12 90 70 80 3 0 15 0.00 0.0 M 6.3 17 50 M M M 24 40
13 88 68 78 1 0 13 0.00 0.0 M 6.0 17 30 M M M 25 30
14 86 65 76 -1 0 11 0.00 0.0 M 3.0 12 310 M M M 18 70
15 88 71 80 3 0 15 0.00 0.0 M 5.8 14 160 M M M 18 140
16 88 69 79 2 0 14 0.00 0.0 M 5.1 14 320 M M M 17 160
17 86 70 78 1 0 13 0.00 0.0 M 4.5 12 120 M M M 14 120
18 M M M M M M M M M M M M M M M M M
19 M M M M M M M M M M M M M M M M M
20 87 70 79 2 0 14 0.00 0.0 M 3.9 15 170 M M M 20 170
21 85 71 78 1 0 13 T 0.0 M 4.1 12 360 M M M 8 15 330
22 86 69 78 1 0 13 0.00 0.0 M 6.8 14 140 M M M 17 160
23 84 72 78 1 0 13 0.00 0.0 M 7.0 15 140 M M M 19 140
24 89 67 78 1 0 13 0.00 0.0 M 4.0 21 30 M M M 21 30
25 87 71 79 2 0 14 0.00 0.0 M 5.0 15 140 M M M 20 160
26 M M M M M M M M M M M M M M M M M
27 M M M M M M M M M M M M M M M M M
28 M M M M M M M M M M M M M M M M M
29 83 71 77 1 0 12 0.01 0.0 M 6.0 16 190 M M M 1 20 200
30 88 72 80 4 0 15 0.02 0.0 M 6.8 21 190 M M M 26 180
31 M M M M M M M M M M M M M M M M M
================================================================================
SM 2004 1614 0 319 0.05 0.0 149.8 M M
================================================================================
AV 87.1 70.2 6.5 FASTST M M 0 MAX(MPH)
MISC ----> # 22 30 # 33 50
================================================================================
NOTES:
# LAST OF SEVERAL OCCURRENCES
COLUMN 17 PEAK WIND IN M.P.H.
PRELIMINARY LOCAL CLIMATOLOGICAL DATA (WS FORM: F-6) , PAGE 2
STATION: MOLOKAI HI
MONTH: OCTOBER
YEAR: 2020
LATITUDE: 21 8 N
LONGITUDE: 157 6 W
[TEMPERATURE DATA] [PRECIPITATION DATA] SYMBOLS USED IN COLUMN 16
AVERAGE MONTHLY: 78.7 TOTAL FOR MONTH: 0.05 1 = FOG OR MIST
DPTR FM NORMAL: 1.6 DPTR FM NORMAL: -1.83 2 = FOG REDUCING VISIBILITY
HIGHEST: 90 ON 12 GRTST 24HR 0.02 ON 30-30 TO 1/4 MILE OR LESS
LOWEST: 64 ON 9 3 = THUNDER
SNOW, ICE PELLETS, HAIL 4 = ICE PELLETS
TOTAL MONTH: 0.0 INCH 5 = HAIL
GRTST 24HR 0.0 6 = FREEZING RAIN OR DRIZZLE
GRTST DEPTH: M ON M 7 = DUSTSTORM OR SANDSTORM:
VSBY 1/2 MILE OR LESS
8 = SMOKE OR HAZE
[NO. OF DAYS WITH] [WEATHER - DAYS WITH] 9 = BLOWING SNOW
X = TORNADO
MAX 32 OR BELOW: 0 0.01 INCH OR MORE: 3
MAX 90 OR ABOVE: 1 0.10 INCH OR MORE: 0
MIN 32 OR BELOW: 0 0.50 INCH OR MORE: 0
MIN 0 OR BELOW: 0 1.00 INCH OR MORE: 0
[HDD (BASE 65) ]
TOTAL THIS MO. 0 CLEAR (SCALE 0-3) 0
DPTR FM NORMAL 0 PTCLDY (SCALE 4-7) 0
TOTAL FM JUL 1 0 CLOUDY (SCALE 8-10) 0
DPTR FM NORMAL 0
[CDD (BASE 65) ]
TOTAL THIS MO. 319
DPTR FM NORMAL -58 [PRESSURE DATA]
TOTAL FM JAN 1 3357 HIGHEST SLP 30.07 ON 11
DPTR FM NORMAL 403 LOWEST SLP 29.83 ON 30
[REMARKS]
#FINAL-10-20#