000
CXUS54 KTSA 010850
CF6MKO
PRELIMINARY LOCAL CLIMATOLOGICAL DATA (WS FORM: F-6)
STATION: MUSKOGEE OKLAHOMA
MONTH: JULY
YEAR: 2021
LATITUDE: 35 40 N
LONGITUDE: 95 22 W
TEMPERATURE IN F: :PCPN: SNOW: WIND :SUNSHINE: SKY :PK WND
================================================================================
1 2 3 4 5 6A 6B 7 8 9 10 11 12 13 14 15 16 17 18
12Z AVG MX 2MIN
DY MAX MIN AVG DEP HDD CDD WTR SNW DPTH SPD SPD DIR MIN PSBL S-S WX SPD DR
================================================================================
1 79 70 75 -5 0 10 2.85 0.0 M 4.6 15 310 M M 0 123 21 270
2 85 67 76 -4 0 11 0.33 0.0 M 5.5 16 60 M M 0 1 22 100
3 86 60 73 -7 0 8 0.00 0.0 M 3.3 9 50 M M 0 1 14 70
4 86 68 77 -3 0 12 0.00 0.0 M 4.6 12 110 M M 0 18 16 100
5 86 63 75 -6 0 10 0.00 0.0 M 5.1 10 120 M M 0 15 130
6 90 66 78 -3 0 13 0.00 0.0 M 2.9 9 150 M M 0 1 13 160
7 92 69 81 0 0 16 0.00 0.0 M 3.3 12 220 M M 0 1 14 200
8 93 71 82 1 0 17 T 0.0 M 3.3 12 130 M M 0 13 16 120
9 90 73 82 1 0 17 0.00 0.0 M 8.2 17 200 M M 0 25 200
10 88 66 77 -4 0 12 0.50 0.0 M 10.0 37 340 M M 0 13 53 350
11 82 67 75 -6 0 10 0.09 0.0 M 7.4 24 340 M M 0 1 34 340
12 86 64 75 -6 0 10 0.00 0.0 M 5.4 15 320 M M 0 1 20 310
13 90 65 78 -4 0 13 0.00 0.0 M 5.8 13 190 M M 0 1 18 190
14 89 73 81 -1 0 16 0.00 0.0 M 8.6 21 200 M M 0 29 190
15 89 72 81 -1 0 16 0.00 0.0 M 8.6 17 190 M M 0 26 180
16 84 67 76 -6 0 11 0.39 0.0 M 9.3 32 20 M M 0 13 41 20
17 92 72 82 0 0 17 0.62 0.0 M 6.6 16 90 M M 0 13 24 90
18 89 71 80 -2 0 15 1.07 0.0 M 5.5 21 90 M M 0 13 30 110
19 88 72 80 -2 0 15 T 0.0 M 6.7 21 40 M M 2 1 26 10
20 87 68 78 -4 0 13 0.00 0.0 M 6.3 15 30 M M 1 1 20 60
21 89 66 78 -4 0 13 0.00 0.0 M 1.8 8 50 M M 1 18 12 90
22 90 70 80 -2 0 15 0.00 0.0 M 3.2 7 160 M M 5 18 12 180
23 92 72 82 0 0 17 0.00 0.0 M 6.5 12 220 M M 1 18 17 190
24 94 73 84 2 0 19 0.00 0.0 M 5.8 13 180 M M 0 17 150
25 95 76 86 4 0 21 0.00 0.0 M 4.6 24 340 M M 0 1 31 330
26 96 74 85 3 0 20 0.00 0.0 M 3.9 17 250 M M 1 13 22 250
27 97 74 86 4 0 21 0.00 0.0 M 3.5 13 190 M M 1 3 20 180
28 96 75 86 4 0 21 0.00 0.0 M 4.6 12 110 M M 0 1 16 100
29 97 75 86 4 0 21 0.00 0.0 M 4.3 8 90 M M 1 1 12 170
30 97 73 85 3 0 20 0.00 0.0 M 4.4 9 220 M M 0 1 14 220
31 98 74 86 4 0 21 0.00 0.0 M 4.3 14 250 M M 1 1 19 220
================================================================================
SM 2792 2166 0 471 5.85 0.0 167.9 M 14
================================================================================
AV 90.1 69.9 5.4 FASTST M M 0 MAX(MPH)
MISC ----> 37 340 53 350
================================================================================
NOTES:
# LAST OF SEVERAL OCCURRENCES
COLUMN 17 PEAK WIND IN M.P.H.
PRELIMINARY LOCAL CLIMATOLOGICAL DATA (WS FORM: F-6) , PAGE 2
STATION: MUSKOGEE OKLAHOMA
MONTH: JULY
YEAR: 2021
LATITUDE: 35 40 N
LONGITUDE: 95 22 W
[TEMPERATURE DATA] [PRECIPITATION DATA] SYMBOLS USED IN COLUMN 16
AVERAGE MONTHLY: 80.0 TOTAL FOR MONTH: 5.85 1 = FOG OR MIST
DPTR FM NORMAL: -1.6 DPTR FM NORMAL: 2.25 2 = FOG REDUCING VISIBILITY
HIGHEST: 98 ON 31 GRTST 24HR 2.88 ON 30- 1 TO 1/4 MILE OR LESS
LOWEST: 60 ON 3 3 = THUNDER
SNOW, ICE PELLETS, HAIL 4 = ICE PELLETS
TOTAL MONTH: 0.0 INCH 5 = HAIL
GRTST 24HR 0.0 6 = FREEZING RAIN OR DRIZZLE
GRTST DEPTH: M ON M 7 = DUSTSTORM OR SANDSTORM:
VSBY 1/2 MILE OR LESS
8 = SMOKE OR HAZE
[NO. OF DAYS WITH] [WEATHER - DAYS WITH] 9 = BLOWING SNOW
X = TORNADO
MAX 32 OR BELOW: 0 0.01 INCH OR MORE: 7
MAX 90 OR ABOVE: 16 0.10 INCH OR MORE: 6
MIN 32 OR BELOW: 0 0.50 INCH OR MORE: 4
MIN 0 OR BELOW: 0 1.00 INCH OR MORE: 2
[HDD (BASE 65) ]
TOTAL THIS MO. 0 CLEAR (SCALE 0-3) 30
DPTR FM NORMAL 0 PTCLDY (SCALE 4-7) 1
TOTAL FM JUL 1 0 CLOUDY (SCALE 8-10) 0
DPTR FM NORMAL 0
[CDD (BASE 65) ]
TOTAL THIS MO. 471
DPTR FM NORMAL -43 [PRESSURE DATA]
TOTAL FM JAN 1 970 HIGHEST SLP 30.16 ON 14
DPTR FM NORMAL -119 LOWEST SLP 29.84 ON 25
[REMARKS]
#FINAL-07-21#