000
CXUS52 KMLB 010716
CF6MLB
PRELIMINARY LOCAL CLIMATOLOGICAL DATA (WS FORM: F-6)
STATION: MELBOURNE
MONTH: DECEMBER
YEAR: 2021
LATITUDE: 28 6 N
LONGITUDE: 80 39 W
TEMPERATURE IN F: :PCPN: SNOW: WIND :SUNSHINE: SKY :PK WND
================================================================================
1 2 3 4 5 6A 6B 7 8 9 10 11 12 13 14 15 16 17 18
12Z AVG MX 2MIN
DY MAX MIN AVG DEP HDD CDD WTR SNW DPTH SPD SPD DIR MIN PSBL S-S WX SPD DR
================================================================================
1 76 51 64 -4 1 0 0.00 0.0 0 3.8 9 110 M M 2 1 12 90
2 74 51 63 -5 2 0 0.00 0.0 0 5.5 15 30 M M 0 1 18 360
3 75 48 62 -6 3 0 0.00 0.0 0 4.7 13 20 M M 0 16 10
4 76 48 62 -6 3 0 0.00 0.0 0 2.9 10 60 M M 1 1 13 70
5 78 55 67 -1 0 2 0.00 0.0 0 5.2 14 60 M M 4 12 16 60
6 82 59 71 3 0 6 0.00 0.0 0 3.2 10 100 M M 6 12 12 100
7 80 57 69 2 0 4 0.00 0.0 0 5.7 14 50 M M 3 12 16 60
8 84 58 71 4 0 6 0.00 0.0 0 6.4 16 230 M M 1 12 20 220
9 80 63 72 5 0 7 0.00 0.0 0 5.2 10 30 M M 2 1 12 70
10 81 61 71 4 0 6 0.00 0.0 0 3.8 9 70 M M 3 12 13 70
11 81 62 72 5 0 7 0.00 0.0 0 4.9 13 140 M M 1 1 15 160
12 85 62 74 7 0 9 0.00 0.0 0 5.3 16 20 M M 2 21 10
13 81 62 72 5 0 7 0.00 0.0 0 7.2 15 40 M M 3 1 17 40
14 79 69 74 8 0 9 0.44 0.0 0 9.9 18 130 M M 7 18 27 140
15 79 69 74 8 0 9 0.46 0.0 0 10.2 24 60 M M 7 18 29 60
16 81 70 76 10 0 11 0.62 0.0 0 8.3 20 150 M M 3 1 28 160
17 80 62 71 5 0 6 0.00 0.0 0 5.0 13 140 M M 1 17 130
18 81 64 73 7 0 8 0.00 0.0 0 6.6 16 140 M M 1 1 22 120
19 86 69 78 12 0 13 0.08 0.0 0 8.1 22 260 M M 4 18 26 260
20 81 68 75 9 0 10 1.60 0.0 0 10.4 21 100 M M 8 1 25 120
21 75 64 70 4 0 5 0.19 0.0 0 10.9 28 220 M M 10 18 37 220
22 65 49 57 -8 8 0 T 0.0 0 11.5 22 300 M M 5 1 27 290
23 71 46 59 -6 6 0 0.00 0.0 0 7.4 14 350 M M 0 17 350
24 76 54 65 0 0 0 0.00 0.0 0 4.2 12 40 M M 3 14 30
25 80 53 67 2 0 2 0.00 0.0 0 4.3 15 260 M M 1 20 280
26 79 55 67 2 0 2 0.00 0.0 0 4.9 14 280 M M 0 17 270
27 77 55 66 1 0 1 0.00 0.0 0 3.2 9 100 M M 1 12 12 100
28 81 57 69 4 0 4 0.00 0.0 0 4.1 16 170 M M 1 1 19 200
29 82 59 71 7 0 6 0.00 0.0 0 6.2 18 200 M M 3 1 23 160
30 83 61 72 8 0 7 0.00 0.0 0 4.5 14 170 M M 2 12 17 170
31 83 62 73 9 0 8 0.00 0.0 0 5.4 10 100 M M 3 12 14 230
================================================================================
SM 2452 1823 23 155 3.39 0.0 188.9 M 88
================================================================================
AV 79.1 58.8 6.1 FASTST M M 3 MAX(MPH)
MISC ----> 28 220 37 220
================================================================================
NOTES:
# LAST OF SEVERAL OCCURRENCES
COLUMN 17 PEAK WIND IN M.P.H.
PRELIMINARY LOCAL CLIMATOLOGICAL DATA (WS FORM: F-6) , PAGE 2
STATION: MELBOURNE
MONTH: DECEMBER
YEAR: 2021
LATITUDE: 28 6 N
LONGITUDE: 80 39 W
[TEMPERATURE DATA] [PRECIPITATION DATA] SYMBOLS USED IN COLUMN 16
AVERAGE MONTHLY: 69.0 TOTAL FOR MONTH: 3.39 1 = FOG OR MIST
DPTR FM NORMAL: 2.8 DPTR FM NORMAL: 1.03 2 = FOG REDUCING VISIBILITY
HIGHEST: 86 ON 19 GRTST 24HR 1.78 ON 20-21 TO 1/4 MILE OR LESS
LOWEST: 46 ON 23 3 = THUNDER
SNOW, ICE PELLETS, HAIL 4 = ICE PELLETS
TOTAL MONTH: 0.0 INCH 5 = HAIL
GRTST 24HR 0.0 6 = FREEZING RAIN OR DRIZZLE
GRTST DEPTH: 0 7 = DUSTSTORM OR SANDSTORM:
VSBY 1/2 MILE OR LESS
8 = SMOKE OR HAZE
[NO. OF DAYS WITH] [WEATHER - DAYS WITH] 9 = BLOWING SNOW
X = TORNADO
MAX 32 OR BELOW: 0 0.01 INCH OR MORE: 6
MAX 90 OR ABOVE: 0 0.10 INCH OR MORE: 5
MIN 32 OR BELOW: 0 0.50 INCH OR MORE: 2
MIN 0 OR BELOW: 0 1.00 INCH OR MORE: 1
[HDD (BASE 65) ]
TOTAL THIS MO. 23 CLEAR (SCALE 0-3) 21
DPTR FM NORMAL -67 PTCLDY (SCALE 4-7) 9
TOTAL FM JUL 1 69 CLOUDY (SCALE 8-10) 1
DPTR FM NORMAL -50
[CDD (BASE 65) ]
TOTAL THIS MO. 155
DPTR FM NORMAL 28 [PRESSURE DATA]
TOTAL FM JAN 1 3824 HIGHEST SLP M ON M
DPTR FM NORMAL -38 LOWEST SLP 29.54 ON 21
[REMARKS]
#FINAL-12-21#