000
CXUS54 KTSA 010850
CF6MLC
PRELIMINARY LOCAL CLIMATOLOGICAL DATA (WS FORM: F-6)
STATION: MCALESTER OKLAHOMA
MONTH: APRIL
YEAR: 2022
LATITUDE: 34 52 N
LONGITUDE: 95 47 W
TEMPERATURE IN F: :PCPN: SNOW: WIND :SUNSHINE: SKY :PK WND
================================================================================
1 2 3 4 5 6A 6B 7 8 9 10 11 12 13 14 15 16 17 18
12Z AVG MX 2MIN
DY MAX MIN AVG DEP HDD CDD WTR SNW DPTH SPD SPD DIR MIN PSBL S-S WX SPD DR
================================================================================
1 71 33 52 -6 13 0 0.07 0.0 M 4.0 12 220 M M 3 21 140
2 73 48 61 2 4 0 0.04 0.0 M 5.3 14 10 M M 4 3 20 60
3 82 48 65 6 0 0 0.00 0.0 M 8.4 20 340 M M 2 34 190
4 71 58 65 6 0 0 1.46 0.0 M 7.1 21 350 M M 9 13 34 120
5 81 54 68 9 0 3 0.00 0.0 M 7.6 29 30 M M 5 12 48 20
6 70 54 62 2 3 0 0.00 0.0 M 14.1 37 10 M M 6 55 20
7 64 44 54 -6 11 0 0.00 0.0 M 12.5 26 300 M M 4 41 330
8 63 35 49 -11 16 0 0.00 0.0 M 11.7 28 320 M M 2 42 340
9 79 31 55 -5 10 0 0.00 0.0 M 7.6 20 210 M M 3 8 35 180
10 80 63 72 12 0 7 0.00 0.0 M 14.3 25 200 M M 3 44 170
11 80 62 71 10 0 6 0.04 0.0 M 7.2 22 180 M M 7 1 42 190
12 80 70 75 14 0 10 0.00 0.0 M 11.6 23 170 M M 6 41 180
13 74 40 57 -4 8 0 0.26 0.0 M 12.6 24 340 M M 5 13 35 160
14 72 33 53 -8 12 0 0.00 0.0 M 3.9 15 230 M M 3 21 240
15 80 50 65 3 0 0 T 0.0 M 10.1 22 210 M M 5 41 210
16 73 54 64 2 1 0 0.06 0.0 M 9.8 20 360 M M 10 13 27 10
17 60 50 55 -7 10 0 T 0.0 M 5.6 14 10 M M 8 1 20 20
18 65 44 55 -7 10 0 0.00 0.0 M 9.8 20 10 M M 5 26 360
19 73 38 56 -6 9 0 0.12 0.0 M 8.2 16 180 M M 2 13 30 150
20 80 56 68 5 0 3 T 0.0 M 10.5 18 170 M M 8 37 170
21 83 71 77 14 0 12 0.00 0.0 M 8.3 15 150 M M 8 28 150
22 84 70 77 14 0 12 0.00 0.0 M 11.4 18 160 M M 6 38 170
23 79 67 73 10 0 8 T 0.0 M 11.8 21 190 M M 8 39 170
24 74 55 65 1 0 0 3.07 0.0 M 5.3 16 330 M M 9 13 28 150
25 66 46 56 -8 9 0 0.11 0.0 M 9.1 20 20 M M 3 1 27 10
26 72 43 58 -6 7 0 0.00 0.0 M 4.2 14 10 M M 3 22 30
27 76 44 60 -4 5 0 0.00 0.0 M 6.0 14 200 M M 3 23 220
28 80 60 70 5 0 5 0.00 0.0 M 7.7 18 190 M M 9 35 190
29 78 67 73 8 0 8 0.00 0.0 M 10.9 18 190 M M 8 37 140
30 77 51 64 -1 1 0 0.41 0.0 M 7.3 17 180 M M 4 13 35 180
================================================================================
SM 2240 1539 129 74 5.64 0.0 263.9 M 161
================================================================================
AV 74.7 51.3 8.8 FASTST M M 5 MAX(MPH)
MISC ----> 37 10 55 20
================================================================================
NOTES:
# LAST OF SEVERAL OCCURRENCES
COLUMN 17 PEAK WIND IN M.P.H.
PRELIMINARY LOCAL CLIMATOLOGICAL DATA (WS FORM: F-6) , PAGE 2
STATION: MCALESTER OKLAHOMA
MONTH: APRIL
YEAR: 2022
LATITUDE: 34 52 N
LONGITUDE: 95 47 W
[TEMPERATURE DATA] [PRECIPITATION DATA] SYMBOLS USED IN COLUMN 16
AVERAGE MONTHLY: 63.0 TOTAL FOR MONTH: 5.64 1 = FOG OR MIST
DPTR FM NORMAL: 1.3 DPTR FM NORMAL: 1.01 2 = FOG REDUCING VISIBILITY
HIGHEST: 84 ON 22 GRTST 24HR 3.18 ON 24-25 TO 1/4 MILE OR LESS
LOWEST: 31 ON 9 3 = THUNDER
SNOW, ICE PELLETS, HAIL 4 = ICE PELLETS
TOTAL MONTH: 0.0 INCH 5 = HAIL
GRTST 24HR 0.0 6 = FREEZING RAIN OR DRIZZLE
GRTST DEPTH: M ON M 7 = DUSTSTORM OR SANDSTORM:
VSBY 1/2 MILE OR LESS
8 = SMOKE OR HAZE
[NO. OF DAYS WITH] [WEATHER - DAYS WITH] 9 = BLOWING SNOW
X = TORNADO
MAX 32 OR BELOW: 0 0.01 INCH OR MORE: 10
MAX 90 OR ABOVE: 0 0.10 INCH OR MORE: 6
MIN 32 OR BELOW: 1 0.50 INCH OR MORE: 2
MIN 0 OR BELOW: 0 1.00 INCH OR MORE: 2
[HDD (BASE 65) ]
TOTAL THIS MO. 129 CLEAR (SCALE 0-3) 8
DPTR FM NORMAL -29 PTCLDY (SCALE 4-7) 16
TOTAL FM JUL 1 2720 CLOUDY (SCALE 8-10) 6
DPTR FM NORMAL -325
[CDD (BASE 65) ]
TOTAL THIS MO. 74
DPTR FM NORMAL 15 [PRESSURE DATA]
TOTAL FM JAN 1 95 HIGHEST SLP 30.43 ON 26
DPTR FM NORMAL 13 LOWEST SLP 29.40 ON 5
[REMARKS]
#FINAL-04-22#