000
CXUS53 KDVN 010836
CLMMLI
CLIMATE REPORT
NATIONAL WEATHER SERVICE QUAD CITIES IA IL
336 AM CDT TUE AUG 01 2023
...................................
...THE MOLINE IL CLIMATE SUMMARY FOR THE MONTH OF JULY 2023...
CLIMATE NORMAL PERIOD 1991 TO 2020
CLIMATE RECORD PERIOD 1872 TO 2023
WEATHER OBSERVED NORMAL DEPART LAST YEAR`S
VALUE DATE(S) VALUE FROM VALUE
NORMAL
..............................................................
TEMPERATURE (F)
RECORD
HIGH 111 07/14/1936
LOW 46 07/31/1971
07/30/1971
07/22/1947
HIGHEST 96 07/26 86 10
07/28
LOWEST 55 07/07 65 -10
AVG. MAXIMUM 87.9 86.1 1.8
AVG. MINIMUM 64.4 64.9 -0.5
MEAN 76.1 75.5 0.6
DAYS MAX >= 90 11 8.1 2.9
DAYS MAX <= 32 0 0.0 0.0
DAYS MIN <= 32 0 0.0 0.0
DAYS MIN <= 0 0 0.0 0.0
PRECIPITATION (INCHES)
RECORD
MAXIMUM 11.76 1992
MINIMUM 0.14 1936
TOTALS 2.52 4.23 -1.71
DAILY AVG. 0.08 0.14 -0.06
DAYS >= .01 9 8.6 0.4
DAYS >= .10 5
DAYS >= .50 1
DAYS >= 1.00 0 1.2 -1.2
GREATEST
24 HR. TOTAL 0.94 07/11 TO 07/12
SNOWFALL (INCHES)
RECORDS
TOTAL MM MM
TOTALS 0.0 0.0 0.0
SINCE 7/1 0.0 0.0 0.0
SNOWDEPTH AVG. 0
DAYS >= TRACE 0 0.0 0.0
DAYS >= 1.0 0 0.0 0.0
GREATEST
SNOW DEPTH 0
24 HR TOTAL MM
DEGREE DAYS
HEATING TOTAL 0 2 -2
SINCE 7/1 0 0 0
COOLING TOTAL 353 327 26
SINCE 1/1 721 644 77
..............................................................
WIND (MPH)
AVERAGE WIND SPEED 5.1
HIGHEST WIND SPEED/DIRECTION 37/320 DATE 07/28
HIGHEST GUST SPEED/DIRECTION 53/330 DATE 07/28
SKY COVER
POSSIBLE SUNSHINE (PERCENT) MM
AVERAGE SKY COVER 0.19
NUMBER OF DAYS FAIR 24
NUMBER OF DAYS PC 7
NUMBER OF DAYS CLOUDY 0
AVERAGE RH (PERCENT) 67
WEATHER CONDITIONS. NUMBER OF DAYS WITH
THUNDERSTORM 9 HAIL 0
SLEET 0 FOG 11
FOG W/VIS <= 1/4 MILE 0 HAZE 7
- INDICATES NEGATIVE NUMBERS.
R INDICATES RECORD WAS SET OR TIED.
MM INDICATES DATA IS MISSING.
T INDICATES TRACE AMOUNT.
$$