000
CXUS51 KCAR 010700
CF6MLT
PRELIMINARY LOCAL CLIMATOLOGICAL DATA (WS FORM: F-6)
STATION: MILLINOCKET ME
MONTH: NOVEMBER
YEAR: 2023
LATITUDE: 45 39 N
LONGITUDE: 68 41 W
TEMPERATURE IN F: :PCPN: SNOW: WIND :SUNSHINE: SKY :PK WND
================================================================================
1 2 3 4 5 6A 6B 7 8 9 10 11 12 13 14 15 16 17 18
12Z AVG MX 2MIN
DY MAX MIN AVG DEP HDD CDD WTR SNW DPTH SPD SPD DIR MIN PSBL S-S WX SPD DR
================================================================================
1 39 23 31 -9 34 0 0.00 M M 3.1 14 350 M M 5 18 21 330
2 41 23 32 -8 33 0 0.00 M M 3.7 15 270 M M 1 1 24 320
3 50 24 37 -3 28 0 0.00 M M 3.5 9 200 M M 4 22 220
4 56 32 44 5 21 0 0.00 M M 4.0 13 280 M M 5 24 250
5 50 30 40 1 25 0 0.00 M M 4.3 16 300 M M 6 23 310
6 39 23 31 -7 34 0 0.00 M M 1.5 9 150 M M 1 14 140
7 51 32 42 4 23 0 0.35 M M 6.8 20 300 M M 9 1 34 300
8 39 28 34 -4 31 0 T M M 14.0 29 320 M M 5 42 300
9 31 26 29 -8 36 0 0.03 M M 2.6 13 10 M M 6 1 20 340
10 45 29 37 0 28 0 0.01 M M 2.7 14 310 M M 9 20 300
11 38 30 34 -2 31 0 0.00 M M 10.7 20 320 M M 7 33 300
12 38 21 30 -6 35 0 0.00 M M 5.5 14 300 M M 1 21 300
13 33 17 25 -11 40 0 0.00 M M 1.3 8 100 M M 3 1 10 20
14 38 14 26 -9 39 0 0.00 M M 1.2 9 340 M M 0 1 14 340
15 44 17 31 -4 34 0 0.00 M M 2.1 8 220 M M 2 1 17 180
16 52 25 39 5 26 0 T M M 2.2 12 310 M M 1 1 19 280
17 51 23 37 3 28 0 0.03 M M 2.5 12 180 M M 4 24 180
18 50 30 40 6 25 0 0.71 M M 5.0 15 290 M M 8 1 23 320
19 41 25 33 0 32 0 0.03 M M 3.2 14 340 M M 6 1 24 260
20 33 25 29 -4 36 0 T M M 9.8 18 310 M M 3 28 310
21 35 19 27 -5 38 0 0.00 M M 3.1 13 290 M M 0 20 300
22 34 26 30 -2 35 0 0.99 M M 4.3 10 360 M M 9 12 17 30
23 41 32 37 5 28 0 0.00 M M 9.0 21 300 M M 8 18 32 280
24 36 16 26 -5 39 0 T M M 9.4 23 300 M M 5 1 37 300
25 27 13 20 -11 45 0 T M M 6.0 18 290 M M 1 30 300
26 38 16 27 -3 38 0 0.00 M M 1.7 8 180 M M 3 13 190
27 48 27 38 8 27 0 0.86 M M 7.1 21 120 M M 6 18 32 110
28 34 23 29 -1 36 0 T M M 7.5 22 300 M M 5 37 310
29 26 13 20 -9 45 0 0.00 M M 6.9 21 300 M M 4 38 290
30 37 16 27 -2 38 0 0.00 M M 2.8 10 250 M M 5 20 250
================================================================================
SM 1215 698 988 0 3.01 M 147.5 M 132
================================================================================
AV 40.5 23.3 4.9 FASTST M M 4 MAX(MPH)
MISC ----> 29 320 42 300
================================================================================
NOTES:
# LAST OF SEVERAL OCCURRENCES
COLUMN 17 PEAK WIND IN M.P.H.
PRELIMINARY LOCAL CLIMATOLOGICAL DATA (WS FORM: F-6) , PAGE 2
STATION: MILLINOCKET ME
MONTH: NOVEMBER
YEAR: 2023
LATITUDE: 45 39 N
LONGITUDE: 68 41 W
[TEMPERATURE DATA] [PRECIPITATION DATA] SYMBOLS USED IN COLUMN 16
AVERAGE MONTHLY: 31.9 TOTAL FOR MONTH: 3.01 1 = FOG OR MIST
DPTR FM NORMAL: -2.7 DPTR FM NORMAL: -1.09 2 = FOG REDUCING VISIBILITY
HIGHEST: 56 ON 4 GRTST 24HR 0.99 ON 22-22 TO 1/4 MILE OR LESS
LOWEST: 13 ON 29,25 3 = THUNDER
SNOW, ICE PELLETS, HAIL 4 = ICE PELLETS
TOTAL MONTH: M 5 = HAIL
GRTST 24HR M ON M 6 = FREEZING RAIN OR DRIZZLE
GRTST DEPTH: M ON M 7 = DUSTSTORM OR SANDSTORM:
VSBY 1/2 MILE OR LESS
8 = SMOKE OR HAZE
[NO. OF DAYS WITH] [WEATHER - DAYS WITH] 9 = BLOWING SNOW
X = TORNADO
MAX 32 OR BELOW: 3 0.01 INCH OR MORE: 8
MAX 90 OR ABOVE: 0 0.10 INCH OR MORE: 4
MIN 32 OR BELOW: 30 0.50 INCH OR MORE: 3
MIN 0 OR BELOW: 0 1.00 INCH OR MORE: 0
[HDD (BASE 65) ]
TOTAL THIS MO. 988 CLEAR (SCALE 0-3) 10
DPTR FM NORMAL 76 PTCLDY (SCALE 4-7) 15
TOTAL FM JUL 1 1532 CLOUDY (SCALE 8-10) 5
DPTR FM NORMAL -267
[CDD (BASE 65) ]
TOTAL THIS MO. 0
DPTR FM NORMAL 0 [PRESSURE DATA]
TOTAL FM JAN 1 419 HIGHEST SLP 30.61 ON 21
DPTR FM NORMAL 126 LOWEST SLP 29.42 ON 27
[REMARKS]
#FINAL-11-23#