000
CXUS53 KMQT 011000
CF6MQT
PRELIMINARY LOCAL CLIMATOLOGICAL DATA (WS FORM: F-6)
STATION: MARQUETTE MI
MONTH: FEBRUARY
YEAR: 2023
LATITUDE: 46 31 N
LONGITUDE: 87 33 W
TEMPERATURE IN F: :PCPN: SNOW: WIND :SUNSHINE: SKY :PK WND
================================================================================
1 2 3 4 5 6A 6B 7 8 9 10 11 12 13 14 15 16 17 18
12Z AVG MX 2MIN
DY MAX MIN AVG DEP HDD CDD WTR SNW DPTH SPD SPD DIR MIN PSBL S-S WX SPD DR
================================================================================
1 17 -4 7 -6 58 0 T T 26 M M M M M M 19 270
2 16 -3 7 -7 58 0 0.08 1.4 25 M M M M M M 9 34 270
3 6 -7 0 -14 65 0 0.02 0.2 25 M M M M M M 9 25 315
4 24 1 13 -1 52 0 T T 25 M M M M M M 28 180
5 21 7 14 0 51 0 0.05 0.7 25 M M M M M M 20 360
6 27 13 20 6 45 0 0.01 0.1 25 M M M M M M 9 33 180
7 36 16 26 12 39 0 0.10 1.8 27 M M M M M M 9 28 270
8 50 12 31 17 34 0 0.00 0.0 26 M M M M M M 19 225
9 37 22 30 16 35 0 0.02 0.2 25 M M M M M M 1 31 315
10 27 5 16 2 49 0 0.01 0.4 24 M M M M M M 32 315
11 47 6 27 12 38 0 0.00 0.0 24 M M M M M M 31 315
12 49 22 36 21 29 0 0.00 0.0 24 M M M M M M 11 135
13 41 20 31 16 34 0 T T 24 M M M M M M 29 270
14 44 31 38 23 27 0 0.34 0.0 23 M M M M M M 24 180
15 40 17 29 13 36 0 0.16 0.1 22 M M M M M M 36 270
16 21 12 17 1 48 0 0.03 0.8 21 M M M M M M 23 360
17 24 10 17 1 48 0 0.02 0.3 21 M M M M M M 28 225
18 35 19 27 11 38 0 0.00 0.0 21 M M M M M M 24 225
19 35 19 27 10 38 0 0.05 1.3 21 M M M M M M 24 270
20 24 8 16 -1 49 0 0.10 1.6 22 M M M M M M 17 180
21 25 10 18 1 47 0 0.08 2.0 23 M M M M M M 9 34 315
22 17 10 14 -4 51 0 0.27 6.4 24 M M M M M M 25 90
23 17 9 13 -5 52 0 1.09 20.0 31 M M M M M M 9 26 45
24 14 -2 6 -12 59 0 0.02 0.5 37 M M M M M M 16 270
25 25 8 17 -1 48 0 0.09 0.9 35 M M M M M M 26 270
26 26 6 16 -3 49 0 T 0.5 32 M M M M M M 26 315
27 26 10 18 -1 47 0 0.36 4.1 31 M M M M M M 16 135
28 38 15 27 7 38 0 T 0.1 34 M M M M M M 29 270
================================================================================
SM 809 292 1262 0 2.90 43.4 M M M
================================================================================
AV 28.9 10.4 M FASTST M M M MAX(MPH)
MISC ----> M M 36 270
================================================================================
NOTES:
# LAST OF SEVERAL OCCURRENCES
COLUMN 17 PEAK WIND IN M.P.H.
PRELIMINARY LOCAL CLIMATOLOGICAL DATA (WS FORM: F-6) , PAGE 2
STATION: MARQUETTE MI
MONTH: FEBRUARY
YEAR: 2023
LATITUDE: 46 31 N
LONGITUDE: 87 33 W
[TEMPERATURE DATA] [PRECIPITATION DATA] SYMBOLS USED IN COLUMN 16
AVERAGE MONTHLY: 19.7 TOTAL FOR MONTH: 2.90 1 = FOG OR MIST
DPTR FM NORMAL: 3.9 DPTR FM NORMAL: 0.66 2 = FOG REDUCING VISIBILITY
HIGHEST: 50 ON 8 GRTST 24HR 1.09 ON 23-23 TO 1/4 MILE OR LESS
LOWEST: -7 ON 3 3 = THUNDER
SNOW, ICE PELLETS, HAIL 4 = ICE PELLETS
TOTAL MONTH: 43.4 INCHES 5 = HAIL
GRTST 24HR 20.0 ON 23-23 6 = FREEZING RAIN OR DRIZZLE
GRTST DEPTH: 37 ON 24 7 = DUSTSTORM OR SANDSTORM:
VSBY 1/2 MILE OR LESS
8 = SMOKE OR HAZE
[NO. OF DAYS WITH] [WEATHER - DAYS WITH] 9 = BLOWING SNOW
X = TORNADO
MAX 32 OR BELOW: 17 0.01 INCH OR MORE: 19
MAX 90 OR ABOVE: 0 0.10 INCH OR MORE: 7
MIN 32 OR BELOW: 28 0.50 INCH OR MORE: 1
MIN 0 OR BELOW: 4 1.00 INCH OR MORE: 1
[HDD (BASE 65) ]
TOTAL THIS MO. 1262 CLEAR (SCALE 0-3) 0
DPTR FM NORMAL -114 PTCLDY (SCALE 4-7) 0
TOTAL FM JUL 1 5829 CLOUDY (SCALE 8-10) 28
DPTR FM NORMAL -671
[CDD (BASE 65) ]
TOTAL THIS MO. 0
DPTR FM NORMAL 0 [PRESSURE DATA]
TOTAL FM JAN 1 0 HIGHEST SLP M ON M
DPTR FM NORMAL 0 LOWEST SLP M ON M
[REMARKS]
#FINAL-02-23#