000
CXUS54 KMAF 011210
CF6MRF
PRELIMINARY LOCAL CLIMATOLOGICAL DATA (WS FORM: F-6)
STATION: MARFA
MONTH: JANUARY
YEAR: 2024
LATITUDE: 30 22 N
LONGITUDE: 104 1 W
TEMPERATURE IN F: :PCPN: SNOW: WIND :SUNSHINE: SKY :PK WND
================================================================================
1 2 3 4 5 6A 6B 7 8 9 10 11 12 13 14 15 16 17 18
12Z AVG MX 2MIN
DY MAX MIN AVG DEP HDD CDD WTR SNW DPTH SPD SPD DIR MIN PSBL S-S WX SPD DR
================================================================================
1 64 24 44 M 21 0 M M M 8.3 15 150 M M 0 17 150
2 56 26 41 M 24 0 M M M 10.3 24 280 M M 3 35 270
3 58 19 39 M 26 0 M M M 4.4 9 320 M M 0 M M
4 55 24 40 M 25 0 T M M 11.7 36 280 M M 1 45 260
5 49 24 37 M 28 0 M M M 17.8 35 270 M M 0 47 270
6 49 19 34 M 31 0 M M M 9.7 29 270 M M 0 37 250
7 56 13 35 M 30 0 M M M 11.9 28 170 M M 0 36 160
8 43 25 34 M 31 0 T M M 23.4 41 260 M M 4 8 53 260
9 47 18 33 M 32 0 M M M 14.8 29 270 M M 0 37 280
10 62 19 41 M 24 0 M M M 12.4 37 250 M M 0 46 250
11 65 20 43 M 22 0 M M M 15.1 31 230 M M 2 8 51 270
12 53 23 38 M 27 0 M M M 18.0 36 280 M M 0 8 47 280
13 61 23 42 M 23 0 M M M 9.3 24 250 M M 0 37 260
14 68 23 46 M 19 0 M M M 8.2 25 240 M M 0 31 240
15 64 17 41 M 24 0 M M M 10.5 22 40 M M 0 32 40
16 50 8 29 M 36 0 M M M 7.1 23 20 M M 0 30 20
17 67 17 42 M 23 0 M M M 8.6 22 240 M M 0 29 240
18 68 32 50 M 15 0 M M M 12.5 30 260 M M 0 41 270
19 47 25 36 M 29 0 M M M 13.2 28 20 M M 0 33 20
20 53 23 38 M 27 0 M M M 5.8 12 140 M M 1 M M
21 58 34 46 M 19 0 T M M 5.3 16 160 M M 7 22 160
22 65 29 47 M 18 0 T M M 7.0 16 250 M M 1 8 23 240
23 61 40 51 M 14 0 0.17 M M 8.4 18 310 M M 8 13 36 300
24 55 38 47 M 18 0 T M M 11.9 18 250 M M 6 M M
25 60 36 48 M 17 0 M M M 8.5 17 230 M M 0 24 230
26 57 30 44 M 21 0 M M M 15.7 25 270 M M 3 35 260
27 56 26 41 M 24 0 M M M 6.0 10 90 M M 0 M M
28 59 24 42 M 23 0 M M M 5.2 13 180 M M 0 M M
29 66 26 46 M 19 0 M M M 6.0 9 330 M M 0 M M
30 70 31 51 M 14 0 M M M 6.2 15 50 M M 0 M M
31 61 38 50 M 15 0 0.01 M M 6.0 12 120 M M 4 M M
================================================================================
SM 1803 774 719 0 0.18 M 319.4 M 40
================================================================================
AV 58.2 25.0 10.3 FASTST M M 1 MAX(MPH)
MISC ----> 41 260 53 260
================================================================================
NOTES:
# LAST OF SEVERAL OCCURRENCES
COLUMN 17 PEAK WIND IN M.P.H.
PRELIMINARY LOCAL CLIMATOLOGICAL DATA (WS FORM: F-6) , PAGE 2
STATION: MARFA
MONTH: JANUARY
YEAR: 2024
LATITUDE: 30 22 N
LONGITUDE: 104 1 W
[TEMPERATURE DATA] [PRECIPITATION DATA] SYMBOLS USED IN COLUMN 16
AVERAGE MONTHLY: 41.6 TOTAL FOR MONTH: 0.18 1 = FOG OR MIST
DPTR FM NORMAL: 0.0 DPTR FM NORMAL: M 2 = FOG REDUCING VISIBILITY
HIGHEST: 70 ON 30 GRTST 24HR 0.17 ON 23-23 TO 1/4 MILE OR LESS
LOWEST: 8 ON 16 3 = THUNDER
SNOW, ICE PELLETS, HAIL 4 = ICE PELLETS
TOTAL MONTH: M 5 = HAIL
GRTST 24HR M ON M 6 = FREEZING RAIN OR DRIZZLE
GRTST DEPTH: M ON M 7 = DUSTSTORM OR SANDSTORM:
VSBY 1/2 MILE OR LESS
8 = SMOKE OR HAZE
[NO. OF DAYS WITH] [WEATHER - DAYS WITH] 9 = BLOWING SNOW
X = TORNADO
MAX 32 OR BELOW: 0 0.01 INCH OR MORE: 2
MAX 90 OR ABOVE: 0 0.10 INCH OR MORE: 1
MIN 32 OR BELOW: 26 0.50 INCH OR MORE: 0
MIN 0 OR BELOW: 0 1.00 INCH OR MORE: 0
[HDD (BASE 65) ]
TOTAL THIS MO. 719 CLEAR (SCALE 0-3) 25
DPTR FM NORMAL M PTCLDY (SCALE 4-7) 6
TOTAL FM JUL 1 1827 CLOUDY (SCALE 8-10) 0
DPTR FM NORMAL M
[CDD (BASE 65) ]
TOTAL THIS MO. 0
DPTR FM NORMAL M [PRESSURE DATA]
TOTAL FM JAN 1 0 HIGHEST SLP M ON M
DPTR FM NORMAL M LOWEST SLP M ON M
[REMARKS]
#FINAL-01-24#