000
CXUS51 KBTV 211445
CF6MSS
PRELIMINARY LOCAL CLIMATOLOGICAL DATA (WS FORM: F-6)
STATION: MASSENA NY
MONTH: JUNE
YEAR: 2022
LATITUDE: 44 55 N
LONGITUDE: 74 51 W
TEMPERATURE IN F: :PCPN: SNOW: WIND :SUNSHINE: SKY :PK WND
================================================================================
1 2 3 4 5 6A 6B 7 8 9 10 11 12 13 14 15 16 17 18
12Z AVG MX 2MIN
DY MAX MIN AVG DEP HDD CDD WTR SNW DPTH SPD SPD DIR MIN PSBL S-S WX SPD DR
================================================================================
1 67 57 62 1 3 0 0.07 M M 7.2 17 60 M M 6 1 23 60
2 67 56 62 1 3 0 T M M 3.8 14 60 M M 8 1 17 60
3 74 52 63 2 2 0 T M M 6.8 21 250 M M 5 1 32 270
4 68 50 59 -3 6 0 0.02 M M 9.9 22 220 M M 4 31 230
5 72 45 59 -3 6 0 0.00 M M 7.1 15 280 M M 2 20 230
6 72 46 59 -3 6 0 0.02 M M 3.1 12 70 M M 3 13 70
7 73 57 65 2 0 0 0.76 M M 6.7 17 190 M M 9 1 24 200
8 74 55 65 2 0 0 0.00 M M 8.9 18 280 M M 6 25 270
9 64 54 59 -4 6 0 0.47 M M 6.8 17 60 M M 8 1 22 60
10 68 55 62 -1 3 0 0.18 M M 9.2 26 270 M M 7 1 36 280
11 76 53 65 1 0 0 0.00 M M 6.8 15 230 M M 1 21 200
12 76 51 64 0 1 0 0.00 M M 4.4 14 180 M M 5 17 170
13 73 52 63 -1 2 0 0.00 M M 7.4 18 290 M M 2 1 24 280
14 81 50 66 2 0 1 0.00 M M 4.2 12 350 M M 0 15 330
15 75 53 64 -1 1 0 T M M 4.4 12 60 M M 1 1 14 60
16 88 63 76 11 0 11 0.42 M M 10.7 25 320 M M 4 13 37 320
17 79 51 65 0 0 0 0.02 M M 14.5 25 250 M M 5 1 37 260
18 61 49 55 -11 10 0 0.04 M M 13.0 22 310 M M 7 8 33 290
19 70 48 59 -7 6 0 0.00 M M 10.3 22 300 M M 0 28 290
20 76 44 60 -6 5 0 0.00 M M 6.1 14 260 M M 0 21 260
21 66 51 59 -7 6 0 0.69 M M 4.3 15 170 M M 6 1 22 170
22 84 59 72 5 0 7 0.08 M M 6.9 18 210 M M 6 1 25 210
23 68 63 66 -1 0 1 0.11 M M 5.4 15 190 M M 10 13 21 200
24 82 54 68 1 0 3 0.00 M M 3.0 10 280 M M 2 12 15 300
25 86 59 73 6 0 8 0.00 M M 4.6 12 280 M M 0 14 300
26 90 58 74 6 0 9 0.16 M M 7.5 17 210 M M 3 1 24 230
27 75 61 68 0 0 3 0.26 M M 9.8 22 270 M M 7 1 30 270
28 75 57 66 -2 0 1 0.00 M M 6.5 15 230 M M 4 20 220
29 77 52 65 -3 0 0 0.25 M M 6.8 23 300 M M 3 1 34 290
30 76 50 63 -5 2 0 0.00 M M 2.9 9 210 M M 2 12 13 210
================================================================================
SM 2233 1605 68 44 3.55 M 209.0 M 126
================================================================================
AV 74.4 53.5 7.0 FASTST M M 4 MAX(MPH)
MISC ----> 26 270 # 37 320
================================================================================
NOTES:
# LAST OF SEVERAL OCCURRENCES
COLUMN 17 PEAK WIND IN M.P.H.
PRELIMINARY LOCAL CLIMATOLOGICAL DATA (WS FORM: F-6) , PAGE 2
STATION: MASSENA NY
MONTH: JUNE
YEAR: 2022
LATITUDE: 44 55 N
LONGITUDE: 74 51 W
[TEMPERATURE DATA] [PRECIPITATION DATA] SYMBOLS USED IN COLUMN 16
AVERAGE MONTHLY: 64.0 TOTAL FOR MONTH: 3.55 1 = FOG OR MIST
DPTR FM NORMAL: -0.8 DPTR FM NORMAL: -0.16 2 = FOG REDUCING VISIBILITY
HIGHEST: 90 ON 26 GRTST 24HR 0.76 ON 7- 7 TO 1/4 MILE OR LESS
LOWEST: 44 ON 20 3 = THUNDER
SNOW, ICE PELLETS, HAIL 4 = ICE PELLETS
TOTAL MONTH: M 5 = HAIL
GRTST 24HR M ON M 6 = FREEZING RAIN OR DRIZZLE
GRTST DEPTH: M ON M 7 = DUSTSTORM OR SANDSTORM:
VSBY 1/2 MILE OR LESS
8 = SMOKE OR HAZE
[NO. OF DAYS WITH] [WEATHER - DAYS WITH] 9 = BLOWING SNOW
X = TORNADO
MAX 32 OR BELOW: 0 0.01 INCH OR MORE: 15
MAX 90 OR ABOVE: 1 0.10 INCH OR MORE: 9
MIN 32 OR BELOW: 0 0.50 INCH OR MORE: 2
MIN 0 OR BELOW: 0 1.00 INCH OR MORE: 0
[HDD (BASE 65) ]
TOTAL THIS MO. 68 CLEAR (SCALE 0-3) 13
DPTR FM NORMAL -16 PTCLDY (SCALE 4-7) 15
TOTAL FM JUL 1 7782 CLOUDY (SCALE 8-10) 2
DPTR FM NORMAL -206
[CDD (BASE 65) ]
TOTAL THIS MO. 44
DPTR FM NORMAL -34 [PRESSURE DATA]
TOTAL FM JAN 1 73 HIGHEST SLP 30.25 ON 30
DPTR FM NORMAL -23 LOWEST SLP 29.49 ON 17
[REMARKS]
#FINAL-06-22#