000
CXUS55 KGJT 012111
CF6MTJ
PRELIMINARY LOCAL CLIMATOLOGICAL DATA (WS FORM: F-6)
STATION: MONTROSE CO
MONTH: JULY
YEAR: 2023
LATITUDE: 38 30 N
LONGITUDE: 107 53 W
TEMPERATURE IN F: :PCPN: SNOW: WIND :SUNSHINE: SKY :PK WND
================================================================================
1 2 3 4 5 6A 6B 7 8 9 10 11 12 13 14 15 16 17 18
12Z AVG MX 2MIN
DY MAX MIN AVG DEP HDD CDD WTR SNW DPTH SPD SPD DIR MIN PSBL S-S WX SPD DR
================================================================================
1 86 51 69 -4 0 4 0.00 M M 6.9 15 300 M M 0 19 300
2 90 55 73 0 0 8 0.00 M M 8.3 18 300 M M 0 3 25 300
3 92 55 74 1 0 9 T M M 6.3 26 230 M M 0 38 36 230
4 94 63 79 6 0 14 T M M 8.3 40 280 M M 0 8 62 260
5 92 55 74 1 0 9 0.00 M M 7.4 20 210 M M 0 8 28 190
6 92 54 73 -1 0 8 0.00 M M 9.5 25 220 M M 0 37 200
7 93 55 74 0 0 9 0.00 M M 8.9 24 210 M M 0 8 35 250
8 92 56 74 0 0 9 0.00 M M 10.5 23 240 M M 0 34 230
9 94 52 73 -1 0 8 0.00 M M 6.9 16 120 M M 0 23 350
10 93 65 79 5 0 14 T M M 8.8 30 220 M M 1 38 42 210
11 93 60 77 3 0 12 0.00 M M 9.4 24 150 M M 2 31 150
12 96 63 80 6 0 15 0.00 M M 8.5 18 250 M M 1 25 270
13 95 62 79 5 0 14 0.00 M M 6.6 14 330 M M 0 8 23 350
14 93 61 77 3 0 12 0.00 M M 6.5 15 330 M M 0 20 330
15 92 58 75 1 0 10 0.00 M M 8.4 21 320 M M 0 29 310
16 94 56 75 1 0 10 0.00 M M 6.9 16 140 M M 0 20 140
17 99 59 79 5 0 14 0.00 M M 6.0 15 330 M M 0 22 350
18 97 64 81 7 0 16 T M M 7.7 23 350 M M 1 32 360
19 94 65 80 6 0 15 T M M 7.0 26 210 M M 1 38 36 200
20 93 60 77 3 0 12 0.00 M M 8.3 18 330 M M 0 27 320
21 93 59 76 2 0 11 0.00 M M 7.7 15 290 M M 0 22 330
22 94 57 76 2 0 11 0.00 M M 6.9 16 150 M M 0 21 300
23 98 58 78 4 0 13 0.00 M M 6.5 16 210 M M 0 22 200
24 99 62 81 7 0 16 0.00 M M 9.1 28 140 M M 0 42 170
25 96 67 82 8 0 17 0.01 M M 7.3 18 200 M M 0 3 27 190
26 97 63 80 6 0 15 0.00 M M 7.7 24 290 M M 0 3 32 290
27 94 66 80 6 0 15 T M M 7.2 20 260 M M 0 8 25 250
28 97 69 83 9 0 18 0.00 M M 7.4 15 120 M M 0 19 120
29 94 60 77 3 0 12 0.01 M M 7.3 23 180 M M 1 3 29 180
30 92 69 81 7 0 16 T M M 8.0 33 170 M M 2 3 39 190
31 90 67 79 5 0 14 T M M 7.2 29 150 M M 2 3 36 150
================================================================================
SM 2908 1866 0 380 0.02 M 239.4 M 11
================================================================================
AV 93.8 60.2 7.7 FASTST M M 0 MAX(MPH)
MISC ----> 40 280 62 260
================================================================================
NOTES:
# LAST OF SEVERAL OCCURRENCES
COLUMN 17 PEAK WIND IN M.P.H.
PRELIMINARY LOCAL CLIMATOLOGICAL DATA (WS FORM: F-6) , PAGE 2
STATION: MONTROSE CO
MONTH: JULY
YEAR: 2023
LATITUDE: 38 30 N
LONGITUDE: 107 53 W
[TEMPERATURE DATA] [PRECIPITATION DATA] SYMBOLS USED IN COLUMN 16
AVERAGE MONTHLY: 77.0 TOTAL FOR MONTH: 0.02 1 = FOG OR MIST
DPTR FM NORMAL: 3.0 DPTR FM NORMAL: -0.78 2 = FOG REDUCING VISIBILITY
HIGHEST: 99 ON 24,17 GRTST 24HR 0.01 ON 29 25 TO 1/4 MILE OR LESS
LOWEST: 51 ON 1 3 = THUNDER
SNOW, ICE PELLETS, HAIL 4 = ICE PELLETS
TOTAL MONTH: M 5 = HAIL
GRTST 24HR M ON M 6 = FREEZING RAIN OR DRIZZLE
GRTST DEPTH: M ON M 7 = DUSTSTORM OR SANDSTORM:
VSBY 1/2 MILE OR LESS
8 = SMOKE OR HAZE
[NO. OF DAYS WITH] [WEATHER - DAYS WITH] 9 = BLOWING SNOW
X = TORNADO
MAX 32 OR BELOW: 0 0.01 INCH OR MORE: 2
MAX 90 OR ABOVE: 30 0.10 INCH OR MORE: 0
MIN 32 OR BELOW: 0 0.50 INCH OR MORE: 0
MIN 0 OR BELOW: 0 1.00 INCH OR MORE: 0
[HDD (BASE 65) ]
TOTAL THIS MO. 0 CLEAR (SCALE 0-3) 31
DPTR FM NORMAL 0 PTCLDY (SCALE 4-7) 0
TOTAL FM JUL 1 0 CLOUDY (SCALE 8-10) 0
DPTR FM NORMAL 0
[CDD (BASE 65) ]
TOTAL THIS MO. 380
DPTR FM NORMAL 101 [PRESSURE DATA]
TOTAL FM JAN 1 461 HIGHEST SLP M ON M
DPTR FM NORMAL 15 LOWEST SLP 29.66 ON 7
[REMARKS]
#FINAL-07-23#