000
CXUS53 KILX 010900
CF6MTO
PRELIMINARY LOCAL CLIMATOLOGICAL DATA (WS FORM: F-6)
STATION: MATTOON IL AIRPORT
MONTH: AUGUST
YEAR: 2022
LATITUDE: 39 28 N
LONGITUDE: 88 17 W
TEMPERATURE IN F: :PCPN: SNOW: WIND :SUNSHINE: SKY :PK WND
================================================================================
1 2 3 4 5 6A 6B 7 8 9 10 11 12 13 14 15 16 17 18
12Z AVG MX 2MIN
DY MAX MIN AVG DEP HDD CDD WTR SNW DPTH SPD SPD DIR MIN PSBL S-S WX SPD DR
================================================================================
1 89 67 78 3 0 13 0.20 M M 8.6 28 270 M M 6 138 45 270
2 81 67 74 -1 0 9 0.82 M M 8.5 32 280 M M 4 13 52 270
3 90 70 80 5 0 15 1.47 M M 10.2 29 330 M M 2 13 41 350
4 85 69 77 2 0 12 0.01 M M 5.5 13 170 M M 5 18 160
5 86 71 79 4 0 14 0.00 M M 4.8 9 150 M M 6 12 13 160
6 89 73 81 6 0 16 0.00 M M 6.7 12 190 M M 3 12 18 150
7 90 74 82 7 0 17 0.00 M M 7.0 13 180 M M 0 19 200
8 91 74 83 8 0 18 0.03 M M 6.5 13 200 M M 2 13 19 200
9 76 67 72 -3 0 7 0.61 M M 7.1 15 10 M M 9 13 20 360
10 80 61 71 -4 0 6 0.00 M M 4.8 13 360 M M 2 18 20
11 84 59 72 -2 0 7 T M M 5.3 13 30 M M 2 1 19 10
12 79 54 67 -7 0 2 0.00 M M 4.4 14 60 M M 0 19 60
13 79 56 68 -6 0 3 0.00 M M 7.0 13 150 M M 0 3 18 210
14 83 67 75 1 0 10 0.09 M M 8.8 16 310 M M 8 13 22 310
15 78 67 73 -1 0 8 0.00 M M 8.9 13 20 M M 7 1 M M
16 82 61 72 -2 0 7 0.00 M M 5.9 10 60 M M 1 1 M M
17 81 56 69 -5 0 4 0.00 M M 4.9 15 20 M M 0 23 60
18 83 58 71 -3 0 6 0.00 M M 1.8 8 340 M M 1 18 11 340
19 83 59 71 -3 0 6 0.00 M M 5.4 12 180 M M 0 15 190
20 82 67 75 1 0 10 0.31 M M 6.7 18 330 M M 4 13 23 330
21 80 65 73 -1 0 8 T M M 6.2 15 320 M M 5 123 19 300
22 81 61 71 -2 0 6 0.00 M M 4.6 14 350 M M 1 128 19 330
23 82 60 71 -2 0 6 0.00 M M 2.5 10 330 M M 1 18 14 330
24 83 58 71 -2 0 6 0.00 M M 1.0 8 310 M M 2 12 11 310
25 84 62 73 0 0 8 0.17 M M 5.4 17 280 M M 4 138 33 270
26 84 65 75 2 0 10 0.09 M M 5.0 15 10 M M 2 138 19 360
27 85 62 74 1 0 9 0.00 M M 4.6 10 140 M M 1 15 110
28 89 70 80 8 0 15 M M M 8.3 18 160 M M 1 138 37 150
29 89 68 79 7 0 14 1.12 M M 8.7 26 290 M M 3 13 42 150
30 82 62 72 0 0 7 0.03 M M 8.4 18 300 M M 2 1 25 270
31 80 58 69 -3 0 4 0.00 M M 4.0 12 350 M M 0 16 310
================================================================================
SM 2590 1988 0 283 4.95 M 187.5 M 84
================================================================================
AV 83.5 64.1 6.0 FASTST M M 3 MAX(MPH)
MISC ----> 32 280 52 270
================================================================================
NOTES:
# LAST OF SEVERAL OCCURRENCES
COLUMN 17 PEAK WIND IN M.P.H.
PRELIMINARY LOCAL CLIMATOLOGICAL DATA (WS FORM: F-6) , PAGE 2
STATION: MATTOON IL AIRPORT
MONTH: AUGUST
YEAR: 2022
LATITUDE: 39 28 N
LONGITUDE: 88 17 W
[TEMPERATURE DATA] [PRECIPITATION DATA] SYMBOLS USED IN COLUMN 16
AVERAGE MONTHLY: 73.8 TOTAL FOR MONTH: 4.95 1 = FOG OR MIST
DPTR FM NORMAL: -0.1 DPTR FM NORMAL: 2.53 2 = FOG REDUCING VISIBILITY
HIGHEST: 91 ON 8 GRTST 24HR 1.48 ON 3- 4 TO 1/4 MILE OR LESS
LOWEST: 54 ON 12 3 = THUNDER
SNOW, ICE PELLETS, HAIL 4 = ICE PELLETS
TOTAL MONTH: M 5 = HAIL
GRTST 24HR M ON M 6 = FREEZING RAIN OR DRIZZLE
GRTST DEPTH: M ON M 7 = DUSTSTORM OR SANDSTORM:
VSBY 1/2 MILE OR LESS
8 = SMOKE OR HAZE
[NO. OF DAYS WITH] [WEATHER - DAYS WITH] 9 = BLOWING SNOW
X = TORNADO
MAX 32 OR BELOW: 0 0.01 INCH OR MORE: 12
MAX 90 OR ABOVE: 3 0.10 INCH OR MORE: 7
MIN 32 OR BELOW: 0 0.50 INCH OR MORE: 4
MIN 0 OR BELOW: 0 1.00 INCH OR MORE: 2
[HDD (BASE 65) ]
TOTAL THIS MO. 0 CLEAR (SCALE 0-3) 20
DPTR FM NORMAL -3 PTCLDY (SCALE 4-7) 10
TOTAL FM JUL 1 0 CLOUDY (SCALE 8-10) 1
DPTR FM NORMAL -1
[CDD (BASE 65) ]
TOTAL THIS MO. 283
DPTR FM NORMAL 6 [PRESSURE DATA]
TOTAL FM JAN 1 1091 HIGHEST SLP 30.23 ON 12
DPTR FM NORMAL 133 LOWEST SLP 29.81 ON 28
[REMARKS]
#FINAL-08-22#