000
CXUS53 KILX 011803
CLMMTO
CLIMATE REPORT
NATIONAL WEATHER SERVICE LINCOLN IL
1203 PM CST THU FEB 01 2024
...................................
...THE MATTOON IL AIRPORT CLIMATE SUMMARY FOR THE MONTH OF JANUARY 2024...
CLIMATE NORMAL PERIOD 1991 TO 2020
CLIMATE RECORD PERIOD 9999 TO 9999
WEATHER OBSERVED NORMAL DEPART LAST YEAR`S
VALUE DATE(S) VALUE FROM VALUE
NORMAL
..............................................................
TEMPERATURE (F)
RECORD
HIGH MM MM
LOW -5 01/21/2024
HIGHEST 50 01/24 MM MM 62
LOWEST -5R 01/21 MM MM 8
AVG. MAXIMUM 35.6 35.4 0.2 42.8
AVG. MINIMUM 25.2 20.3 4.9 30.1
MEAN 30.4 27.8 2.6 36.5
DAYS MAX >= 90 0 0.0 0.0 0
DAYS MAX <= 32 5 11.7 -6.7 5
DAYS MIN <= 32 19 26.1 -7.1 22
DAYS MIN <= 0 3 2.3 0.7 0
PRECIPITATION (INCHES)
RECORD
MAXIMUM 2.07 2021
MINIMUM 0.81 2022
TOTALS 4.60 2.04 2.56 1.86
DAILY AVG. 0.19 0.07 0.12 0.06
DAYS >= .01 11 7.5 3.5 10
DAYS >= .10 8 3.6 4.4 6
DAYS >= .50 5 1.2 3.8 1
DAYS >= 1.00 1 0.4 0.6 0
GREATEST
24 HR. TOTAL 1.22 01/12 TO 01/12 0.65
DEGREE DAYS
HEATING TOTAL 913 1151 -238 877
SINCE 7/1 2595 3189 -594 MM
COOLING TOTAL 0 0 0 0
SINCE 1/1 0 0 0 MM
..............................................................
WIND (MPH)
AVERAGE WIND SPEED 9.5
HIGHEST WIND SPEED/DIRECTION 30/280 DATE 01/09
30/250 01/12
30/310 01/19
HIGHEST GUST SPEED/DIRECTION 52/260 DATE 01/12
AVERAGE RH (PERCENT) 82
WEATHER CONDITIONS. NUMBER OF DAYS WITH
THUNDERSTORM 0 MIXED PRECIP 0
HEAVY RAIN 2 RAIN 7
LIGHT RAIN 11 FREEZING RAIN 0
LT FREEZING RAIN 1 HAIL 0
HEAVY SNOW 0 SNOW 0
LIGHT SNOW 10 SLEET 0
FOG 14 FOG W/VIS <= 1/4 MILE 1
HAZE 2
- INDICATES NEGATIVE NUMBERS.
R INDICATES RECORD WAS SET OR TIED.
MM INDICATES DATA IS MISSING.
T INDICATES TRACE AMOUNT.
$$