262
CXUS55 KBOI 011002
CF6MUO
PRELIMINARY LOCAL CLIMATOLOGICAL DATA (WS FORM: F-6)
STATION: MOUNTAIN HOME AFB
MONTH: MAY
YEAR: 2020
LATITUDE: 43 2 N
LONGITUDE: 115 52 W
TEMPERATURE IN F: :PCPN: SNOW: WIND :SUNSHINE: SKY :PK WND
================================================================================
1 2 3 4 5 6A 6B 7 8 9 10 11 12 13 14 15 16 17 18
12Z AVG MX 2MIN
DY MAX MIN AVG DEP HDD CDD WTR SNW DPTH SPD SPD DIR MIN PSBL S-S WX SPD DR
================================================================================
1 70 41 56 2 9 0 0.00 M M 7.7 14 300 M M 2 M M
2 78 40 59 5 6 0 0.00 M M 7.9 21 110 M M 5 M M
3 63 40 52 -2 13 0 T M M 16.4 29 310 M M 3 38 310
4 69 34 52 -3 13 0 0.00 M M 5.5 12 320 M M 1 M M
5 81 37 59 4 6 0 0.00 M M 13.5 23 120 M M 1 32 110
6 69 42 56 1 9 0 0.00 M M 17.3 41 310 M M 2 78 59 300
7 66 33 50 -6 15 0 0.00 M M 7.2 14 310 M M 0 17 330
8 75 35 55 -1 10 0 0.00 M M 7.4 17 330 M M 0 21 320
9 80 46 63 7 2 0 0.00 M M 10.7 23 120 M M 0 32 120
10 85 42 64 7 1 0 0.00 M M 7.5 21 120 M M 1 31 100
11 84 50 67 10 0 2 0.00 M M 9.4 22 110 M M 3 22 240
12 71 49 60 3 5 0 T M M 10.8 23 240 M M 7 44 260
13 63 40 52 -5 13 0 T M M 5.3 14 290 M M 5 22 310
14 62 45 54 -4 11 0 0.12 M M 4.0 22 300 M M 8 1 40 280
15 65 41 53 -5 12 0 T M M 11.1 22 320 M M 3 30 330
16 73 35 54 -4 11 0 0.00 M M 14.8 23 110 M M 3 37 110
17 80 58 69 10 0 4 T M M 12.5 29 330 M M 7 8 39 120
18 67 49 58 -1 7 0 0.10 M M 13.8 35 320 M M 7 1 46 310
19 54 44 49 -10 16 0 0.10 M M 8.0 16 330 M M 9 M M
20 52 44 48 -12 17 0 0.48 M M 6.7 15 290 M M 10 1 M M
21 61 43 52 -8 13 0 0.02 M M 7.6 22 330 M M 7 32 330
22 57 41 49 -11 16 0 0.01 M M 14.2 20 320 M M 6 26 320
23 65 41 53 -8 12 0 0.00 M M 17.7 25 310 M M 1 38 290
24 72 40 56 -5 9 0 0.00 M M 8.0 15 310 M M 0 23 310
25 80 41 61 0 4 0 T M M 4.4 8 70 M M 2 M M
26 78 57 68 7 0 3 0.03 M M 12.5 20 350 M M 5 32 340
27 84 52 68 6 0 3 0.00 M M 10.1 16 340 M M 1 23 320
28 92 49 71 9 0 6 0.00 M M 2.7 9 320 M M 0 M M
29 98 58 78 16 0 13 T M M 2.9 14 350 M M 0 17 350
30 97 66 82 19 0 17 T M M 14.7 30 290 M M 4 51 210
31 79 58 69 6 0 4 T M M 7.6 16 330 M M 1 21 350
================================================================================
SM 2270 1391 230 52 0.86 M 299.8 M 104
================================================================================
AV 73.2 44.9 9.7 FASTST M M 3 MAX(MPH)
MISC ----> 41 310 59 300
================================================================================
NOTES:
# LAST OF SEVERAL OCCURRENCES
COLUMN 17 PEAK WIND IN M.P.H.
PRELIMINARY LOCAL CLIMATOLOGICAL DATA (WS FORM: F-6) , PAGE 2
STATION: MOUNTAIN HOME AFB
MONTH: MAY
YEAR: 2020
LATITUDE: 43 2 N
LONGITUDE: 115 52 W
[TEMPERATURE DATA] [PRECIPITATION DATA] SYMBOLS USED IN COLUMN 16
AVERAGE MONTHLY: 59.0 TOTAL FOR MONTH: 0.86 1 = FOG OR MIST
DPTR FM NORMAL: 0.7 DPTR FM NORMAL: -0.40 2 = FOG REDUCING VISIBILITY
HIGHEST: 98 ON 29 GRTST 24HR 0.48 ON 20-20 TO 1/4 MILE OR LESS
LOWEST: 33 ON 7 3 = THUNDER
SNOW, ICE PELLETS, HAIL 4 = ICE PELLETS
TOTAL MONTH: M 5 = HAIL
GRTST 24HR M ON M 6 = FREEZING RAIN OR DRIZZLE
GRTST DEPTH: M ON M 7 = DUSTSTORM OR SANDSTORM:
VSBY 1/2 MILE OR LESS
8 = SMOKE OR HAZE
[NO. OF DAYS WITH] [WEATHER - DAYS WITH] 9 = BLOWING SNOW
X = TORNADO
MAX 32 OR BELOW: 0 0.01 INCH OR MORE: 7
MAX 90 OR ABOVE: 3 0.10 INCH OR MORE: 4
MIN 32 OR BELOW: 0 0.50 INCH OR MORE: 0
MIN 0 OR BELOW: 0 1.00 INCH OR MORE: 0
[HDD (BASE 65) ]
TOTAL THIS MO. 230 CLEAR (SCALE 0-3) 17
DPTR FM NORMAL -23 PTCLDY (SCALE 4-7) 12
TOTAL FM JUL 1 5693 CLOUDY (SCALE 8-10) 2
DPTR FM NORMAL -70
[CDD (BASE 65) ]
TOTAL THIS MO. 52
DPTR FM NORMAL 16 [PRESSURE DATA]
TOTAL FM JAN 1 54 HIGHEST SLP M ON M
DPTR FM NORMAL 18 LOWEST SLP M ON M
[REMARKS]
#FINAL-05-20#