000
CXUS54 KLZK 011130
CF6MWT
PRELIMINARY LOCAL CLIMATOLOGICAL DATA (WS FORM: F-6)
STATION: MOUNT IDA
MONTH: SEPTEMBER
YEAR: 2021
LATITUDE: 34 32 N
LONGITUDE: 93 35 W
TEMPERATURE IN F: :PCPN: SNOW: WIND :SUNSHINE: SKY :PK WND
================================================================================
1 2 3 4 5 6A 6B 7 8 9 10 11 12 13 14 15 16 17 18
12Z AVG MX 2MIN
DY MAX MIN AVG DEP HDD CDD WTR SNW DPTH SPD SPD DIR MIN PSBL S-S WX SPD DR
================================================================================
1 101 70 86 8 0 21 0.10 0.0 M 1.5 10 130 M M 2 21 80
2 92 70 81 3 0 16 0.00 0.0 0 1.6 9 160 M M 3 12 120
3 92 69 81 3 0 16 0.00 0.0 M 2.0 8 150 M M 1 12 150
4 94 73 84 7 0 19 0.00 0.0 0 1.6 9 190 M M 0 17 190
5 85 68 77 0 0 12 0.61 0.0 0 0.9 8 30 M M 5 1 13 270
6 90 64 77 0 0 12 0.00 0.0 M 0.6 7 130 M M 4 12 12 150
7 93 59 76 0 0 11 0.00 0.0 M 0.6 6 240 M M 0 1 9 310
8 91 58 75 -1 0 10 0.00 0.0 M 1.8 10 320 M M 1 19 300
9 91 53 72 -4 0 7 0.00 0.0 M 1.4 8 10 M M 0 15 310
10 93 56 75 0 0 10 0.00 0.0 0 1.3 8 150 M M 0 13 270
11 92 59 76 1 0 11 0.00 0.0 M 1.2 9 140 M M 0 15 130
12 90 58 74 -1 0 9 0.00 0.0 0 1.8 12 140 M M 0 16 160
13 88 64 76 2 0 11 0.04 0.0 0 1.4 12 210 M M 2 1 23 230
14 89 69 79 5 0 14 0.00 0.0 0 1.2 9 130 M M 6 14 80
15 91 66 79 5 0 14 0.00 0.0 M 1.2 10 140 M M 3 18 150
16 91 64 78 5 0 13 0.00 0.0 0 2.1 12 140 M M 3 1 16 160
17 89 65 77 4 0 12 0.00 0.0 0 1.5 8 120 M M 5 12 150
18 92 69 81 8 0 16 T 0.0 0 1.5 10 70 M M 5 18 40
19 88 69 79 7 0 14 0.01 0.0 0 1.8 12 130 M M 5 12 17 140
20 89 69 79 7 0 14 0.00 0.0 0 2.2 10 140 M M 2 15 140
21 80 54 67 -5 0 2 0.60 0.0 0 1.6 9 340 M M 5 12 19 360
22 81 50 66 -5 0 1 0.00 0.0 0 2.7 12 330 M M 0 19 340
23 82 45 64 -7 1 0 0.00 0.0 0 0.8 8 290 M M 0 12 260
24 83 45 64 -6 1 0 0.00 0.0 M 0.9 8 180 M M 0 12 150
25 90 49 70 0 0 5 0.00 0.0 M 1.0 8 340 M M 0 14 350
26 90 51 71 1 0 6 0.00 0.0 M 1.9 9 140 M M 0 16 160
27 88 57 73 4 0 8 0.00 0.0 M 1.7 12 140 M M 0 16 140
28 91 59 75 6 0 10 0.00 0.0 M 2.3 14 130 M M 1 1 20 140
29 77 66 72 4 0 7 0.00 0.0 M 2.0 9 140 M M 7 1 12 150
30 86 64 75 7 0 10 0.02 0.0 M 0.3 7 170 M M 7 1 10 180
================================================================================
SM 2669 1832 2 311 1.38 0.0 44.4 M 67
================================================================================
AV 89.0 61.1 1.5 FASTST M M 2 MAX(MPH)
MISC ----> 14 130 23 230
================================================================================
NOTES:
# LAST OF SEVERAL OCCURRENCES
COLUMN 17 PEAK WIND IN M.P.H.
PRELIMINARY LOCAL CLIMATOLOGICAL DATA (WS FORM: F-6) , PAGE 2
STATION: MOUNT IDA
MONTH: SEPTEMBER
YEAR: 2021
LATITUDE: 34 32 N
LONGITUDE: 93 35 W
[TEMPERATURE DATA] [PRECIPITATION DATA] SYMBOLS USED IN COLUMN 16
AVERAGE MONTHLY: 75.0 TOTAL FOR MONTH: 1.38 1 = FOG OR MIST
DPTR FM NORMAL: 1.6 DPTR FM NORMAL: -2.76 2 = FOG REDUCING VISIBILITY
HIGHEST: 101 ON 1 GRTST 24HR 0.61 ON 5- 5 TO 1/4 MILE OR LESS
LOWEST: 45 ON 24,23 3 = THUNDER
SNOW, ICE PELLETS, HAIL 4 = ICE PELLETS
TOTAL MONTH: 0.0 INCH 5 = HAIL
GRTST 24HR 0.0 6 = FREEZING RAIN OR DRIZZLE
GRTST DEPTH: 0 7 = DUSTSTORM OR SANDSTORM:
VSBY 1/2 MILE OR LESS
8 = SMOKE OR HAZE
[NO. OF DAYS WITH] [WEATHER - DAYS WITH] 9 = BLOWING SNOW
X = TORNADO
MAX 32 OR BELOW: 0 0.01 INCH OR MORE: 6
MAX 90 OR ABOVE: 17 0.10 INCH OR MORE: 3
MIN 32 OR BELOW: 0 0.50 INCH OR MORE: 2
MIN 0 OR BELOW: 0 1.00 INCH OR MORE: 0
[HDD (BASE 65) ]
TOTAL THIS MO. 2 CLEAR (SCALE 0-3) 20
DPTR FM NORMAL -11 PTCLDY (SCALE 4-7) 10
TOTAL FM JUL 1 2 CLOUDY (SCALE 8-10) 0
DPTR FM NORMAL -9
[CDD (BASE 65) ]
TOTAL THIS MO. 311
DPTR FM NORMAL 46 [PRESSURE DATA]
TOTAL FM JAN 1 1870 HIGHEST SLP 30.26 ON 22
DPTR FM NORMAL 20 LOWEST SLP 29.73 ON 1
[REMARKS]
#FINAL-09-21#