000
CXUS56 KSGX 011045
CF6MYF
PRELIMINARY LOCAL CLIMATOLOGICAL DATA (WS FORM: F-6)
STATION: SAN DIEGO/MONTGOMERY FLD CA
MONTH: SEPTEMBER
YEAR: 2021
LATITUDE: 32 49 N
LONGITUDE: 117 9 W
TEMPERATURE IN F: :PCPN: SNOW: WIND :SUNSHINE: SKY :PK WND
================================================================================
1 2 3 4 5 6A 6B 7 8 9 10 11 12 13 14 15 16 17 18
12Z AVG MX 2MIN
DY MAX MIN AVG DEP HDD CDD WTR SNW DPTH SPD SPD DIR MIN PSBL S-S WX SPD DR
================================================================================
1 77 67 72 -2 0 7 0.00 M M 5.6 14 250 M M 9 18 240
2 79 68 74 0 0 9 0.00 M M 6.8 14 270 M M 6 20 260
3 79 65 72 -2 0 7 0.00 M M 5.8 15 300 M M 5 1 21 280
4 90 63 77 3 0 12 0.00 M M 6.9 20 320 M M 3 128 24 320
5 84 67 76 2 0 11 0.00 M M 6.2 12 190 M M 1 18 16 200
6 80 67 74 0 0 9 0.00 M M 5.4 14 220 M M 4 18 19 250
7 84 69 77 3 0 12 0.00 M M 3.8 10 240 M M 3 8 15 250
8 86 68 77 3 0 12 0.00 M M 5.9 14 290 M M 4 18 17 310
9 89 68 79 6 0 14 0.03 M M 5.1 14 180 M M 1 138 17 180
10 89 68 79 6 0 14 0.00 M M 5.2 12 320 M M 2 1 15 250
11 92 68 80 7 0 15 0.00 M M 8.1 17 300 M M 0 18 21 300
12 85 66 76 3 0 11 0.00 M M 7.9 15 340 M M 0 18 310
13 84 62 73 0 0 8 0.00 M M 5.4 10 300 M M 3 128 14 290
14 79 64 72 -1 0 7 0.00 M M 3.9 12 240 M M 5 18 15 240
15 78 64 71 -2 0 6 0.00 M M 4.7 13 290 M M 5 8 16 250
16 75 64 70 -3 0 5 0.00 M M 5.7 13 300 M M 6 18 250
17 75 64 70 -2 0 5 0.00 M M 5.4 14 230 M M 4 17 230
18 76 64 70 -2 0 5 0.00 M M 6.9 14 300 M M 4 23 290
19 76 62 69 -3 0 4 0.00 M M 4.8 12 240 M M 4 16 240
20 78 59 69 -3 0 4 0.00 M M 3.7 12 240 M M 0 16 260
21 98 64 81 9 0 16 0.00 M M 4.6 14 300 M M 0 16 300
22 95 69 82 10 0 17 0.00 M M 7.4 18 300 M M 0 20 300
23 84 65 75 3 0 10 0.00 M M 5.0 13 270 M M 0 16 270
24 79 65 72 1 0 7 T M M 3.7 15 300 M M 6 38 17 300
25 77 65 71 0 0 6 0.00 M M 4.6 13 310 M M 5 17 290
26 70 65 68 -3 0 3 T M M 6.4 12 300 M M 10 1 14 270
27 67 63 65 -6 0 0 T M M 5.3 10 290 M M 10 18 13 300
28 72 64 68 -3 0 3 0.00 M M 4.1 12 240 M M 9 17 260
29 74 63 69 -2 0 4 0.00 M M 5.6 14 250 M M 3 17 240
30 82 56 69 -1 0 4 0.00 M M 3.2 13 320 M M 0 17 340
================================================================================
SM 2433 1946 0 247 0.03 M 163.1 M 112
================================================================================
AV 81.1 64.9 5.4 FASTST M M 4 MAX(MPH)
MISC ----> 20 320 24 320
================================================================================
NOTES:
# LAST OF SEVERAL OCCURRENCES
COLUMN 17 PEAK WIND IN M.P.H.
PRELIMINARY LOCAL CLIMATOLOGICAL DATA (WS FORM: F-6) , PAGE 2
STATION: SAN DIEGO/MONTGOMERY FLD CA
MONTH: SEPTEMBER
YEAR: 2021
LATITUDE: 32 49 N
LONGITUDE: 117 9 W
[TEMPERATURE DATA] [PRECIPITATION DATA] SYMBOLS USED IN COLUMN 16
AVERAGE MONTHLY: 73.0 TOTAL FOR MONTH: 0.03 1 = FOG OR MIST
DPTR FM NORMAL: 0.5 DPTR FM NORMAL: -0.14 2 = FOG REDUCING VISIBILITY
HIGHEST: 98 ON 21 GRTST 24HR 0.03 ON 9- 9 TO 1/4 MILE OR LESS
LOWEST: 56 ON 30 3 = THUNDER
SNOW, ICE PELLETS, HAIL 4 = ICE PELLETS
TOTAL MONTH: M 5 = HAIL
GRTST 24HR M ON M 6 = FREEZING RAIN OR DRIZZLE
GRTST DEPTH: M ON M 7 = DUSTSTORM OR SANDSTORM:
VSBY 1/2 MILE OR LESS
8 = SMOKE OR HAZE
[NO. OF DAYS WITH] [WEATHER - DAYS WITH] 9 = BLOWING SNOW
X = TORNADO
MAX 32 OR BELOW: 0 0.01 INCH OR MORE: 1
MAX 90 OR ABOVE: 4 0.10 INCH OR MORE: 0
MIN 32 OR BELOW: 0 0.50 INCH OR MORE: 0
MIN 0 OR BELOW: 0 1.00 INCH OR MORE: 0
[HDD (BASE 65) ]
TOTAL THIS MO. 0 CLEAR (SCALE 0-3) 11
DPTR FM NORMAL -2 PTCLDY (SCALE 4-7) 15
TOTAL FM JUL 1 0 CLOUDY (SCALE 8-10) 4
DPTR FM NORMAL -1
[CDD (BASE 65) ]
TOTAL THIS MO. 247
DPTR FM NORMAL 20 [PRESSURE DATA]
TOTAL FM JAN 1 975 HIGHEST SLP 30.07 ON 22
DPTR FM NORMAL 102 LOWEST SLP 29.76 ON 8
[REMARKS]
#FINAL-09-21#