000
CXUS53 KBIS 010830
CF6N60
PRELIMINARY LOCAL CLIMATOLOGICAL DATA (WS FORM: F-6)
STATION: GARRISON (AMOS) ND
MONTH: APRIL
YEAR: 2021
LATITUDE: 47 39 N
LONGITUDE: 101 23 W
TEMPERATURE IN F: :PCPN: SNOW: WIND :SUNSHINE: SKY :PK WND
================================================================================
1 2 3 4 5 6A 6B 7 8 9 10 11 12 13 14 15 16 17 18
12Z AVG MX 2MIN
DY MAX MIN AVG DEP HDD CDD WTR SNW DPTH SPD SPD DIR MIN PSBL S-S WX SPD DR
================================================================================
1 68 22 45 M 20 0 0.00 M M 12.9 26 200 M M 0 33 180
2 70 28 49 M 16 0 0.00 M M 9.2 28 300 M M 0 38 300
3 76 28 52 M 13 0 0.00 M M 8.7 24 300 M M 0 30 310
4 69 29 49 M 16 0 0.00 M M 10.7 22 110 M M 0 28 110
5 60 30 45 M 20 0 0.00 M M 11.9 29 340 M M 0 37 330
6 57 26 42 M 23 0 0.00 M M 6.2 15 40 M M 0 24 30
7 64 23 44 M 21 0 0.00 M M 6.8 13 60 M M 0 22 30
8 68 24 46 M 19 0 0.00 M M 4.0 16 310 M M 0 25 310
9 57 24 41 M 24 0 0.00 M M 22.9 38 310 M M 0 48 310
10 68 18 43 M 22 0 0.00 M M 6.6 17 250 M M 0 25 150
11 50 32 41 M 24 0 0.11 M M 19.5 31 300 M M 0 44 310
12 33 22 28 M 37 0 M M M 20.1 32 320 M M 0 38 330
13 27 20 24 M 41 0 0.05 M M 17.6 28 340 M M 0 33 340
14 34 21 28 M 37 0 0.00 M M 9.8 15 330 M M 0 20 340
15 42 30 36 M 29 0 0.00 M M 7.5 13 350 M M 0 17 350
16 47 30 39 M 26 0 0.05 M M 6.8 14 350 M M 0 18 350
17 60 25 43 M 22 0 0.00 M M 8.2 20 300 M M 0 27 290
18 48 28 38 M 27 0 0.00 M M 11.5 23 30 M M 0 39 30
19 41 23 32 M 33 0 0.00 M M 8.9 24 350 M M 0 34 340
20 37 21 29 M 36 0 0.05 M M 9.6 20 330 M M 0 28 360
21 57 20 39 M 26 0 0.00 M M 11.6 22 280 M M 0 33 300
22 64 26 45 M 20 0 0.00 M M 9.9 22 210 M M 0 31 220
23 43 22 33 M 32 0 0.00 M M 10.3 20 30 M M 0 33 350
24 52 17 35 M 30 0 0.00 M M 8.1 15 170 M M 0 20 180
25 41 35 38 M 27 0 M M M 11.6 20 150 M M 0 26 140
26 50 36 43 M 22 0 0.00 M M 4.6 10 150 M M 0 12 110
27 68 30 49 M 16 0 0.00 M M 3.1 18 270 M M 0 24 260
28 72 32 52 M 13 0 0.00 M M 9.6 24 350 M M 0 34 360
29 70 24 47 M 18 0 0.00 M M 9.2 26 350 M M 0 36 340
30 83 42 63 M 2 0 0.00 M M 13.5 25 190 M M 0 33 190
================================================================================
SM 1676 788 712 0 0.26 M 310.9 M 0
================================================================================
AV 55.9 26.3 10.4 FASTST M M 0 MAX(MPH)
MISC ----> 38 310 48 310
================================================================================
NOTES:
# LAST OF SEVERAL OCCURRENCES
COLUMN 17 PEAK WIND IN M.P.H.
PRELIMINARY LOCAL CLIMATOLOGICAL DATA (WS FORM: F-6) , PAGE 2
STATION: GARRISON (AMOS) ND
MONTH: APRIL
YEAR: 2021
LATITUDE: 47 39 N
LONGITUDE: 101 23 W
[TEMPERATURE DATA] [PRECIPITATION DATA] SYMBOLS USED IN COLUMN 16
AVERAGE MONTHLY: 41.1 TOTAL FOR MONTH: 0.26 1 = FOG OR MIST
DPTR FM NORMAL: 0.0 DPTR FM NORMAL: M 2 = FOG REDUCING VISIBILITY
HIGHEST: 83 ON 30 GRTST 24HR 0.24 ON 11-12 TO 1/4 MILE OR LESS
LOWEST: 17 ON 24 3 = THUNDER
SNOW, ICE PELLETS, HAIL 4 = ICE PELLETS
TOTAL MONTH: M 5 = HAIL
GRTST 24HR M ON M 6 = FREEZING RAIN OR DRIZZLE
GRTST DEPTH: M ON M 7 = DUSTSTORM OR SANDSTORM:
VSBY 1/2 MILE OR LESS
8 = SMOKE OR HAZE
[NO. OF DAYS WITH] [WEATHER - DAYS WITH] 9 = BLOWING SNOW
X = TORNADO
MAX 32 OR BELOW: 1 0.01 INCH OR MORE: 4
MAX 90 OR ABOVE: 0 0.10 INCH OR MORE: 1
MIN 32 OR BELOW: 27 0.50 INCH OR MORE: 0
MIN 0 OR BELOW: 0 1.00 INCH OR MORE: 0
[HDD (BASE 65) ]
TOTAL THIS MO. 712 CLEAR (SCALE 0-3) 30
DPTR FM NORMAL M PTCLDY (SCALE 4-7) 0
TOTAL FM JUL 1 7880 CLOUDY (SCALE 8-10) 0
DPTR FM NORMAL M
[CDD (BASE 65) ]
TOTAL THIS MO. 0
DPTR FM NORMAL M [PRESSURE DATA]
TOTAL FM JAN 1 0 HIGHEST SLP 30.49 ON 14
DPTR FM NORMAL M LOWEST SLP 29.54 ON 10
[REMARKS]
#FINAL-04-21#