000
CXHW50 PHFO 011250
CF6NGF
PRELIMINARY LOCAL CLIMATOLOGICAL DATA (WS FORM: F-6)
STATION: KANEOHE BAY MCAS HI
MONTH: MAY
YEAR: 2023
LATITUDE: 21 25 N
LONGITUDE: 157 46 W
TEMPERATURE IN F: :PCPN: SNOW: WIND :SUNSHINE: SKY :PK WND
================================================================================
1 2 3 4 5 6A 6B 7 8 9 10 11 12 13 14 15 16 17 18
12Z AVG MX 2MIN
DY MAX MIN AVG DEP HDD CDD WTR SNW DPTH SPD SPD DIR MIN PSBL S-S WX SPD DR
================================================================================
1 85 78 82 6 0 17 0.00 M M 9.3 16 100 M M 7 26 100
2 84 75 80 4 0 15 0.05 M M 4.3 9 50 M M 6 3 M M
3 85 77 81 5 0 16 0.00 M M 11.1 17 80 M M 6 36 M
4 83 76 80 4 0 15 T M M 14.0 18 80 M M 8 36 80
5 84 75 80 4 0 15 0.02 M M 15.4 21 70 M M 6 37 70
6 84 77 81 5 0 16 T M M 13.8 17 70 M M 5 31 80
7 84 76 80 4 0 15 T M M 13.9 17 80 M M 5 33 M
8 85 76 81 5 0 16 0.00 M M 13.3 17 80 M M 5 25 80
9 85 73 79 3 0 14 0.21 M M 11.7 16 70 M M 4 1 29 80
10 84 73 79 3 0 14 0.15 M M 10.9 16 70 M M 7 18 23 70
11 84 73 79 3 0 14 0.07 M M 8.4 13 60 M M 9 24 90
12 84 74 79 3 0 14 T M M 6.0 12 280 M M 7 M M
13 83 72 78 2 0 13 0.42 M M 6.0 18 50 M M 7 1 25 50
14 83 75 79 3 0 14 0.03 M M 15.3 21 30 M M 9 M M
15 84 74 79 3 0 14 0.00 M M 10.3 14 40 M M 7 M M
16 83 74 79 3 0 14 0.03 M M 8.3 16 40 M M 7 17 30
17 85 76 81 5 0 16 0.00 M M 9.1 13 120 M M 7 20 80
18 83 74 79 2 0 14 0.08 M M 6.1 10 110 M M 6 18 110
19 88 74 81 4 0 16 0.68 M M 4.0 10 230 M M 6 1 18 0
20 86 77 82 5 0 17 0.00 M M 6.1 12 80 M M 5 18 80
21 85 78 82 5 0 17 0.01 M M 10.0 14 70 M M 6 23 80
22 85 76 81 4 0 16 0.06 M M 12.6 20 90 M M 6 31 90
23 85 75 80 3 0 15 0.14 M M 11.4 15 70 M M 5 23 90
24 85 75 80 3 0 15 0.10 M M 12.8 23 60 M M 5 33 60
25 84 74 79 2 0 14 0.06 M M 12.5 20 40 M M 9 8 28 60
26 85 77 81 4 0 16 T M M 12.8 16 60 M M 3 22 60
27 84 74 79 2 0 14 0.00 M M 7.9 13 40 M M 1 M M
28 84 72 78 1 0 13 T M M 5.6 10 70 M M 3 M M
29 85 76 81 4 0 16 0.02 M M 11.2 15 70 M M 4 24 80
30 86 77 82 5 0 17 0.02 M M 9.5 15 60 M M 5 21 70
31 86 78 82 5 0 17 T M M 8.9 15 50 M M 7 20 50
================================================================================
SM 2620 2331 0 469 2.15 M 312.5 M 183
================================================================================
AV 84.5 75.2 10.1 FASTST M M 6 MAX(MPH)
MISC ----> 23 60 37 70
================================================================================
NOTES:
# LAST OF SEVERAL OCCURRENCES
COLUMN 17 PEAK WIND IN M.P.H.
PRELIMINARY LOCAL CLIMATOLOGICAL DATA (WS FORM: F-6) , PAGE 2
STATION: KANEOHE BAY MCAS HI
MONTH: MAY
YEAR: 2023
LATITUDE: 21 25 N
LONGITUDE: 157 46 W
[TEMPERATURE DATA] [PRECIPITATION DATA] SYMBOLS USED IN COLUMN 16
AVERAGE MONTHLY: 79.9 TOTAL FOR MONTH: 2.15 1 = FOG OR MIST
DPTR FM NORMAL: 3.4 DPTR FM NORMAL: 0.83 2 = FOG REDUCING VISIBILITY
HIGHEST: 88 ON 19 GRTST 24HR 0.68 ON 19-19 TO 1/4 MILE OR LESS
LOWEST: 72 ON 28,13 3 = THUNDER
SNOW, ICE PELLETS, HAIL 4 = ICE PELLETS
TOTAL MONTH: M 5 = HAIL
GRTST 24HR M ON M 6 = FREEZING RAIN OR DRIZZLE
GRTST DEPTH: M ON M 7 = DUSTSTORM OR SANDSTORM:
VSBY 1/2 MILE OR LESS
8 = SMOKE OR HAZE
[NO. OF DAYS WITH] [WEATHER - DAYS WITH] 9 = BLOWING SNOW
X = TORNADO
MAX 32 OR BELOW: 0 0.01 INCH OR MORE: 17
MAX 90 OR ABOVE: 0 0.10 INCH OR MORE: 6
MIN 32 OR BELOW: 0 0.50 INCH OR MORE: 1
MIN 0 OR BELOW: 0 1.00 INCH OR MORE: 0
[HDD (BASE 65) ]
TOTAL THIS MO. 0 CLEAR (SCALE 0-3) 2
DPTR FM NORMAL 0 PTCLDY (SCALE 4-7) 26
TOTAL FM JUL 1 0 CLOUDY (SCALE 8-10) 3
DPTR FM NORMAL 0
[CDD (BASE 65) ]
TOTAL THIS MO. 469
DPTR FM NORMAL 113 [PRESSURE DATA]
TOTAL FM JAN 1 1742 HIGHEST SLP M ON M
DPTR FM NORMAL 322 LOWEST SLP 31.99 ON 1
[REMARKS]
#FINAL-05-23#