000
CXHW50 PHFO 011250
CF6NGF
PRELIMINARY LOCAL CLIMATOLOGICAL DATA (WS FORM: F-6)
STATION: KANEOHE BAY MCAS HI
MONTH: MARCH
YEAR: 2023
LATITUDE: 21 25 N
LONGITUDE: 157 46 W
TEMPERATURE IN F: :PCPN: SNOW: WIND :SUNSHINE: SKY :PK WND
================================================================================
1 2 3 4 5 6A 6B 7 8 9 10 11 12 13 14 15 16 17 18
12Z AVG MX 2MIN
DY MAX MIN AVG DEP HDD CDD WTR SNW DPTH SPD SPD DIR MIN PSBL S-S WX SPD DR
================================================================================
1 77 71 74 1 0 9 0.18 M M 19.0 22 60 M M 8 54 70
2 77 72 75 2 0 10 T M M 17.4 21 70 M M 8 40 80
3 78 72 75 2 0 10 0.12 M M 12.4 18 80 M M 7 1 32 60
4 M M M M M M 0.06 M M 10.0 17 50 M M 7 24 50
5 M M M M M M 0.39 M M 3.0 8 50 M M 8 M M
6 81 74 78 5 0 13 0.08 M M 8.8 18 350 M M 6 1 26 220
7 82 71 77 4 0 12 0.03 M M 14.3 29 220 M M 5 44 240
8 80 72 76 3 0 11 0.06 M M 20.9 38 250 M M 5 63 250
9 78 73 76 3 0 11 0.00 M M 9.3 18 340 M M 5 30 330
10 76 68 72 -1 0 7 T M M 4.0 10 40 M M 4 M M
11 75 73 74 1 0 9 T M M 5.2 12 90 M M 1 22 90
12 M M M M M M 0.00 M M 9.5 17 250 M M 4 32 230
13 82 73 78 4 0 13 T M M 6.1 16 220 M M 3 16 200
14 83 73 78 4 0 13 0.02 M M 7.8 12 220 M M 6 M M
15 87 75 81 7 0 16 0.00 M M 11.2 17 220 M M 4 25 230
16 88 76 82 8 0 17 0.00 M M 7.2 16 210 M M 2 21 220
17 86 75 81 7 0 16 0.00 M M 5.9 12 190 M M 4 M M
18 M M M M M M 0.00 M M 3.7 12 110 M M 5 17 140
19 79 77 78 4 0 13 0.00 M M 5.3 10 220 M M 1 M M
20 80 73 77 3 0 12 T M M 7.5 16 80 M M 5 26 80
21 85 76 81 7 0 16 T M M 10.7 15 90 M M 7 26 70
22 87 74 81 7 0 16 0.48 M M 4.0 10 40 M M 8 16 90
23 81 75 78 4 0 13 0.36 M M 5.3 10 120 M M 6 3 M M
24 81 74 78 4 0 13 0.01 M M 5.4 13 70 M M 5 M M
25 82 77 80 6 0 15 0.00 M M 9.1 13 90 M M 5 23 100
26 M M M M M M 0.00 M M 9.3 15 60 M M 5 24 90
27 85 76 81 7 0 16 0.00 M M 3.9 10 40 M M 4 M M
28 87 75 81 7 0 16 0.33 M M 4.8 14 200 M M 5 22 130
29 86 75 81 7 0 16 0.57 M M 4.7 9 190 M M 8 18 21 190
30 90 76 83 9 0 18 0.03 M M 7.5 13 130 M M 6 21 130
31 85 76 81 7 0 16 0.00 M M 8.2 14 90 M M 6 24 90
================================================================================
SM 2138 1922 0 347 2.72 M 261.4 M 163
================================================================================
AV 82.2 73.9 8.4 FASTST M M 5 MAX(MPH)
MISC ----> 38 250 63 250
================================================================================
NOTES:
# LAST OF SEVERAL OCCURRENCES
COLUMN 17 PEAK WIND IN M.P.H.
PRELIMINARY LOCAL CLIMATOLOGICAL DATA (WS FORM: F-6) , PAGE 2
STATION: KANEOHE BAY MCAS HI
MONTH: MARCH
YEAR: 2023
LATITUDE: 21 25 N
LONGITUDE: 157 46 W
[TEMPERATURE DATA] [PRECIPITATION DATA] SYMBOLS USED IN COLUMN 16
AVERAGE MONTHLY: 78.1 TOTAL FOR MONTH: 2.72 1 = FOG OR MIST
DPTR FM NORMAL: 4.4 DPTR FM NORMAL: -0.90 2 = FOG REDUCING VISIBILITY
HIGHEST: 90 ON 30 GRTST 24HR 0.57 ON 29-29 TO 1/4 MILE OR LESS
LOWEST: 68 ON 10 3 = THUNDER
SNOW, ICE PELLETS, HAIL 4 = ICE PELLETS
TOTAL MONTH: M 5 = HAIL
GRTST 24HR M ON M 6 = FREEZING RAIN OR DRIZZLE
GRTST DEPTH: M ON M 7 = DUSTSTORM OR SANDSTORM:
VSBY 1/2 MILE OR LESS
8 = SMOKE OR HAZE
[NO. OF DAYS WITH] [WEATHER - DAYS WITH] 9 = BLOWING SNOW
X = TORNADO
MAX 32 OR BELOW: 0 0.01 INCH OR MORE: 14
MAX 90 OR ABOVE: 1 0.10 INCH OR MORE: 7
MIN 32 OR BELOW: 0 0.50 INCH OR MORE: 1
MIN 0 OR BELOW: 0 1.00 INCH OR MORE: 0
[HDD (BASE 65) ]
TOTAL THIS MO. 0 CLEAR (SCALE 0-3) 4
DPTR FM NORMAL 0 PTCLDY (SCALE 4-7) 26
TOTAL FM JUL 1 0 CLOUDY (SCALE 8-10) 1
DPTR FM NORMAL 0
[CDD (BASE 65) ]
TOTAL THIS MO. 347
DPTR FM NORMAL 77 [PRESSURE DATA]
TOTAL FM JAN 1 867 HIGHEST SLP M ON M
DPTR FM NORMAL 109 LOWEST SLP 31.99 ON 1
[REMARKS]
#FINAL-03-23#