000
CXUS56 KMTR 010900
CF6OAK
PRELIMINARY LOCAL CLIMATOLOGICAL DATA (WS FORM: F-6)
STATION: OAKLAND AIRPORT
MONTH: MARCH
YEAR: 2022
LATITUDE: 37 43 N
LONGITUDE: 122 13 W
TEMPERATURE IN F: :PCPN: SNOW: WIND :SUNSHINE: SKY :PK WND
================================================================================
1 2 3 4 5 6A 6B 7 8 9 10 11 12 13 14 15 16 17 18
12Z AVG MX 2MIN
DY MAX MIN AVG DEP HDD CDD WTR SNW DPTH SPD SPD DIR MIN PSBL S-S WX SPD DR
================================================================================
1 65 43 54 0 11 0 0.00 M M 5.8 13 270 M M 5 1 16 260
2 66 48 57 3 8 0 0.00 M M 4.2 13 270 M M 8 12 18 260
3 57 47 52 -2 13 0 0.04 M M 3.9 10 290 M M 9 13 13 270
4 59 46 53 -1 12 0 0.05 M M 14.9 41 280 M M 6 1 51 280
5 58 41 50 -4 15 0 T M M 10.4 23 290 M M 3 27 300
6 59 39 49 -5 16 0 0.00 M M 7.2 18 270 M M 1 22 260
7 70 37 54 0 11 0 0.00 M M 5.6 16 40 M M 2 1 22 50
8 70 40 55 1 10 0 0.00 M M 5.5 16 280 M M 1 21 260
9 64 42 53 -2 12 0 0.00 M M 7.6 18 280 M M 1 22 280
10 68 41 55 0 10 0 0.00 M M 6.6 20 300 M M 0 1 26 300
11 69 38 54 -1 11 0 0.00 M M 5.3 16 290 M M 1 8 19 290
12 60 39 50 -5 15 0 0.01 M M 8.1 24 280 M M 4 1 28 280
13 62 49 56 1 9 0 0.03 M M 9.2 16 270 M M 7 1 27 280
14 66 41 54 -1 11 0 0.00 M M 5.5 17 290 M M 6 22 290
15 64 51 58 3 7 0 0.12 M M 8.4 18 270 M M 8 1 21 270
16 64 45 55 0 10 0 0.00 M M 7.5 18 290 M M 2 23 280
17 60 48 54 -1 11 0 0.00 M M 8.4 16 280 M M 5 21 280
18 67 43 55 0 10 0 0.00 M M 7.0 21 280 M M 4 25 270
19 58 50 54 -1 11 0 0.01 M M 9.1 16 300 M M 8 23 310
20 64 45 55 0 10 0 0.00 M M 10.8 21 270 M M 1 24 260
21 66 44 55 0 10 0 0.00 M M 5.0 15 280 M M 2 17 290
22 78 48 63 7 2 0 0.00 M M 6.2 15 290 M M 0 19 260
23 61 48 55 -1 10 0 0.00 M M 9.5 18 280 M M 4 22 300
24 61 45 53 -3 12 0 0.00 M M 8.7 22 280 M M 5 25 280
25 61 48 55 -1 10 0 0.00 M M 9.8 18 280 M M 6 1 22 270
26 64 42 53 -3 12 0 0.00 M M 7.9 15 270 M M 3 21 250
27 65 50 58 2 7 0 0.16 M M 11.3 28 190 M M 8 32 190
28 63 49 56 0 9 0 0.20 M M 10.4 24 120 M M 6 1 30 120
29 59 51 55 -1 10 0 T M M 10.6 21 270 M M 9 29 240
30 59 50 55 -1 10 0 0.00 M M 14.1 23 280 M M 9 8 29 250
31 64 47 56 0 9 0 0.00 M M 6.1 17 270 M M 6 20 260
================================================================================
SM 1971 1395 324 0 0.62 M 250.6 M 140
================================================================================
AV 63.6 45.0 8.1 FASTST M M 5 MAX(MPH)
MISC ----> 41 280 51 280
================================================================================
NOTES:
# LAST OF SEVERAL OCCURRENCES
COLUMN 17 PEAK WIND IN M.P.H.
PRELIMINARY LOCAL CLIMATOLOGICAL DATA (WS FORM: F-6) , PAGE 2
STATION: OAKLAND AIRPORT
MONTH: MARCH
YEAR: 2022
LATITUDE: 37 43 N
LONGITUDE: 122 13 W
[TEMPERATURE DATA] [PRECIPITATION DATA] SYMBOLS USED IN COLUMN 16
AVERAGE MONTHLY: 54.3 TOTAL FOR MONTH: 0.62 1 = FOG OR MIST
DPTR FM NORMAL: -0.8 DPTR FM NORMAL: -2.09 2 = FOG REDUCING VISIBILITY
HIGHEST: 78 ON 22 GRTST 24HR 0.36 ON 27-28 TO 1/4 MILE OR LESS
LOWEST: 37 ON 7 3 = THUNDER
SNOW, ICE PELLETS, HAIL 4 = ICE PELLETS
TOTAL MONTH: M 5 = HAIL
GRTST 24HR M ON M 6 = FREEZING RAIN OR DRIZZLE
GRTST DEPTH: M ON M 7 = DUSTSTORM OR SANDSTORM:
VSBY 1/2 MILE OR LESS
8 = SMOKE OR HAZE
[NO. OF DAYS WITH] [WEATHER - DAYS WITH] 9 = BLOWING SNOW
X = TORNADO
MAX 32 OR BELOW: 0 0.01 INCH OR MORE: 8
MAX 90 OR ABOVE: 0 0.10 INCH OR MORE: 3
MIN 32 OR BELOW: 0 0.50 INCH OR MORE: 0
MIN 0 OR BELOW: 0 1.00 INCH OR MORE: 0
[HDD (BASE 65) ]
TOTAL THIS MO. 324 CLEAR (SCALE 0-3) 12
DPTR FM NORMAL 15 PTCLDY (SCALE 4-7) 14
TOTAL FM JUL 1 1999 CLOUDY (SCALE 8-10) 5
DPTR FM NORMAL -196
[CDD (BASE 65) ]
TOTAL THIS MO. 0
DPTR FM NORMAL -1 [PRESSURE DATA]
TOTAL FM JAN 1 0 HIGHEST SLP M ON M
DPTR FM NORMAL -1 LOWEST SLP 29.66 ON 27
[REMARKS]
#FINAL-03-22#